{"version":"1.0","provider_name":"Conselho da Di\u00e1spora Portuguesa","provider_url":"https:\/\/www.diasporaportuguesa.org\/en\/","title":"Encontro Anual 2025 | 18 de Dezembro - Conselho da Di\u00e1spora Portuguesa","type":"rich","width":600,"height":338,"html":"<blockquote class=\"wp-embedded-content\" data-secret=\"1xaAzjcZjA\"><a href=\"https:\/\/www.diasporaportuguesa.org\/en\/media\/encontro-anual-2025-18-de-dezembro\/\">Encontro Anual 2025 | 18 de Dezembro<\/a><\/blockquote><iframe sandbox=\"allow-scripts\" security=\"restricted\" src=\"https:\/\/www.diasporaportuguesa.org\/en\/media\/encontro-anual-2025-18-de-dezembro\/embed\/#?secret=1xaAzjcZjA\" width=\"600\" height=\"338\" title=\"&#8220;Encontro Anual 2025 | 18 de Dezembro&#8221; &#8212; Conselho da Di\u00e1spora Portuguesa\" data-secret=\"1xaAzjcZjA\" frameborder=\"0\" marginwidth=\"0\" marginheight=\"0\" scrolling=\"no\" class=\"wp-embedded-content\"><\/iframe><script type=\"text\/javascript\">\n\/*! This file is auto-generated *\/\n!function(c,d){\"use strict\";var e=!1,o=!1;if(d.querySelector)if(c.addEventListener)e=!0;if(c.wp=c.wp||{},c.wp.receiveEmbedMessage);else if(c.wp.receiveEmbedMessage=function(e){var t=e.data;if(!t);else if(!(t.secret||t.message||t.value));else if(\/[^a-zA-Z0-9]\/.test(t.secret));else{for(var r,s,a,i=d.querySelectorAll('iframe[data-secret=\"'+t.secret+'\"]'),n=d.querySelectorAll('blockquote[data-secret=\"'+t.secret+'\"]'),o=new RegExp(\"^https?:$\",\"i\"),l=0;l<n.length;l++)n[l].style.display=\"none\";for(l=0;l<i.length;l++)if(r=i[l],e.source!==r.contentWindow);else{if(r.removeAttribute(\"style\"),\"height\"===t.message){if(1e3<(s=parseInt(t.value,10)))s=1e3;else if(~~s<200)s=200;r.height=s}if(\"link\"===t.message)if(s=d.createElement(\"a\"),a=d.createElement(\"a\"),s.href=r.getAttribute(\"src\"),a.href=t.value,!o.test(a.protocol));else if(a.host===s.host)if(d.activeElement===r)c.top.location.href=t.value}}},e)c.addEventListener(\"message\",c.wp.receiveEmbedMessage,!1),d.addEventListener(\"DOMContentLoaded\",t,!1),c.addEventListener(\"load\",t,!1);function t(){if(o);else{o=!0;for(var e,t,r,s=-1!==navigator.appVersion.indexOf(\"MSIE 10\"),a=!!navigator.userAgent.match(\/Trident.*rv:11\\.\/),i=d.querySelectorAll(\"iframe.wp-embedded-content\"),n=0;n<i.length;n++){if(!(r=(t=i[n]).getAttribute(\"data-secret\")))r=Math.random().toString(36).substr(2,10),t.src+=\"#?secret=\"+r,t.setAttribute(\"data-secret\",r);if(s||a)(e=t.cloneNode(!0)).removeAttribute(\"security\"),t.parentNode.replaceChild(e,t);t.contentWindow.postMessage({message:\"ready\",secret:r},\"*\")}}}}(window,document);\n<\/script>\n","thumbnail_url":"https:\/\/www.diasporaportuguesa.org\/wp-content\/uploads\/2025\/12\/EncontroAnual_CDP_18Dez_0127-2-scaled.jpg","thumbnail_width":2560,"thumbnail_height":1707,"description":"Consulte as imagens do 2.\u00ba dia do Encontro Anual do Conselho da Di\u00e1spora Portuguesa, realizado no dia 18 de dezembro, na Sala Cantanhade do Hotel Pestana Cidadela Cascais, que contou com a presen\u00e7a de S. Exa. o Presidente da Rep\u00fablica Portuguesa. O evento terminou com um almo\u00e7o no Pal\u00e1cio da Cidadela de Cascais."}

Conselho da Diáspora Portuguesa

Encontro Anual 2025 | 18 de Dezembro - Conselho da Diáspora Portuguesa

<blockquote class="wp-embedded-content" data-secret="1xaAzjcZjA"><a href="https://www.diasporaportuguesa.org/en/media/encontro-anual-2025-18-de-dezembro/">Encontro Anual 2025 | 18 de Dezembro</a></blockquote><iframe sandbox="allow-scripts" security="restricted" src="https://www.diasporaportuguesa.org/en/media/encontro-anual-2025-18-de-dezembro/embed/#?secret=1xaAzjcZjA" width="600" height="338" title="&#8220;Encontro Anual 2025 | 18 de Dezembro&#8221; &#8212; Conselho da Diáspora Portuguesa" data-secret="1xaAzjcZjA" frameborder="0" marginwidth="0" marginheight="0" scrolling="no" class="wp-embedded-content"></iframe><script type="text/javascript">
/*! This file is auto-generated */
!function(c,d){"use strict";var e=!1,o=!1;if(d.querySelector)if(c.addEventListener)e=!0;if(c.wp=c.wp||{},c.wp.receiveEmbedMessage);else if(c.wp.receiveEmbedMessage=function(e){var t=e.data;if(!t);else if(!(t.secret||t.message||t.value));else if(/[^a-zA-Z0-9]/.test(t.secret));else{for(var r,s,a,i=d.querySelectorAll('iframe[data-secret="'+t.secret+'"]'),n=d.querySelectorAll('blockquote[data-secret="'+t.secret+'"]'),o=new RegExp("^https?:$","i"),l=0;l<n.length;l++)n[l].style.display="none";for(l=0;l<i.length;l++)if(r=i[l],e.source!==r.contentWindow);else{if(r.removeAttribute("style"),"height"===t.message){if(1e3<(s=parseInt(t.value,10)))s=1e3;else if(~~s<200)s=200;r.height=s}if("link"===t.message)if(s=d.createElement("a"),a=d.createElement("a"),s.href=r.getAttribute("src"),a.href=t.value,!o.test(a.protocol));else if(a.host===s.host)if(d.activeElement===r)c.top.location.href=t.value}}},e)c.addEventListener("message",c.wp.receiveEmbedMessage,!1),d.addEventListener("DOMContentLoaded",t,!1),c.addEventListener("load",t,!1);function t(){if(o);else{o=!0;for(var e,t,r,s=-1!==navigator.appVersion.indexOf("MSIE 10"),a=!!navigator.userAgent.match(/Trident.*rv:11\./),i=d.querySelectorAll("iframe.wp-embedded-content"),n=0;n<i.length;n++){if(!(r=(t=i[n]).getAttribute("data-secret")))r=Math.random().toString(36).substr(2,10),t.src+="#?secret="+r,t.setAttribute("data-secret",r);if(s||a)(e=t.cloneNode(!0)).removeAttribute("security"),t.parentNode.replaceChild(e,t);t.contentWindow.postMessage({message:"ready",secret:r},"*")}}}}(window,document);
</script>

Consulte as imagens do 2.º dia do Encontro Anual do Conselho da Diáspora Portuguesa, realizado no dia 18 de dezembro, na Sala Cantanhade do Hotel Pestana Cidadela Cascais, que contou com a presença de S. Exa. o Presidente da República Portuguesa. O evento terminou com um almoço no Palácio da Cidadela de Cascais.
