{"version":"1.0","provider_name":"Conselho da Di\u00e1spora Portuguesa","provider_url":"https:\/\/www.diasporaportuguesa.org\/en\/","title":"Launch of the LUSO LAB Podcast | S01 E01 - Jos\u00e9 Manuel Dur\u00e3o Barroso - Conselho da Di\u00e1spora Portuguesa","type":"rich","width":600,"height":338,"html":"<blockquote class=\"wp-embedded-content\" data-secret=\"6bd8XH24F7\"><a href=\"https:\/\/www.diasporaportuguesa.org\/en\/news\/luso-lab-jose-manuel-durao-barroso\/\">Launch of the LUSO LAB Podcast | S01 E01 &#8211; Jos\u00e9 Manuel Dur\u00e3o Barroso<\/a><\/blockquote><iframe sandbox=\"allow-scripts\" security=\"restricted\" src=\"https:\/\/www.diasporaportuguesa.org\/en\/news\/luso-lab-jose-manuel-durao-barroso\/embed\/#?secret=6bd8XH24F7\" width=\"600\" height=\"338\" title=\"&#8220;Launch of the LUSO LAB Podcast | S01 E01 &#8211; Jos\u00e9 Manuel Dur\u00e3o Barroso&#8221; &#8212; Conselho da Di\u00e1spora Portuguesa\" data-secret=\"6bd8XH24F7\" frameborder=\"0\" marginwidth=\"0\" marginheight=\"0\" scrolling=\"no\" class=\"wp-embedded-content\"><\/iframe><script type=\"text\/javascript\">\n\/*! This file is auto-generated *\/\n!function(c,d){\"use strict\";var e=!1,o=!1;if(d.querySelector)if(c.addEventListener)e=!0;if(c.wp=c.wp||{},c.wp.receiveEmbedMessage);else if(c.wp.receiveEmbedMessage=function(e){var t=e.data;if(!t);else if(!(t.secret||t.message||t.value));else if(\/[^a-zA-Z0-9]\/.test(t.secret));else{for(var r,s,a,i=d.querySelectorAll('iframe[data-secret=\"'+t.secret+'\"]'),n=d.querySelectorAll('blockquote[data-secret=\"'+t.secret+'\"]'),o=new RegExp(\"^https?:$\",\"i\"),l=0;l<n.length;l++)n[l].style.display=\"none\";for(l=0;l<i.length;l++)if(r=i[l],e.source!==r.contentWindow);else{if(r.removeAttribute(\"style\"),\"height\"===t.message){if(1e3<(s=parseInt(t.value,10)))s=1e3;else if(~~s<200)s=200;r.height=s}if(\"link\"===t.message)if(s=d.createElement(\"a\"),a=d.createElement(\"a\"),s.href=r.getAttribute(\"src\"),a.href=t.value,!o.test(a.protocol));else if(a.host===s.host)if(d.activeElement===r)c.top.location.href=t.value}}},e)c.addEventListener(\"message\",c.wp.receiveEmbedMessage,!1),d.addEventListener(\"DOMContentLoaded\",t,!1),c.addEventListener(\"load\",t,!1);function t(){if(o);else{o=!0;for(var e,t,r,s=-1!==navigator.appVersion.indexOf(\"MSIE 10\"),a=!!navigator.userAgent.match(\/Trident.*rv:11\\.\/),i=d.querySelectorAll(\"iframe.wp-embedded-content\"),n=0;n<i.length;n++){if(!(r=(t=i[n]).getAttribute(\"data-secret\")))r=Math.random().toString(36).substr(2,10),t.src+=\"#?secret=\"+r,t.setAttribute(\"data-secret\",r);if(s||a)(e=t.cloneNode(!0)).removeAttribute(\"security\"),t.parentNode.replaceChild(e,t);t.contentWindow.postMessage({message:\"ready\",secret:r},\"*\")}}}}(window,document);\n<\/script>\n","thumbnail_url":"https:\/\/www.diasporaportuguesa.org\/wp-content\/uploads\/2025\/01\/4.jpg","thumbnail_width":1080,"thumbnail_height":1080,"description":"Conceived as a laboratory of ideas and experiences, LUSO LAB is the new project of the Young Diaspora of the Portuguese Diaspora Council in podcast format, where the successes of Portuguese individuals abroad are analyzed, and ways to bring these achievements back to Portugal are explored."}

Conselho da Diáspora Portuguesa

Launch of the LUSO LAB Podcast | S01 E01 - José Manuel Durão Barroso - Conselho da Diáspora Portuguesa

<blockquote class="wp-embedded-content" data-secret="6bd8XH24F7"><a href="https://www.diasporaportuguesa.org/en/news/luso-lab-jose-manuel-durao-barroso/">Launch of the LUSO LAB Podcast | S01 E01 &#8211; José Manuel Durão Barroso</a></blockquote><iframe sandbox="allow-scripts" security="restricted" src="https://www.diasporaportuguesa.org/en/news/luso-lab-jose-manuel-durao-barroso/embed/#?secret=6bd8XH24F7" width="600" height="338" title="&#8220;Launch of the LUSO LAB Podcast | S01 E01 &#8211; José Manuel Durão Barroso&#8221; &#8212; Conselho da Diáspora Portuguesa" data-secret="6bd8XH24F7" frameborder="0" marginwidth="0" marginheight="0" scrolling="no" class="wp-embedded-content"></iframe><script type="text/javascript">
/*! This file is auto-generated */
!function(c,d){"use strict";var e=!1,o=!1;if(d.querySelector)if(c.addEventListener)e=!0;if(c.wp=c.wp||{},c.wp.receiveEmbedMessage);else if(c.wp.receiveEmbedMessage=function(e){var t=e.data;if(!t);else if(!(t.secret||t.message||t.value));else if(/[^a-zA-Z0-9]/.test(t.secret));else{for(var r,s,a,i=d.querySelectorAll('iframe[data-secret="'+t.secret+'"]'),n=d.querySelectorAll('blockquote[data-secret="'+t.secret+'"]'),o=new RegExp("^https?:$","i"),l=0;l<n.length;l++)n[l].style.display="none";for(l=0;l<i.length;l++)if(r=i[l],e.source!==r.contentWindow);else{if(r.removeAttribute("style"),"height"===t.message){if(1e3<(s=parseInt(t.value,10)))s=1e3;else if(~~s<200)s=200;r.height=s}if("link"===t.message)if(s=d.createElement("a"),a=d.createElement("a"),s.href=r.getAttribute("src"),a.href=t.value,!o.test(a.protocol));else if(a.host===s.host)if(d.activeElement===r)c.top.location.href=t.value}}},e)c.addEventListener("message",c.wp.receiveEmbedMessage,!1),d.addEventListener("DOMContentLoaded",t,!1),c.addEventListener("load",t,!1);function t(){if(o);else{o=!0;for(var e,t,r,s=-1!==navigator.appVersion.indexOf("MSIE 10"),a=!!navigator.userAgent.match(/Trident.*rv:11\./),i=d.querySelectorAll("iframe.wp-embedded-content"),n=0;n<i.length;n++){if(!(r=(t=i[n]).getAttribute("data-secret")))r=Math.random().toString(36).substr(2,10),t.src+="#?secret="+r,t.setAttribute("data-secret",r);if(s||a)(e=t.cloneNode(!0)).removeAttribute("security"),t.parentNode.replaceChild(e,t);t.contentWindow.postMessage({message:"ready",secret:r},"*")}}}}(window,document);
</script>
