{"id":26553,"date":"2025-12-19T16:06:53","date_gmt":"2025-12-19T16:06:53","guid":{"rendered":"https:\/\/www.diasporaportuguesa.org\/?post_type=media-area&#038;p=26553"},"modified":"2025-12-19T16:06:55","modified_gmt":"2025-12-19T16:06:55","slug":"encontro-anual-2025-18-de-dezembro","status":"publish","type":"media-area","link":"https:\/\/www.diasporaportuguesa.org\/en\/media\/encontro-anual-2025-18-de-dezembro\/","title":{"rendered":"Encontro Anual 2025 | 18 de Dezembro"},"content":{"rendered":"\n<p>Consulte as imagens do 2.\u00ba dia do Encontro Anual do Conselho da Di\u00e1spora Portuguesa, realizado no dia 18 de dezembro, na Sala Cantanhade do Hotel Pestana Cidadela Cascais, que contou com a presen\u00e7a de S. Exa. o Presidente da Rep\u00fablica Portuguesa. O evento terminou com um almo\u00e7o no Pal\u00e1cio da Cidadela de Cascais.<\/p>\n","protected":false},"excerpt":{"rendered":"Consulte as imagens do 2.\u00ba dia do Encontro Anual do Conselho da Di\u00e1spora Portuguesa, realizado no dia 18 de dezembro, na Sala Cantanhade do Hotel Pestana Cidadela Cascais, que contou com a presen\u00e7a de S. Exa. o Presidente da Rep\u00fablica Portuguesa. O evento terminou com um almo\u00e7o no Pal\u00e1cio da Cidadela de Cascais.","protected":false},"featured_media":26662,"template":"","meta":[],"tipo-conteudo":[],"acf":[],"yoast_head":"<!-- This site is optimized with the Yoast SEO plugin v21.3 - https:\/\/yoast.com\/wordpress\/plugins\/seo\/ -->\n<title>Encontro Anual 2025 | 18 de Dezembro - Conselho da Di\u00e1spora Portuguesa<\/title>\n<meta name=\"robots\" content=\"index, follow, max-snippet:-1, max-image-preview:large, max-video-preview:-1\" \/>\n<link rel=\"canonical\" href=\"https:\/\/www.diasporaportuguesa.org\/media\/encontro-anual-2025-18-de-dezembro\/\" \/>\n<meta property=\"og:locale\" content=\"en_US\" \/>\n<meta property=\"og:type\" content=\"article\" \/>\n<meta property=\"og:title\" content=\"Encontro Anual 2025 | 18 de Dezembro - Conselho da Di\u00e1spora Portuguesa\" \/>\n<meta property=\"og:description\" content=\"Consulte as imagens do 2.\u00ba dia do Encontro Anual do Conselho da Di\u00e1spora Portuguesa, realizado no dia 18 de dezembro, na Sala Cantanhade do Hotel Pestana Cidadela Cascais, que contou com a presen\u00e7a de S. Exa. o Presidente da Rep\u00fablica Portuguesa. O evento terminou com um almo\u00e7o no Pal\u00e1cio da Cidadela de Cascais.\" \/>\n<meta property=\"og:url\" content=\"https:\/\/www.diasporaportuguesa.org\/media\/encontro-anual-2025-18-de-dezembro\/\" \/>\n<meta property=\"og:site_name\" content=\"Conselho da Di\u00e1spora Portuguesa\" \/>\n<meta property=\"article:modified_time\" content=\"2025-12-19T16:06:55+00:00\" \/>\n<meta property=\"og:image\" content=\"https:\/\/www.diasporaportuguesa.org\/wp-content\/uploads\/2025\/12\/EncontroAnual_CDP_18Dez_0127-2-scaled.jpg\" \/>\n\t<meta property=\"og:image:width\" content=\"2560\" \/>\n\t<meta property=\"og:image:height\" content=\"1707\" \/>\n\t<meta property=\"og:image:type\" content=\"image\/jpeg\" \/>\n<meta name=\"twitter:card\" content=\"summary_large_image\" \/>\n<meta name=\"twitter:site\" content=\"@CdDiaspora\" \/>\n<meta name=\"twitter:label1\" content=\"Est. reading time\" \/>\n\t<meta name=\"twitter:data1\" content=\"1 minute\" \/>\n<script type=\"application\/ld+json\" class=\"yoast-schema-graph\">{\"@context\":\"https:\/\/schema.org\",\"@graph\":[{\"@type\":\"WebPage\",\"@id\":\"https:\/\/www.diasporaportuguesa.org\/media\/encontro-anual-2025-18-de-dezembro\/\",\"url\":\"https:\/\/www.diasporaportuguesa.org\/media\/encontro-anual-2025-18-de-dezembro\/\",\"name\":\"Encontro Anual 2025 | 18 de Dezembro - Conselho da Di\u00e1spora Portuguesa\",\"isPartOf\":{\"@id\":\"https:\/\/www.diasporaportuguesa.org\/#website\"},\"datePublished\":\"2025-12-19T16:06:53+00:00\",\"dateModified\":\"2025-12-19T16:06:55+00:00\",\"breadcrumb\":{\"@id\":\"https:\/\/www.diasporaportuguesa.org\/media\/encontro-anual-2025-18-de-dezembro\/#breadcrumb\"},\"inLanguage\":\"en-US\",\"potentialAction\":[{\"@type\":\"ReadAction\",\"target\":[\"https:\/\/www.diasporaportuguesa.org\/media\/encontro-anual-2025-18-de-dezembro\/\"]}]},{\"@type\":\"BreadcrumbList\",\"@id\":\"https:\/\/www.diasporaportuguesa.org\/media\/encontro-anual-2025-18-de-dezembro\/#breadcrumb\",\"itemListElement\":[{\"@type\":\"ListItem\",\"position\":1,\"name\":\"In\u00edcio\",\"item\":\"https:\/\/www.diasporaportuguesa.org\/en\/\"},{\"@type\":\"ListItem\",\"position\":2,\"name\":\"Media\",\"item\":\"https:\/\/www.diasporaportuguesa.org\/en\/media\/\"},{\"@type\":\"ListItem\",\"position\":3,\"name\":\"Encontro Anual 2025 | 18 de Dezembro\"}]},{\"@type\":\"WebSite\",\"@id\":\"https:\/\/www.diasporaportuguesa.org\/#website\",\"url\":\"https:\/\/www.diasporaportuguesa.org\/\",\"name\":\"Conselho da Di\u00e1spora Portuguesa\",\"description\":\"Conselho da Di\u00e1spora Portuguesa\",\"publisher\":{\"@id\":\"https:\/\/www.diasporaportuguesa.org\/#organization\"},\"potentialAction\":[{\"@type\":\"SearchAction\",\"target\":{\"@type\":\"EntryPoint\",\"urlTemplate\":\"https:\/\/www.diasporaportuguesa.org\/?s={search_term_string}\"},\"query-input\":\"required name=search_term_string\"}],\"inLanguage\":\"en-US\"},{\"@type\":\"Organization\",\"@id\":\"https:\/\/www.diasporaportuguesa.org\/#organization\",\"name\":\"Conselho da Di\u00e1spora Portuguesa\",\"url\":\"https:\/\/www.diasporaportuguesa.org\/\",\"logo\":{\"@type\":\"ImageObject\",\"inLanguage\":\"en-US\",\"@id\":\"https:\/\/www.diasporaportuguesa.org\/#\/schema\/logo\/image\/\",\"url\":\"https:\/\/www.diasporaportuguesa.org\/wp-content\/uploads\/2022\/11\/conselho-diaspora-portuguesa.png\",\"contentUrl\":\"https:\/\/www.diasporaportuguesa.org\/wp-content\/uploads\/2022\/11\/conselho-diaspora-portuguesa.png\",\"width\":735,\"height\":216,\"caption\":\"Conselho da Di\u00e1spora Portuguesa\"},\"image\":{\"@id\":\"https:\/\/www.diasporaportuguesa.org\/#\/schema\/logo\/image\/\"},\"sameAs\":[\"https:\/\/twitter.com\/CdDiaspora\",\"https:\/\/www.linkedin.com\/company\/conselho-da-diaspora-portuguesa\/\",\"https:\/\/www.youtube.com\/channel\/UCEI8qERhtqzV1UgdITBo6rw\/videos\"]}]}<\/script>\n<!-- \/ Yoast SEO plugin. -->","yoast_head_json":{"title":"Encontro Anual 2025 | 18 de Dezembro - Conselho da Di\u00e1spora Portuguesa","robots":{"index":"index","follow":"follow","max-snippet":"max-snippet:-1","max-image-preview":"max-image-preview:large","max-video-preview":"max-video-preview:-1"},"canonical":"https:\/\/www.diasporaportuguesa.org\/media\/encontro-anual-2025-18-de-dezembro\/","og_locale":"en_US","og_type":"article","og_title":"Encontro Anual 2025 | 18 de Dezembro - Conselho da Di\u00e1spora Portuguesa","og_description":"Consulte as imagens do 2.\u00ba dia do Encontro Anual do Conselho da Di\u00e1spora Portuguesa, realizado no dia 18 de dezembro, na Sala Cantanhade do Hotel Pestana Cidadela Cascais, que contou com a presen\u00e7a de S. Exa. o Presidente da Rep\u00fablica Portuguesa. O evento terminou com um almo\u00e7o no Pal\u00e1cio da Cidadela de Cascais.","og_url":"https:\/\/www.diasporaportuguesa.org\/media\/encontro-anual-2025-18-de-dezembro\/","og_site_name":"Conselho da Di\u00e1spora Portuguesa","article_modified_time":"2025-12-19T16:06:55+00:00","og_image":[{"width":2560,"height":1707,"url":"https:\/\/www.diasporaportuguesa.org\/wp-content\/uploads\/2025\/12\/EncontroAnual_CDP_18Dez_0127-2-scaled.jpg","type":"image\/jpeg"}],"twitter_card":"summary_large_image","twitter_site":"@CdDiaspora","twitter_misc":{"Est. reading time":"1 minute"},"schema":{"@context":"https:\/\/schema.org","@graph":[{"@type":"WebPage","@id":"https:\/\/www.diasporaportuguesa.org\/media\/encontro-anual-2025-18-de-dezembro\/","url":"https:\/\/www.diasporaportuguesa.org\/media\/encontro-anual-2025-18-de-dezembro\/","name":"Encontro Anual 2025 | 18 de Dezembro - Conselho da Di\u00e1spora Portuguesa","isPartOf":{"@id":"https:\/\/www.diasporaportuguesa.org\/#website"},"datePublished":"2025-12-19T16:06:53+00:00","dateModified":"2025-12-19T16:06:55+00:00","breadcrumb":{"@id":"https:\/\/www.diasporaportuguesa.org\/media\/encontro-anual-2025-18-de-dezembro\/#breadcrumb"},"inLanguage":"en-US","potentialAction":[{"@type":"ReadAction","target":["https:\/\/www.diasporaportuguesa.org\/media\/encontro-anual-2025-18-de-dezembro\/"]}]},{"@type":"BreadcrumbList","@id":"https:\/\/www.diasporaportuguesa.org\/media\/encontro-anual-2025-18-de-dezembro\/#breadcrumb","itemListElement":[{"@type":"ListItem","position":1,"name":"In\u00edcio","item":"https:\/\/www.diasporaportuguesa.org\/en\/"},{"@type":"ListItem","position":2,"name":"Media","item":"https:\/\/www.diasporaportuguesa.org\/en\/media\/"},{"@type":"ListItem","position":3,"name":"Encontro Anual 2025 | 18 de Dezembro"}]},{"@type":"WebSite","@id":"https:\/\/www.diasporaportuguesa.org\/#website","url":"https:\/\/www.diasporaportuguesa.org\/","name":"Conselho da Di\u00e1spora Portuguesa","description":"Conselho da Di\u00e1spora Portuguesa","publisher":{"@id":"https:\/\/www.diasporaportuguesa.org\/#organization"},"potentialAction":[{"@type":"SearchAction","target":{"@type":"EntryPoint","urlTemplate":"https:\/\/www.diasporaportuguesa.org\/?s={search_term_string}"},"query-input":"required name=search_term_string"}],"inLanguage":"en-US"},{"@type":"Organization","@id":"https:\/\/www.diasporaportuguesa.org\/#organization","name":"Conselho da Di\u00e1spora Portuguesa","url":"https:\/\/www.diasporaportuguesa.org\/","logo":{"@type":"ImageObject","inLanguage":"en-US","@id":"https:\/\/www.diasporaportuguesa.org\/#\/schema\/logo\/image\/","url":"https:\/\/www.diasporaportuguesa.org\/wp-content\/uploads\/2022\/11\/conselho-diaspora-portuguesa.png","contentUrl":"https:\/\/www.diasporaportuguesa.org\/wp-content\/uploads\/2022\/11\/conselho-diaspora-portuguesa.png","width":735,"height":216,"caption":"Conselho da Di\u00e1spora Portuguesa"},"image":{"@id":"https:\/\/www.diasporaportuguesa.org\/#\/schema\/logo\/image\/"},"sameAs":["https:\/\/twitter.com\/CdDiaspora","https:\/\/www.linkedin.com\/company\/conselho-da-diaspora-portuguesa\/","https:\/\/www.youtube.com\/channel\/UCEI8qERhtqzV1UgdITBo6rw\/videos"]}]}},"_links":{"self":[{"href":"https:\/\/www.diasporaportuguesa.org\/en\/wp-json\/wp\/v2\/media-area\/26553"}],"collection":[{"href":"https:\/\/www.diasporaportuguesa.org\/en\/wp-json\/wp\/v2\/media-area"}],"about":[{"href":"https:\/\/www.diasporaportuguesa.org\/en\/wp-json\/wp\/v2\/types\/media-area"}],"wp:featuredmedia":[{"embeddable":true,"href":"https:\/\/www.diasporaportuguesa.org\/en\/wp-json\/wp\/v2\/media\/26662"}],"wp:attachment":[{"href":"https:\/\/www.diasporaportuguesa.org\/en\/wp-json\/wp\/v2\/media?parent=26553"}],"wp:term":[{"taxonomy":"tipo-conteudo","embeddable":true,"href":"https:\/\/www.diasporaportuguesa.org\/en\/wp-json\/wp\/v2\/tipo-conteudo?post=26553"}],"curies":[{"name":"wp","href":"https:\/\/api.w.org\/{rel}","templated":true}]}}

<p>Consulte as imagens do 2.º dia do Encontro Anual do Conselho da Diáspora Portuguesa, realizado no dia 18 de dezembro, na Sala Cantanhade do Hotel Pestana Cidadela Cascais, que contou com a presença de S. Exa. o Presidente da República Portuguesa. O evento terminou com um almoço no Palácio da Cidadela de Cascais.</p>

Consulte as imagens do 2.º dia do Encontro Anual do Conselho da Diáspora Portuguesa, realizado no dia 18 de dezembro, na Sala Cantanhade do Hotel Pestana Cidadela Cascais, que contou com a presença de S. Exa. o Presidente da República Portuguesa. O evento terminou com um almoço no Palácio da Cidadela de Cascais.

<!-- This site is optimized with the Yoast SEO plugin v21.3 - https://yoast.com/wordpress/plugins/seo/ -->
<title>Encontro Anual 2025 | 18 de Dezembro - Conselho da Diáspora Portuguesa</title>
<meta name="robots" content="index, follow, max-snippet:-1, max-image-preview:large, max-video-preview:-1" />
<link rel="canonical" href="https://www.diasporaportuguesa.org/media/encontro-anual-2025-18-de-dezembro/" />
<meta property="og:locale" content="en_US" />
<meta property="og:type" content="article" />
<meta property="og:title" content="Encontro Anual 2025 | 18 de Dezembro - Conselho da Diáspora Portuguesa" />
<meta property="og:description" content="Consulte as imagens do 2.º dia do Encontro Anual do Conselho da Diáspora Portuguesa, realizado no dia 18 de dezembro, na Sala Cantanhade do Hotel Pestana Cidadela Cascais, que contou com a presença de S. Exa. o Presidente da República Portuguesa. O evento terminou com um almoço no Palácio da Cidadela de Cascais." />
<meta property="og:url" content="https://www.diasporaportuguesa.org/media/encontro-anual-2025-18-de-dezembro/" />
<meta property="og:site_name" content="Conselho da Diáspora Portuguesa" />
<meta property="article:modified_time" content="2025-12-19T16:06:55+00:00" />
<meta property="og:image" content="https://www.diasporaportuguesa.org/wp-content/uploads/2025/12/EncontroAnual_CDP_18Dez_0127-2-scaled.jpg" />
	<meta property="og:image:width" content="2560" />
	<meta property="og:image:height" content="1707" />
	<meta property="og:image:type" content="image/jpeg" />
<meta name="twitter:card" content="summary_large_image" />
<meta name="twitter:site" content="@CdDiaspora" />
<meta name="twitter:label1" content="Est. reading time" />
	<meta name="twitter:data1" content="1 minute" />
<script type="application/ld+json" class="yoast-schema-graph">{"@context":"https://schema.org","@graph":[{"@type":"WebPage","@id":"https://www.diasporaportuguesa.org/media/encontro-anual-2025-18-de-dezembro/","url":"https://www.diasporaportuguesa.org/media/encontro-anual-2025-18-de-dezembro/","name":"Encontro Anual 2025 | 18 de Dezembro - Conselho da Diáspora Portuguesa","isPartOf":{"@id":"https://www.diasporaportuguesa.org/#website"},"datePublished":"2025-12-19T16:06:53+00:00","dateModified":"2025-12-19T16:06:55+00:00","breadcrumb":{"@id":"https://www.diasporaportuguesa.org/media/encontro-anual-2025-18-de-dezembro/#breadcrumb"},"inLanguage":"en-US","potentialAction":[{"@type":"ReadAction","target":["https://www.diasporaportuguesa.org/media/encontro-anual-2025-18-de-dezembro/"]}]},{"@type":"BreadcrumbList","@id":"https://www.diasporaportuguesa.org/media/encontro-anual-2025-18-de-dezembro/#breadcrumb","itemListElement":[{"@type":"ListItem","position":1,"name":"Início","item":"https://www.diasporaportuguesa.org/en/"},{"@type":"ListItem","position":2,"name":"Media","item":"https://www.diasporaportuguesa.org/en/media/"},{"@type":"ListItem","position":3,"name":"Encontro Anual 2025 | 18 de Dezembro"}]},{"@type":"WebSite","@id":"https://www.diasporaportuguesa.org/#website","url":"https://www.diasporaportuguesa.org/","name":"Conselho da Diáspora Portuguesa","description":"Conselho da Diáspora Portuguesa","publisher":{"@id":"https://www.diasporaportuguesa.org/#organization"},"potentialAction":[{"@type":"SearchAction","target":{"@type":"EntryPoint","urlTemplate":"https://www.diasporaportuguesa.org/?s={search_term_string}"},"query-input":"required name=search_term_string"}],"inLanguage":"en-US"},{"@type":"Organization","@id":"https://www.diasporaportuguesa.org/#organization","name":"Conselho da Diáspora Portuguesa","url":"https://www.diasporaportuguesa.org/","logo":{"@type":"ImageObject","inLanguage":"en-US","@id":"https://www.diasporaportuguesa.org/#/schema/logo/image/","url":"https://www.diasporaportuguesa.org/wp-content/uploads/2022/11/conselho-diaspora-portuguesa.png","contentUrl":"https://www.diasporaportuguesa.org/wp-content/uploads/2022/11/conselho-diaspora-portuguesa.png","width":735,"height":216,"caption":"Conselho da Diáspora Portuguesa"},"image":{"@id":"https://www.diasporaportuguesa.org/#/schema/logo/image/"},"sameAs":["https://twitter.com/CdDiaspora","https://www.linkedin.com/company/conselho-da-diaspora-portuguesa/","https://www.youtube.com/channel/UCEI8qERhtqzV1UgdITBo6rw/videos"]}]}</script>
<!-- / Yoast SEO plugin. -->

Encontro Anual 2025 | 18 de Dezembro - Conselho da Diáspora Portuguesa

Conselho da Diáspora Portuguesa

Início
