{"id":12708,"date":"2022-12-30T11:47:34","date_gmt":"2022-12-30T11:47:34","guid":{"rendered":"https:\/\/www.diasporaportuguesa.org\/?post_type=perfis&#038;p=12708"},"modified":"2023-02-16T14:31:59","modified_gmt":"2023-02-16T14:31:59","slug":"david-lopes","status":"publish","type":"perfis","link":"https:\/\/www.diasporaportuguesa.org\/en\/perfil\/david-lopes\/","title":{"rendered":"David Lopes"},"content":{"rendered":"\n<p>David Lopes \u00e9 actualmente presidente da empresa Aeon Topvalu, uma empresa pertencente ao Grupo Aeon do Jap\u00e3o. Anteriormente, foi CEO e membro da direc\u00e7\u00e3o da Funda\u00e7\u00e3o Francisco Manuel dos Santos (FFMS), Administrador do Ocean\u00e1rio de Lisboa e consultor para a Daymon Worldwide, empresa l\u00edder mundial no desenvolvimento de marcas para o grande consumo.<\/p>\n\n\n\n<p>Licenciado em Organiza\u00e7\u00e3o e Gest\u00e3o de Empresas, liderou a \u00e1rea internacional da Daymon Worldwide, sendo respons\u00e1vel pelas \u2018joint ventures\u2019 internacionais, desenvolvimento do neg\u00f3cio e expans\u00e3o da Am\u00e9rica Latina, Europa, \u00c1sia, \u00c1frica e mercados emergentes.<\/p>\n\n\n\n<p>Foi anteriormente director-geral da Daymon Portugal durante tr\u00eas anos, sendo tamb\u00e9m respons\u00e1vel pela equipa que estabeleceu o p\u00f3lo que se viria a tornar a base da companhia norte-americana na Europa. Transitou desta fun\u00e7\u00e3o para exercer as fun\u00e7\u00f5es de CEO da Recheio Cash &amp; Carry, grossista Portugu\u00eas l\u00edder de mercado, antes de se juntar novamente \u00e0 Daymon na sua actual posi\u00e7\u00e3o.<\/p>\n\n\n\n<p>O seu percurso inclui tamb\u00e9m posi\u00e7\u00f5es de lideran\u00e7a na empresa Biedronka, na Pol\u00f3nia, do Grupo Jer\u00f3nimo Martins e na C\u00e2mara Municipal de Lisboa, tendo sido membro do Conselho de Administra\u00e7\u00e3o do Parque Expo, do Ocean\u00e1rio de Lisboa e da Funda\u00e7\u00e3o do Gil.<\/p>\n\n\n\n<p>\u00c9 um dos membros-fundadores do Conselho da Di\u00e1spora Portuguesa.<\/p>\n","protected":false},"author":1,"featured_media":12709,"template":"","meta":[],"grupo":[277],"acf":[],"yoast_head":"<!-- This site is optimized with the Yoast SEO plugin v21.3 - https:\/\/yoast.com\/wordpress\/plugins\/seo\/ -->\n<title>David Lopes - Conselho da Di\u00e1spora Portuguesa<\/title>\n<meta name=\"description\" content=\"Conhe\u00e7a o perfil de David Lopes.\" \/>\n<meta name=\"robots\" content=\"index, follow, max-snippet:-1, max-image-preview:large, max-video-preview:-1\" \/>\n<link rel=\"canonical\" href=\"https:\/\/www.diasporaportuguesa.org\/perfil\/david-lopes\/\" \/>\n<meta property=\"og:locale\" content=\"en_US\" \/>\n<meta property=\"og:type\" content=\"article\" \/>\n<meta property=\"og:title\" content=\"David Lopes - Conselho da Di\u00e1spora Portuguesa\" \/>\n<meta property=\"og:description\" content=\"Conhe\u00e7a o perfil de David Lopes.\" \/>\n<meta property=\"og:url\" content=\"https:\/\/www.diasporaportuguesa.org\/perfil\/david-lopes\/\" \/>\n<meta property=\"og:site_name\" content=\"Conselho da Di\u00e1spora Portuguesa\" \/>\n<meta property=\"article:modified_time\" content=\"2023-02-16T14:31:59+00:00\" \/>\n<meta property=\"og:image\" content=\"https:\/\/www.diasporaportuguesa.org\/wp-content\/uploads\/2022\/12\/djlnA-fg-1.jpeg\" \/>\n\t<meta property=\"og:image:width\" content=\"690\" \/>\n\t<meta property=\"og:image:height\" content=\"690\" \/>\n\t<meta property=\"og:image:type\" content=\"image\/jpeg\" \/>\n<meta name=\"twitter:card\" content=\"summary_large_image\" \/>\n<meta name=\"twitter:site\" content=\"@CdDiaspora\" \/>\n<meta name=\"twitter:label1\" content=\"Est. reading time\" \/>\n\t<meta name=\"twitter:data1\" content=\"2 minutes\" \/>\n<script type=\"application\/ld+json\" class=\"yoast-schema-graph\">{\"@context\":\"https:\/\/schema.org\",\"@graph\":[{\"@type\":\"WebPage\",\"@id\":\"https:\/\/www.diasporaportuguesa.org\/perfil\/david-lopes\/\",\"url\":\"https:\/\/www.diasporaportuguesa.org\/perfil\/david-lopes\/\",\"name\":\"David Lopes - Conselho da Di\u00e1spora Portuguesa\",\"isPartOf\":{\"@id\":\"https:\/\/www.diasporaportuguesa.org\/#website\"},\"datePublished\":\"2022-12-30T11:47:34+00:00\",\"dateModified\":\"2023-02-16T14:31:59+00:00\",\"description\":\"Conhe\u00e7a o perfil de David Lopes.\",\"breadcrumb\":{\"@id\":\"https:\/\/www.diasporaportuguesa.org\/perfil\/david-lopes\/#breadcrumb\"},\"inLanguage\":\"en-US\",\"potentialAction\":[{\"@type\":\"ReadAction\",\"target\":[\"https:\/\/www.diasporaportuguesa.org\/perfil\/david-lopes\/\"]}]},{\"@type\":\"BreadcrumbList\",\"@id\":\"https:\/\/www.diasporaportuguesa.org\/perfil\/david-lopes\/#breadcrumb\",\"itemListElement\":[{\"@type\":\"ListItem\",\"position\":1,\"name\":\"In\u00edcio\",\"item\":\"https:\/\/www.diasporaportuguesa.org\/en\/\"},{\"@type\":\"ListItem\",\"position\":2,\"name\":\"David Lopes\"}]},{\"@type\":\"WebSite\",\"@id\":\"https:\/\/www.diasporaportuguesa.org\/#website\",\"url\":\"https:\/\/www.diasporaportuguesa.org\/\",\"name\":\"Conselho da Di\u00e1spora Portuguesa\",\"description\":\"Conselho da Di\u00e1spora Portuguesa\",\"publisher\":{\"@id\":\"https:\/\/www.diasporaportuguesa.org\/#organization\"},\"potentialAction\":[{\"@type\":\"SearchAction\",\"target\":{\"@type\":\"EntryPoint\",\"urlTemplate\":\"https:\/\/www.diasporaportuguesa.org\/?s={search_term_string}\"},\"query-input\":\"required name=search_term_string\"}],\"inLanguage\":\"en-US\"},{\"@type\":\"Organization\",\"@id\":\"https:\/\/www.diasporaportuguesa.org\/#organization\",\"name\":\"Conselho da Di\u00e1spora Portuguesa\",\"url\":\"https:\/\/www.diasporaportuguesa.org\/\",\"logo\":{\"@type\":\"ImageObject\",\"inLanguage\":\"en-US\",\"@id\":\"https:\/\/www.diasporaportuguesa.org\/#\/schema\/logo\/image\/\",\"url\":\"https:\/\/www.diasporaportuguesa.org\/wp-content\/uploads\/2022\/11\/conselho-diaspora-portuguesa.png\",\"contentUrl\":\"https:\/\/www.diasporaportuguesa.org\/wp-content\/uploads\/2022\/11\/conselho-diaspora-portuguesa.png\",\"width\":735,\"height\":216,\"caption\":\"Conselho da Di\u00e1spora Portuguesa\"},\"image\":{\"@id\":\"https:\/\/www.diasporaportuguesa.org\/#\/schema\/logo\/image\/\"},\"sameAs\":[\"https:\/\/twitter.com\/CdDiaspora\",\"https:\/\/www.linkedin.com\/company\/conselho-da-diaspora-portuguesa\/\",\"https:\/\/www.youtube.com\/channel\/UCEI8qERhtqzV1UgdITBo6rw\/videos\"]}]}<\/script>\n<!-- \/ Yoast SEO plugin. -->","yoast_head_json":{"title":"David Lopes - Conselho da Di\u00e1spora Portuguesa","description":"Conhe\u00e7a o perfil de David Lopes.","robots":{"index":"index","follow":"follow","max-snippet":"max-snippet:-1","max-image-preview":"max-image-preview:large","max-video-preview":"max-video-preview:-1"},"canonical":"https:\/\/www.diasporaportuguesa.org\/perfil\/david-lopes\/","og_locale":"en_US","og_type":"article","og_title":"David Lopes - Conselho da Di\u00e1spora Portuguesa","og_description":"Conhe\u00e7a o perfil de David Lopes.","og_url":"https:\/\/www.diasporaportuguesa.org\/perfil\/david-lopes\/","og_site_name":"Conselho da Di\u00e1spora Portuguesa","article_modified_time":"2023-02-16T14:31:59+00:00","og_image":[{"width":690,"height":690,"url":"https:\/\/www.diasporaportuguesa.org\/wp-content\/uploads\/2022\/12\/djlnA-fg-1.jpeg","type":"image\/jpeg"}],"twitter_card":"summary_large_image","twitter_site":"@CdDiaspora","twitter_misc":{"Est. reading time":"2 minutes"},"schema":{"@context":"https:\/\/schema.org","@graph":[{"@type":"WebPage","@id":"https:\/\/www.diasporaportuguesa.org\/perfil\/david-lopes\/","url":"https:\/\/www.diasporaportuguesa.org\/perfil\/david-lopes\/","name":"David Lopes - Conselho da Di\u00e1spora Portuguesa","isPartOf":{"@id":"https:\/\/www.diasporaportuguesa.org\/#website"},"datePublished":"2022-12-30T11:47:34+00:00","dateModified":"2023-02-16T14:31:59+00:00","description":"Conhe\u00e7a o perfil de David Lopes.","breadcrumb":{"@id":"https:\/\/www.diasporaportuguesa.org\/perfil\/david-lopes\/#breadcrumb"},"inLanguage":"en-US","potentialAction":[{"@type":"ReadAction","target":["https:\/\/www.diasporaportuguesa.org\/perfil\/david-lopes\/"]}]},{"@type":"BreadcrumbList","@id":"https:\/\/www.diasporaportuguesa.org\/perfil\/david-lopes\/#breadcrumb","itemListElement":[{"@type":"ListItem","position":1,"name":"In\u00edcio","item":"https:\/\/www.diasporaportuguesa.org\/en\/"},{"@type":"ListItem","position":2,"name":"David Lopes"}]},{"@type":"WebSite","@id":"https:\/\/www.diasporaportuguesa.org\/#website","url":"https:\/\/www.diasporaportuguesa.org\/","name":"Conselho da Di\u00e1spora Portuguesa","description":"Conselho da Di\u00e1spora Portuguesa","publisher":{"@id":"https:\/\/www.diasporaportuguesa.org\/#organization"},"potentialAction":[{"@type":"SearchAction","target":{"@type":"EntryPoint","urlTemplate":"https:\/\/www.diasporaportuguesa.org\/?s={search_term_string}"},"query-input":"required name=search_term_string"}],"inLanguage":"en-US"},{"@type":"Organization","@id":"https:\/\/www.diasporaportuguesa.org\/#organization","name":"Conselho da Di\u00e1spora Portuguesa","url":"https:\/\/www.diasporaportuguesa.org\/","logo":{"@type":"ImageObject","inLanguage":"en-US","@id":"https:\/\/www.diasporaportuguesa.org\/#\/schema\/logo\/image\/","url":"https:\/\/www.diasporaportuguesa.org\/wp-content\/uploads\/2022\/11\/conselho-diaspora-portuguesa.png","contentUrl":"https:\/\/www.diasporaportuguesa.org\/wp-content\/uploads\/2022\/11\/conselho-diaspora-portuguesa.png","width":735,"height":216,"caption":"Conselho da Di\u00e1spora Portuguesa"},"image":{"@id":"https:\/\/www.diasporaportuguesa.org\/#\/schema\/logo\/image\/"},"sameAs":["https:\/\/twitter.com\/CdDiaspora","https:\/\/www.linkedin.com\/company\/conselho-da-diaspora-portuguesa\/","https:\/\/www.youtube.com\/channel\/UCEI8qERhtqzV1UgdITBo6rw\/videos"]}]}},"_links":{"self":[{"href":"https:\/\/www.diasporaportuguesa.org\/en\/wp-json\/wp\/v2\/perfis\/12708"}],"collection":[{"href":"https:\/\/www.diasporaportuguesa.org\/en\/wp-json\/wp\/v2\/perfis"}],"about":[{"href":"https:\/\/www.diasporaportuguesa.org\/en\/wp-json\/wp\/v2\/types\/perfis"}],"author":[{"embeddable":true,"href":"https:\/\/www.diasporaportuguesa.org\/en\/wp-json\/wp\/v2\/users\/1"}],"wp:featuredmedia":[{"embeddable":true,"href":"https:\/\/www.diasporaportuguesa.org\/en\/wp-json\/wp\/v2\/media\/12709"}],"wp:attachment":[{"href":"https:\/\/www.diasporaportuguesa.org\/en\/wp-json\/wp\/v2\/media?parent=12708"}],"wp:term":[{"taxonomy":"grupo","embeddable":true,"href":"https:\/\/www.diasporaportuguesa.org\/en\/wp-json\/wp\/v2\/grupo?post=12708"}],"curies":[{"name":"wp","href":"https:\/\/api.w.org\/{rel}","templated":true}]}}

<p>David Lopes é actualmente presidente da empresa Aeon Topvalu, uma empresa pertencente ao Grupo Aeon do Japão. Anteriormente, foi CEO e membro da direcção da Fundação Francisco Manuel dos Santos (FFMS), Administrador do Oceanário de Lisboa e consultor para a Daymon Worldwide, empresa líder mundial no desenvolvimento de marcas para o grande consumo.</p>



<p>Licenciado em Organização e Gestão de Empresas, liderou a área internacional da Daymon Worldwide, sendo responsável pelas ‘joint ventures’ internacionais, desenvolvimento do negócio e expansão da América Latina, Europa, Ásia, África e mercados emergentes.</p>



<p>Foi anteriormente director-geral da Daymon Portugal durante três anos, sendo também responsável pela equipa que estabeleceu o pólo que se viria a tornar a base da companhia norte-americana na Europa. Transitou desta função para exercer as funções de CEO da Recheio Cash &amp; Carry, grossista Português líder de mercado, antes de se juntar novamente à Daymon na sua actual posição.</p>



<p>O seu percurso inclui também posições de liderança na empresa Biedronka, na Polónia, do Grupo Jerónimo Martins e na Câmara Municipal de Lisboa, tendo sido membro do Conselho de Administração do Parque Expo, do Oceanário de Lisboa e da Fundação do Gil.</p>



<p>É um dos membros-fundadores do Conselho da Diáspora Portuguesa.</p>

<!-- This site is optimized with the Yoast SEO plugin v21.3 - https://yoast.com/wordpress/plugins/seo/ -->
<title>David Lopes - Conselho da Diáspora Portuguesa</title>
<meta name="description" content="Conheça o perfil de David Lopes." />
<meta name="robots" content="index, follow, max-snippet:-1, max-image-preview:large, max-video-preview:-1" />
<link rel="canonical" href="https://www.diasporaportuguesa.org/perfil/david-lopes/" />
<meta property="og:locale" content="en_US" />
<meta property="og:type" content="article" />
<meta property="og:title" content="David Lopes - Conselho da Diáspora Portuguesa" />
<meta property="og:description" content="Conheça o perfil de David Lopes." />
<meta property="og:url" content="https://www.diasporaportuguesa.org/perfil/david-lopes/" />
<meta property="og:site_name" content="Conselho da Diáspora Portuguesa" />
<meta property="article:modified_time" content="2023-02-16T14:31:59+00:00" />
<meta property="og:image" content="https://www.diasporaportuguesa.org/wp-content/uploads/2022/12/djlnA-fg-1.jpeg" />
	<meta property="og:image:width" content="690" />
	<meta property="og:image:height" content="690" />
	<meta property="og:image:type" content="image/jpeg" />
<meta name="twitter:card" content="summary_large_image" />
<meta name="twitter:site" content="@CdDiaspora" />
<meta name="twitter:label1" content="Est. reading time" />
	<meta name="twitter:data1" content="2 minutes" />
<script type="application/ld+json" class="yoast-schema-graph">{"@context":"https://schema.org","@graph":[{"@type":"WebPage","@id":"https://www.diasporaportuguesa.org/perfil/david-lopes/","url":"https://www.diasporaportuguesa.org/perfil/david-lopes/","name":"David Lopes - Conselho da Diáspora Portuguesa","isPartOf":{"@id":"https://www.diasporaportuguesa.org/#website"},"datePublished":"2022-12-30T11:47:34+00:00","dateModified":"2023-02-16T14:31:59+00:00","description":"Conheça o perfil de David Lopes.","breadcrumb":{"@id":"https://www.diasporaportuguesa.org/perfil/david-lopes/#breadcrumb"},"inLanguage":"en-US","potentialAction":[{"@type":"ReadAction","target":["https://www.diasporaportuguesa.org/perfil/david-lopes/"]}]},{"@type":"BreadcrumbList","@id":"https://www.diasporaportuguesa.org/perfil/david-lopes/#breadcrumb","itemListElement":[{"@type":"ListItem","position":1,"name":"Início","item":"https://www.diasporaportuguesa.org/en/"},{"@type":"ListItem","position":2,"name":"David Lopes"}]},{"@type":"WebSite","@id":"https://www.diasporaportuguesa.org/#website","url":"https://www.diasporaportuguesa.org/","name":"Conselho da Diáspora Portuguesa","description":"Conselho da Diáspora Portuguesa","publisher":{"@id":"https://www.diasporaportuguesa.org/#organization"},"potentialAction":[{"@type":"SearchAction","target":{"@type":"EntryPoint","urlTemplate":"https://www.diasporaportuguesa.org/?s={search_term_string}"},"query-input":"required name=search_term_string"}],"inLanguage":"en-US"},{"@type":"Organization","@id":"https://www.diasporaportuguesa.org/#organization","name":"Conselho da Diáspora Portuguesa","url":"https://www.diasporaportuguesa.org/","logo":{"@type":"ImageObject","inLanguage":"en-US","@id":"https://www.diasporaportuguesa.org/#/schema/logo/image/","url":"https://www.diasporaportuguesa.org/wp-content/uploads/2022/11/conselho-diaspora-portuguesa.png","contentUrl":"https://www.diasporaportuguesa.org/wp-content/uploads/2022/11/conselho-diaspora-portuguesa.png","width":735,"height":216,"caption":"Conselho da Diáspora Portuguesa"},"image":{"@id":"https://www.diasporaportuguesa.org/#/schema/logo/image/"},"sameAs":["https://twitter.com/CdDiaspora","https://www.linkedin.com/company/conselho-da-diaspora-portuguesa/","https://www.youtube.com/channel/UCEI8qERhtqzV1UgdITBo6rw/videos"]}]}</script>
<!-- / Yoast SEO plugin. -->

David Lopes - Conselho da Diáspora Portuguesa

Conheça o perfil de David Lopes.

Conselho da Diáspora Portuguesa

Início
