{"id":13102,"date":"2022-12-30T15:24:00","date_gmt":"2022-12-30T15:24:00","guid":{"rendered":"https:\/\/www.diasporaportuguesa.org\/perfil\/telma-teixeira-da-silva\/"},"modified":"2023-04-17T09:09:25","modified_gmt":"2023-04-17T09:09:25","slug":"telma-teixeira-da-silva","status":"publish","type":"perfis","link":"https:\/\/www.diasporaportuguesa.org\/en\/profile\/telma-teixeira-da-silva\/","title":{"rendered":"Telma Teixeira da Silva"},"content":{"rendered":"\n<p>Telma Teixeira da Silva is CEO and Content Director of Panav\u00eddeo MZ. She lives in Mozambique.<\/p>\n\n\n\n<p>She started her professional path as founding partner of Panav\u00eddeo Portugal, where she was manager, producer, journalist, TV programs\u2019 and advertising campaigns\u2019 content coordinator for more than 20 years, having been responsible for many documentaries about the life and work of many Portuguese eminent personalities. She designs and produces the first interactive TV program in Portugal, \u201cNoites Interaticas\u201d, and she also highlights in Discovery Channel. With the Director Ant\u00f3nio Pedro Vasconcelos she produces many documentaries for RTP, designing communication strategies and corporative channels that she implements for diverse clients.<\/p>\n\n\n\n<p>Telma Teixeira da Silva produces advertising campaigns and diverse contents in many companies such as McCann, BBDO, Accenture, Funda\u00e7\u00e3o Calouste Gulbenkian, TAP, UNICER, EDP, Galp, Renault, Montepio, Metropolitano de Lisboa, Di\u00e1rio de Not\u00edcias, and others. The company was awarded many times both national and internationally. She also participated in associative projects, becoming part of the ANJE National Council and as a Consultor for the European Communities Commission, Lisbon and Brussels.<\/p>\n\n\n\n<p>In Mozambique, she highlights as author and coordinator of TV and relevant documentary programs\u2019 production, and in the Turism area she produces series that are awarded internationally, \u201cPME+\u201d beat the hearings record and remained in the top for the exhibition months. She develops contents and supports \u201cpro bono\u201d many organizations including Funda\u00e7\u00e3o L-Vida\/Apoiar, Irm\u00e3s Mahotas, Funda\u00e7\u00e3o Fernando Leite Couto, Grupo de Dan\u00e7a Pr\u00edncipes e Princesas.<\/p>\n\n\n\n<p>In 2017, in a partnership with Casa do Agricultor of Grupo Tecap, she founds \u201cEscola do Agricultor\u201d in Mozambique, that gives actions for complete training to many parts of the country, covering the whole production chain and the access to the means \u2013 facilities and technical \u2013 required for the farmers. Promotes social, business and sector development, fighting simultaneously the malnutrition. After this project she creates the action Social Responsibility \u2013 Eu sou por Mo\u00e7ambique \u2013 that mobilizes the society, the market, inviting companies of many sectors, public entities and personalities to be part of this action, becoming Escola do Agricultor accessible to the whole Mozambican population, through a multi-platform composed by didactic contents, TV programs with emission in many channels, radio, digital means, counting with partnerships and supports in an institutional level and in diverse companies of the private sector.<\/p>\n\n\n\n<p>For Portugal she is designing and developing a multi-platform that includes a TV channel for tourism promotion in Portugal and in the world \u2013 Portugal LIVE. Telma Teixeira da Silva is graduated in Plastic Arts for ESBAL, and she as the dance course for the Lisbon National Conservatory, and she is manager for more than 30 years, journalist, photographer and entrepreneur. She integrated the Portuguese Diaspora Council in December 2017.<\/p>\n","protected":false},"author":1,"featured_media":14935,"template":"","meta":[],"grupo":[286,281],"acf":[],"yoast_head":"<!-- This site is optimized with the Yoast SEO plugin v21.3 - https:\/\/yoast.com\/wordpress\/plugins\/seo\/ -->\n<title>Telma Teixeira da Silva - Conselho da Di\u00e1spora Portuguesa<\/title>\n<meta name=\"description\" content=\"Get to know Telma Teixeira da Silva&#039;s profile.\" \/>\n<meta name=\"robots\" content=\"index, follow, max-snippet:-1, max-image-preview:large, max-video-preview:-1\" \/>\n<link rel=\"canonical\" href=\"https:\/\/www.diasporaportuguesa.org\/en\/profile\/telma-teixeira-da-silva\/\" \/>\n<meta property=\"og:locale\" content=\"en_US\" \/>\n<meta property=\"og:type\" content=\"article\" \/>\n<meta property=\"og:title\" content=\"Telma Teixeira da Silva - Conselho da Di\u00e1spora Portuguesa\" \/>\n<meta property=\"og:description\" content=\"Get to know Telma Teixeira da Silva&#039;s profile.\" \/>\n<meta property=\"og:url\" content=\"https:\/\/www.diasporaportuguesa.org\/en\/profile\/telma-teixeira-da-silva\/\" \/>\n<meta property=\"og:site_name\" content=\"Conselho da Di\u00e1spora Portuguesa\" \/>\n<meta property=\"article:modified_time\" content=\"2023-04-17T09:09:25+00:00\" \/>\n<meta property=\"og:image\" content=\"https:\/\/www.diasporaportuguesa.org\/wp-content\/uploads\/2022\/12\/Telma-Teixeira-da-Silva-e1675190355740.png\" \/>\n\t<meta property=\"og:image:width\" content=\"370\" \/>\n\t<meta property=\"og:image:height\" content=\"491\" \/>\n\t<meta property=\"og:image:type\" content=\"image\/png\" \/>\n<meta name=\"twitter:card\" content=\"summary_large_image\" \/>\n<meta name=\"twitter:site\" content=\"@CdDiaspora\" \/>\n<meta name=\"twitter:label1\" content=\"Est. reading time\" \/>\n\t<meta name=\"twitter:data1\" content=\"3 minutes\" \/>\n<script type=\"application\/ld+json\" class=\"yoast-schema-graph\">{\"@context\":\"https:\/\/schema.org\",\"@graph\":[{\"@type\":\"WebPage\",\"@id\":\"https:\/\/www.diasporaportuguesa.org\/en\/profile\/telma-teixeira-da-silva\/\",\"url\":\"https:\/\/www.diasporaportuguesa.org\/en\/profile\/telma-teixeira-da-silva\/\",\"name\":\"Telma Teixeira da Silva - Conselho da Di\u00e1spora Portuguesa\",\"isPartOf\":{\"@id\":\"https:\/\/www.diasporaportuguesa.org\/#website\"},\"datePublished\":\"2022-12-30T15:24:00+00:00\",\"dateModified\":\"2023-04-17T09:09:25+00:00\",\"description\":\"Get to know Telma Teixeira da Silva's profile.\",\"breadcrumb\":{\"@id\":\"https:\/\/www.diasporaportuguesa.org\/en\/profile\/telma-teixeira-da-silva\/#breadcrumb\"},\"inLanguage\":\"en-US\",\"potentialAction\":[{\"@type\":\"ReadAction\",\"target\":[\"https:\/\/www.diasporaportuguesa.org\/en\/profile\/telma-teixeira-da-silva\/\"]}]},{\"@type\":\"BreadcrumbList\",\"@id\":\"https:\/\/www.diasporaportuguesa.org\/en\/profile\/telma-teixeira-da-silva\/#breadcrumb\",\"itemListElement\":[{\"@type\":\"ListItem\",\"position\":1,\"name\":\"In\u00edcio\",\"item\":\"https:\/\/www.diasporaportuguesa.org\/en\/\"},{\"@type\":\"ListItem\",\"position\":2,\"name\":\"Telma Teixeira da Silva\"}]},{\"@type\":\"WebSite\",\"@id\":\"https:\/\/www.diasporaportuguesa.org\/#website\",\"url\":\"https:\/\/www.diasporaportuguesa.org\/\",\"name\":\"Conselho da Di\u00e1spora Portuguesa\",\"description\":\"Conselho da Di\u00e1spora Portuguesa\",\"publisher\":{\"@id\":\"https:\/\/www.diasporaportuguesa.org\/#organization\"},\"potentialAction\":[{\"@type\":\"SearchAction\",\"target\":{\"@type\":\"EntryPoint\",\"urlTemplate\":\"https:\/\/www.diasporaportuguesa.org\/?s={search_term_string}\"},\"query-input\":\"required name=search_term_string\"}],\"inLanguage\":\"en-US\"},{\"@type\":\"Organization\",\"@id\":\"https:\/\/www.diasporaportuguesa.org\/#organization\",\"name\":\"Conselho da Di\u00e1spora Portuguesa\",\"url\":\"https:\/\/www.diasporaportuguesa.org\/\",\"logo\":{\"@type\":\"ImageObject\",\"inLanguage\":\"en-US\",\"@id\":\"https:\/\/www.diasporaportuguesa.org\/#\/schema\/logo\/image\/\",\"url\":\"https:\/\/www.diasporaportuguesa.org\/wp-content\/uploads\/2022\/11\/conselho-diaspora-portuguesa.png\",\"contentUrl\":\"https:\/\/www.diasporaportuguesa.org\/wp-content\/uploads\/2022\/11\/conselho-diaspora-portuguesa.png\",\"width\":735,\"height\":216,\"caption\":\"Conselho da Di\u00e1spora Portuguesa\"},\"image\":{\"@id\":\"https:\/\/www.diasporaportuguesa.org\/#\/schema\/logo\/image\/\"},\"sameAs\":[\"https:\/\/twitter.com\/CdDiaspora\",\"https:\/\/www.linkedin.com\/company\/conselho-da-diaspora-portuguesa\/\",\"https:\/\/www.youtube.com\/channel\/UCEI8qERhtqzV1UgdITBo6rw\/videos\"]}]}<\/script>\n<!-- \/ Yoast SEO plugin. -->","yoast_head_json":{"title":"Telma Teixeira da Silva - Conselho da Di\u00e1spora Portuguesa","description":"Get to know Telma Teixeira da Silva's profile.","robots":{"index":"index","follow":"follow","max-snippet":"max-snippet:-1","max-image-preview":"max-image-preview:large","max-video-preview":"max-video-preview:-1"},"canonical":"https:\/\/www.diasporaportuguesa.org\/en\/profile\/telma-teixeira-da-silva\/","og_locale":"en_US","og_type":"article","og_title":"Telma Teixeira da Silva - Conselho da Di\u00e1spora Portuguesa","og_description":"Get to know Telma Teixeira da Silva's profile.","og_url":"https:\/\/www.diasporaportuguesa.org\/en\/profile\/telma-teixeira-da-silva\/","og_site_name":"Conselho da Di\u00e1spora Portuguesa","article_modified_time":"2023-04-17T09:09:25+00:00","og_image":[{"width":370,"height":491,"url":"https:\/\/www.diasporaportuguesa.org\/wp-content\/uploads\/2022\/12\/Telma-Teixeira-da-Silva-e1675190355740.png","type":"image\/png"}],"twitter_card":"summary_large_image","twitter_site":"@CdDiaspora","twitter_misc":{"Est. reading time":"3 minutes"},"schema":{"@context":"https:\/\/schema.org","@graph":[{"@type":"WebPage","@id":"https:\/\/www.diasporaportuguesa.org\/en\/profile\/telma-teixeira-da-silva\/","url":"https:\/\/www.diasporaportuguesa.org\/en\/profile\/telma-teixeira-da-silva\/","name":"Telma Teixeira da Silva - Conselho da Di\u00e1spora Portuguesa","isPartOf":{"@id":"https:\/\/www.diasporaportuguesa.org\/#website"},"datePublished":"2022-12-30T15:24:00+00:00","dateModified":"2023-04-17T09:09:25+00:00","description":"Get to know Telma Teixeira da Silva's profile.","breadcrumb":{"@id":"https:\/\/www.diasporaportuguesa.org\/en\/profile\/telma-teixeira-da-silva\/#breadcrumb"},"inLanguage":"en-US","potentialAction":[{"@type":"ReadAction","target":["https:\/\/www.diasporaportuguesa.org\/en\/profile\/telma-teixeira-da-silva\/"]}]},{"@type":"BreadcrumbList","@id":"https:\/\/www.diasporaportuguesa.org\/en\/profile\/telma-teixeira-da-silva\/#breadcrumb","itemListElement":[{"@type":"ListItem","position":1,"name":"In\u00edcio","item":"https:\/\/www.diasporaportuguesa.org\/en\/"},{"@type":"ListItem","position":2,"name":"Telma Teixeira da Silva"}]},{"@type":"WebSite","@id":"https:\/\/www.diasporaportuguesa.org\/#website","url":"https:\/\/www.diasporaportuguesa.org\/","name":"Conselho da Di\u00e1spora Portuguesa","description":"Conselho da Di\u00e1spora Portuguesa","publisher":{"@id":"https:\/\/www.diasporaportuguesa.org\/#organization"},"potentialAction":[{"@type":"SearchAction","target":{"@type":"EntryPoint","urlTemplate":"https:\/\/www.diasporaportuguesa.org\/?s={search_term_string}"},"query-input":"required name=search_term_string"}],"inLanguage":"en-US"},{"@type":"Organization","@id":"https:\/\/www.diasporaportuguesa.org\/#organization","name":"Conselho da Di\u00e1spora Portuguesa","url":"https:\/\/www.diasporaportuguesa.org\/","logo":{"@type":"ImageObject","inLanguage":"en-US","@id":"https:\/\/www.diasporaportuguesa.org\/#\/schema\/logo\/image\/","url":"https:\/\/www.diasporaportuguesa.org\/wp-content\/uploads\/2022\/11\/conselho-diaspora-portuguesa.png","contentUrl":"https:\/\/www.diasporaportuguesa.org\/wp-content\/uploads\/2022\/11\/conselho-diaspora-portuguesa.png","width":735,"height":216,"caption":"Conselho da Di\u00e1spora Portuguesa"},"image":{"@id":"https:\/\/www.diasporaportuguesa.org\/#\/schema\/logo\/image\/"},"sameAs":["https:\/\/twitter.com\/CdDiaspora","https:\/\/www.linkedin.com\/company\/conselho-da-diaspora-portuguesa\/","https:\/\/www.youtube.com\/channel\/UCEI8qERhtqzV1UgdITBo6rw\/videos"]}]}},"_links":{"self":[{"href":"https:\/\/www.diasporaportuguesa.org\/en\/wp-json\/wp\/v2\/perfis\/13102"}],"collection":[{"href":"https:\/\/www.diasporaportuguesa.org\/en\/wp-json\/wp\/v2\/perfis"}],"about":[{"href":"https:\/\/www.diasporaportuguesa.org\/en\/wp-json\/wp\/v2\/types\/perfis"}],"author":[{"embeddable":true,"href":"https:\/\/www.diasporaportuguesa.org\/en\/wp-json\/wp\/v2\/users\/1"}],"wp:featuredmedia":[{"embeddable":true,"href":"https:\/\/www.diasporaportuguesa.org\/en\/wp-json\/wp\/v2\/media\/14935"}],"wp:attachment":[{"href":"https:\/\/www.diasporaportuguesa.org\/en\/wp-json\/wp\/v2\/media?parent=13102"}],"wp:term":[{"taxonomy":"grupo","embeddable":true,"href":"https:\/\/www.diasporaportuguesa.org\/en\/wp-json\/wp\/v2\/grupo?post=13102"}],"curies":[{"name":"wp","href":"https:\/\/api.w.org\/{rel}","templated":true}]}}

<p>Telma Teixeira da Silva is CEO and Content Director of Panavídeo MZ. She lives in Mozambique.</p>



<p>She started her professional path as founding partner of Panavídeo Portugal, where she was manager, producer, journalist, TV programs’ and advertising campaigns’ content coordinator for more than 20 years, having been responsible for many documentaries about the life and work of many Portuguese eminent personalities. She designs and produces the first interactive TV program in Portugal, “Noites Interaticas”, and she also highlights in Discovery Channel. With the Director António Pedro Vasconcelos she produces many documentaries for RTP, designing communication strategies and corporative channels that she implements for diverse clients.</p>



<p>Telma Teixeira da Silva produces advertising campaigns and diverse contents in many companies such as McCann, BBDO, Accenture, Fundação Calouste Gulbenkian, TAP, UNICER, EDP, Galp, Renault, Montepio, Metropolitano de Lisboa, Diário de Notícias, and others. The company was awarded many times both national and internationally. She also participated in associative projects, becoming part of the ANJE National Council and as a Consultor for the European Communities Commission, Lisbon and Brussels.</p>



<p>In Mozambique, she highlights as author and coordinator of TV and relevant documentary programs’ production, and in the Turism area she produces series that are awarded internationally, “PME+” beat the hearings record and remained in the top for the exhibition months. She develops contents and supports “pro bono” many organizations including Fundação L-Vida/Apoiar, Irmãs Mahotas, Fundação Fernando Leite Couto, Grupo de Dança Príncipes e Princesas.</p>



<p>In 2017, in a partnership with Casa do Agricultor of Grupo Tecap, she founds “Escola do Agricultor” in Mozambique, that gives actions for complete training to many parts of the country, covering the whole production chain and the access to the means – facilities and technical – required for the farmers. Promotes social, business and sector development, fighting simultaneously the malnutrition. After this project she creates the action Social Responsibility – Eu sou por Moçambique – that mobilizes the society, the market, inviting companies of many sectors, public entities and personalities to be part of this action, becoming Escola do Agricultor accessible to the whole Mozambican population, through a multi-platform composed by didactic contents, TV programs with emission in many channels, radio, digital means, counting with partnerships and supports in an institutional level and in diverse companies of the private sector.</p>



<p>For Portugal she is designing and developing a multi-platform that includes a TV channel for tourism promotion in Portugal and in the world – Portugal LIVE. Telma Teixeira da Silva is graduated in Plastic Arts for ESBAL, and she as the dance course for the Lisbon National Conservatory, and she is manager for more than 30 years, journalist, photographer and entrepreneur. She integrated the Portuguese Diaspora Council in December 2017.</p>

<!-- This site is optimized with the Yoast SEO plugin v21.3 - https://yoast.com/wordpress/plugins/seo/ -->
<title>Telma Teixeira da Silva - Conselho da Diáspora Portuguesa</title>
<meta name="description" content="Get to know Telma Teixeira da Silva&#039;s profile." />
<meta name="robots" content="index, follow, max-snippet:-1, max-image-preview:large, max-video-preview:-1" />
<link rel="canonical" href="https://www.diasporaportuguesa.org/en/profile/telma-teixeira-da-silva/" />
<meta property="og:locale" content="en_US" />
<meta property="og:type" content="article" />
<meta property="og:title" content="Telma Teixeira da Silva - Conselho da Diáspora Portuguesa" />
<meta property="og:description" content="Get to know Telma Teixeira da Silva&#039;s profile." />
<meta property="og:url" content="https://www.diasporaportuguesa.org/en/profile/telma-teixeira-da-silva/" />
<meta property="og:site_name" content="Conselho da Diáspora Portuguesa" />
<meta property="article:modified_time" content="2023-04-17T09:09:25+00:00" />
<meta property="og:image" content="https://www.diasporaportuguesa.org/wp-content/uploads/2022/12/Telma-Teixeira-da-Silva-e1675190355740.png" />
	<meta property="og:image:width" content="370" />
	<meta property="og:image:height" content="491" />
	<meta property="og:image:type" content="image/png" />
<meta name="twitter:card" content="summary_large_image" />
<meta name="twitter:site" content="@CdDiaspora" />
<meta name="twitter:label1" content="Est. reading time" />
	<meta name="twitter:data1" content="3 minutes" />
<script type="application/ld+json" class="yoast-schema-graph">{"@context":"https://schema.org","@graph":[{"@type":"WebPage","@id":"https://www.diasporaportuguesa.org/en/profile/telma-teixeira-da-silva/","url":"https://www.diasporaportuguesa.org/en/profile/telma-teixeira-da-silva/","name":"Telma Teixeira da Silva - Conselho da Diáspora Portuguesa","isPartOf":{"@id":"https://www.diasporaportuguesa.org/#website"},"datePublished":"2022-12-30T15:24:00+00:00","dateModified":"2023-04-17T09:09:25+00:00","description":"Get to know Telma Teixeira da Silva's profile.","breadcrumb":{"@id":"https://www.diasporaportuguesa.org/en/profile/telma-teixeira-da-silva/#breadcrumb"},"inLanguage":"en-US","potentialAction":[{"@type":"ReadAction","target":["https://www.diasporaportuguesa.org/en/profile/telma-teixeira-da-silva/"]}]},{"@type":"BreadcrumbList","@id":"https://www.diasporaportuguesa.org/en/profile/telma-teixeira-da-silva/#breadcrumb","itemListElement":[{"@type":"ListItem","position":1,"name":"Início","item":"https://www.diasporaportuguesa.org/en/"},{"@type":"ListItem","position":2,"name":"Telma Teixeira da Silva"}]},{"@type":"WebSite","@id":"https://www.diasporaportuguesa.org/#website","url":"https://www.diasporaportuguesa.org/","name":"Conselho da Diáspora Portuguesa","description":"Conselho da Diáspora Portuguesa","publisher":{"@id":"https://www.diasporaportuguesa.org/#organization"},"potentialAction":[{"@type":"SearchAction","target":{"@type":"EntryPoint","urlTemplate":"https://www.diasporaportuguesa.org/?s={search_term_string}"},"query-input":"required name=search_term_string"}],"inLanguage":"en-US"},{"@type":"Organization","@id":"https://www.diasporaportuguesa.org/#organization","name":"Conselho da Diáspora Portuguesa","url":"https://www.diasporaportuguesa.org/","logo":{"@type":"ImageObject","inLanguage":"en-US","@id":"https://www.diasporaportuguesa.org/#/schema/logo/image/","url":"https://www.diasporaportuguesa.org/wp-content/uploads/2022/11/conselho-diaspora-portuguesa.png","contentUrl":"https://www.diasporaportuguesa.org/wp-content/uploads/2022/11/conselho-diaspora-portuguesa.png","width":735,"height":216,"caption":"Conselho da Diáspora Portuguesa"},"image":{"@id":"https://www.diasporaportuguesa.org/#/schema/logo/image/"},"sameAs":["https://twitter.com/CdDiaspora","https://www.linkedin.com/company/conselho-da-diaspora-portuguesa/","https://www.youtube.com/channel/UCEI8qERhtqzV1UgdITBo6rw/videos"]}]}</script>
<!-- / Yoast SEO plugin. -->

Telma Teixeira da Silva - Conselho da Diáspora Portuguesa

Conselho da Diáspora Portuguesa

Início
