{"id":13109,"date":"2022-12-30T15:11:53","date_gmt":"2022-12-30T15:11:53","guid":{"rendered":"https:\/\/www.diasporaportuguesa.org\/perfil\/ricardo-pereira\/"},"modified":"2023-05-15T15:06:12","modified_gmt":"2023-05-15T15:06:12","slug":"ricardo-pereira","status":"publish","type":"perfis","link":"https:\/\/www.diasporaportuguesa.org\/en\/profile\/ricardo-pereira\/","title":{"rendered":"Ricardo Pereira"},"content":{"rendered":"\n<p>Ricardo Pereira is an actor and TV presenter and he divides his career between television, theatre and cinema. Currently, Ricardo is a creative producer on Netflix, contributing to the development of Portuguese projects on the streaming platform.<\/p>\n\n\n\n<p>He started as an actor in 2000, in the Peter Shaffer\u2019s play \u201c\u201cReal Ca\u00e7ada ao Sol\u201d, under the direction of Carlos Avilez in D. Maria National Theatre, in Lisbon. In 2014 he becomes the first non-brazilian protagonist in a Rede Globo\u2019s soup opera in \u201cComo uma Onda\u201d. Today he lives with his family in Rio de Janeiro.<\/p>\n\n\n\n<p>Since 2008, Ricardo Pereira presents \u201cEpis\u00f3dio Especial\u201d, a weekly program in the Portuguese television (SIC).<\/p>\n\n\n\n<p>He standed out with his interpretation in two winning projects of Emmy International, in the category of Best Soup Opera: \u201cLa\u00e7os de Sangue\u201d and \u201cJ\u00f3ia Rara\u201d. Ricardo was also part of the soup operas \u201cMar Salgado\u201d, \u201cPerfeito Cora\u00e7\u00e3o\u201d, \u201cLiberdade, Liberdade\u201d and \u201cDeus Salve o Rei\u201d.<\/p>\n\n\n\n<p>On cinema, Ricardo had his first experience in 2001 with \u201cUm Homem n\u00e3o \u00e9 um Gato\u201d, produced by SIC. In his path, the main films in which he participated was \u201cO Milagre Segundo Salom\u00e9\u201d; \u201cO Crime do Padre Amaro\u201d; \u201cVi\u00fava Rica Solteira N\u00e3o Fica\u201d; \u201cAm\u00e1lia\u201d; \u201cMist\u00e9rios de Lisboa\u201d; \u201cAlgu\u00e9m Como Eu\u201d, \u201cBaptismo de Terra\u201d, \u201cMulheres\u201d, \u201cGolpe de Sol\u201d; and the French movie \u201cCadences Obstin\u00e9e\u201d.<\/p>\n\n\n\n<p>In theatre, Ricardo Pereira performed in theatre plays such as \u201cMeu Deus\u201d and \u201cHollywood\u201d.<\/p>\n\n\n\n<p>In 2010, he was Ambassador for the European Year of the Fight Against Poverty and Social Exclusion.<\/p>\n\n\n\n<p>In 2012, he starred as a producer, in the theatre play \u201cUm Sonho a Dois\u201d, in which he was also starred in. In 2015 he produced, together with Luso-Brazilian Foundation, the event \u201cPortugal no Rio\u201d, a theatre, visual arts and music exhibition that took place in the Theatre Cidade das Artes, in Rio de Janeiro.<\/p>\n\n\n\n<p>Ricardo won of the awards \u201cTV7 Dias\u201d 2014 \u201caTV\u201d for Best Leading Actor, for his interpretation in \u201cMar Salgado\u201d. He also won te award Talent 2015 attributed by E! Entertainment.<\/p>\n\n\n\n<p>He received the Honorable Mention of Cotec and Calouste Gulbenkian Foundation, Di\u00e1spora pelo Mundo, given by the former President of the Portuguese Republic, An\u00edbal Cavaco Silva. In 2017, he was honored with the title Ordem de M\u00e9rito, given by the President of the Portuguese Republic, Marcelo Rebelo de Sousa.<\/p>\n\n\n\n<p>He is a founder-partner of the Portuguese Cinema Academy and he is a member of the Portuguese Diaspora Council since 2013.<\/p>\n","protected":false},"author":1,"featured_media":12945,"template":"","meta":[],"grupo":[281],"acf":[],"yoast_head":"<!-- This site is optimized with the Yoast SEO plugin v21.3 - https:\/\/yoast.com\/wordpress\/plugins\/seo\/ -->\n<title>Ricardo Pereira - Conselho da Di\u00e1spora Portuguesa<\/title>\n<meta name=\"description\" content=\"Get to know Ricardo Pereira&#039;s profile.\" \/>\n<meta name=\"robots\" content=\"index, follow, max-snippet:-1, max-image-preview:large, max-video-preview:-1\" \/>\n<link rel=\"canonical\" href=\"https:\/\/www.diasporaportuguesa.org\/en\/profile\/ricardo-pereira\/\" \/>\n<meta property=\"og:locale\" content=\"en_US\" \/>\n<meta property=\"og:type\" content=\"article\" \/>\n<meta property=\"og:title\" content=\"Ricardo Pereira - Conselho da Di\u00e1spora Portuguesa\" \/>\n<meta property=\"og:description\" content=\"Get to know Ricardo Pereira&#039;s profile.\" \/>\n<meta property=\"og:url\" content=\"https:\/\/www.diasporaportuguesa.org\/en\/profile\/ricardo-pereira\/\" \/>\n<meta property=\"og:site_name\" content=\"Conselho da Di\u00e1spora Portuguesa\" \/>\n<meta property=\"article:modified_time\" content=\"2023-05-15T15:06:12+00:00\" \/>\n<meta property=\"og:image\" content=\"https:\/\/www.diasporaportuguesa.org\/wp-content\/uploads\/2022\/12\/vR4JsK4d-1.jpeg\" \/>\n\t<meta property=\"og:image:width\" content=\"690\" \/>\n\t<meta property=\"og:image:height\" content=\"690\" \/>\n\t<meta property=\"og:image:type\" content=\"image\/jpeg\" \/>\n<meta name=\"twitter:card\" content=\"summary_large_image\" \/>\n<meta name=\"twitter:site\" content=\"@CdDiaspora\" \/>\n<meta name=\"twitter:label1\" content=\"Est. reading time\" \/>\n\t<meta name=\"twitter:data1\" content=\"3 minutes\" \/>\n<script type=\"application\/ld+json\" class=\"yoast-schema-graph\">{\"@context\":\"https:\/\/schema.org\",\"@graph\":[{\"@type\":\"WebPage\",\"@id\":\"https:\/\/www.diasporaportuguesa.org\/en\/profile\/ricardo-pereira\/\",\"url\":\"https:\/\/www.diasporaportuguesa.org\/en\/profile\/ricardo-pereira\/\",\"name\":\"Ricardo Pereira - Conselho da Di\u00e1spora Portuguesa\",\"isPartOf\":{\"@id\":\"https:\/\/www.diasporaportuguesa.org\/#website\"},\"datePublished\":\"2022-12-30T15:11:53+00:00\",\"dateModified\":\"2023-05-15T15:06:12+00:00\",\"description\":\"Get to know Ricardo Pereira's profile.\",\"breadcrumb\":{\"@id\":\"https:\/\/www.diasporaportuguesa.org\/en\/profile\/ricardo-pereira\/#breadcrumb\"},\"inLanguage\":\"en-US\",\"potentialAction\":[{\"@type\":\"ReadAction\",\"target\":[\"https:\/\/www.diasporaportuguesa.org\/en\/profile\/ricardo-pereira\/\"]}]},{\"@type\":\"BreadcrumbList\",\"@id\":\"https:\/\/www.diasporaportuguesa.org\/en\/profile\/ricardo-pereira\/#breadcrumb\",\"itemListElement\":[{\"@type\":\"ListItem\",\"position\":1,\"name\":\"In\u00edcio\",\"item\":\"https:\/\/www.diasporaportuguesa.org\/en\/\"},{\"@type\":\"ListItem\",\"position\":2,\"name\":\"Ricardo Pereira\"}]},{\"@type\":\"WebSite\",\"@id\":\"https:\/\/www.diasporaportuguesa.org\/#website\",\"url\":\"https:\/\/www.diasporaportuguesa.org\/\",\"name\":\"Conselho da Di\u00e1spora Portuguesa\",\"description\":\"Conselho da Di\u00e1spora Portuguesa\",\"publisher\":{\"@id\":\"https:\/\/www.diasporaportuguesa.org\/#organization\"},\"potentialAction\":[{\"@type\":\"SearchAction\",\"target\":{\"@type\":\"EntryPoint\",\"urlTemplate\":\"https:\/\/www.diasporaportuguesa.org\/?s={search_term_string}\"},\"query-input\":\"required name=search_term_string\"}],\"inLanguage\":\"en-US\"},{\"@type\":\"Organization\",\"@id\":\"https:\/\/www.diasporaportuguesa.org\/#organization\",\"name\":\"Conselho da Di\u00e1spora Portuguesa\",\"url\":\"https:\/\/www.diasporaportuguesa.org\/\",\"logo\":{\"@type\":\"ImageObject\",\"inLanguage\":\"en-US\",\"@id\":\"https:\/\/www.diasporaportuguesa.org\/#\/schema\/logo\/image\/\",\"url\":\"https:\/\/www.diasporaportuguesa.org\/wp-content\/uploads\/2022\/11\/conselho-diaspora-portuguesa.png\",\"contentUrl\":\"https:\/\/www.diasporaportuguesa.org\/wp-content\/uploads\/2022\/11\/conselho-diaspora-portuguesa.png\",\"width\":735,\"height\":216,\"caption\":\"Conselho da Di\u00e1spora Portuguesa\"},\"image\":{\"@id\":\"https:\/\/www.diasporaportuguesa.org\/#\/schema\/logo\/image\/\"},\"sameAs\":[\"https:\/\/twitter.com\/CdDiaspora\",\"https:\/\/www.linkedin.com\/company\/conselho-da-diaspora-portuguesa\/\",\"https:\/\/www.youtube.com\/channel\/UCEI8qERhtqzV1UgdITBo6rw\/videos\"]}]}<\/script>\n<!-- \/ Yoast SEO plugin. -->","yoast_head_json":{"title":"Ricardo Pereira - Conselho da Di\u00e1spora Portuguesa","description":"Get to know Ricardo Pereira's profile.","robots":{"index":"index","follow":"follow","max-snippet":"max-snippet:-1","max-image-preview":"max-image-preview:large","max-video-preview":"max-video-preview:-1"},"canonical":"https:\/\/www.diasporaportuguesa.org\/en\/profile\/ricardo-pereira\/","og_locale":"en_US","og_type":"article","og_title":"Ricardo Pereira - Conselho da Di\u00e1spora Portuguesa","og_description":"Get to know Ricardo Pereira's profile.","og_url":"https:\/\/www.diasporaportuguesa.org\/en\/profile\/ricardo-pereira\/","og_site_name":"Conselho da Di\u00e1spora Portuguesa","article_modified_time":"2023-05-15T15:06:12+00:00","og_image":[{"width":690,"height":690,"url":"https:\/\/www.diasporaportuguesa.org\/wp-content\/uploads\/2022\/12\/vR4JsK4d-1.jpeg","type":"image\/jpeg"}],"twitter_card":"summary_large_image","twitter_site":"@CdDiaspora","twitter_misc":{"Est. reading time":"3 minutes"},"schema":{"@context":"https:\/\/schema.org","@graph":[{"@type":"WebPage","@id":"https:\/\/www.diasporaportuguesa.org\/en\/profile\/ricardo-pereira\/","url":"https:\/\/www.diasporaportuguesa.org\/en\/profile\/ricardo-pereira\/","name":"Ricardo Pereira - Conselho da Di\u00e1spora Portuguesa","isPartOf":{"@id":"https:\/\/www.diasporaportuguesa.org\/#website"},"datePublished":"2022-12-30T15:11:53+00:00","dateModified":"2023-05-15T15:06:12+00:00","description":"Get to know Ricardo Pereira's profile.","breadcrumb":{"@id":"https:\/\/www.diasporaportuguesa.org\/en\/profile\/ricardo-pereira\/#breadcrumb"},"inLanguage":"en-US","potentialAction":[{"@type":"ReadAction","target":["https:\/\/www.diasporaportuguesa.org\/en\/profile\/ricardo-pereira\/"]}]},{"@type":"BreadcrumbList","@id":"https:\/\/www.diasporaportuguesa.org\/en\/profile\/ricardo-pereira\/#breadcrumb","itemListElement":[{"@type":"ListItem","position":1,"name":"In\u00edcio","item":"https:\/\/www.diasporaportuguesa.org\/en\/"},{"@type":"ListItem","position":2,"name":"Ricardo Pereira"}]},{"@type":"WebSite","@id":"https:\/\/www.diasporaportuguesa.org\/#website","url":"https:\/\/www.diasporaportuguesa.org\/","name":"Conselho da Di\u00e1spora Portuguesa","description":"Conselho da Di\u00e1spora Portuguesa","publisher":{"@id":"https:\/\/www.diasporaportuguesa.org\/#organization"},"potentialAction":[{"@type":"SearchAction","target":{"@type":"EntryPoint","urlTemplate":"https:\/\/www.diasporaportuguesa.org\/?s={search_term_string}"},"query-input":"required name=search_term_string"}],"inLanguage":"en-US"},{"@type":"Organization","@id":"https:\/\/www.diasporaportuguesa.org\/#organization","name":"Conselho da Di\u00e1spora Portuguesa","url":"https:\/\/www.diasporaportuguesa.org\/","logo":{"@type":"ImageObject","inLanguage":"en-US","@id":"https:\/\/www.diasporaportuguesa.org\/#\/schema\/logo\/image\/","url":"https:\/\/www.diasporaportuguesa.org\/wp-content\/uploads\/2022\/11\/conselho-diaspora-portuguesa.png","contentUrl":"https:\/\/www.diasporaportuguesa.org\/wp-content\/uploads\/2022\/11\/conselho-diaspora-portuguesa.png","width":735,"height":216,"caption":"Conselho da Di\u00e1spora Portuguesa"},"image":{"@id":"https:\/\/www.diasporaportuguesa.org\/#\/schema\/logo\/image\/"},"sameAs":["https:\/\/twitter.com\/CdDiaspora","https:\/\/www.linkedin.com\/company\/conselho-da-diaspora-portuguesa\/","https:\/\/www.youtube.com\/channel\/UCEI8qERhtqzV1UgdITBo6rw\/videos"]}]}},"_links":{"self":[{"href":"https:\/\/www.diasporaportuguesa.org\/en\/wp-json\/wp\/v2\/perfis\/13109"}],"collection":[{"href":"https:\/\/www.diasporaportuguesa.org\/en\/wp-json\/wp\/v2\/perfis"}],"about":[{"href":"https:\/\/www.diasporaportuguesa.org\/en\/wp-json\/wp\/v2\/types\/perfis"}],"author":[{"embeddable":true,"href":"https:\/\/www.diasporaportuguesa.org\/en\/wp-json\/wp\/v2\/users\/1"}],"wp:featuredmedia":[{"embeddable":true,"href":"https:\/\/www.diasporaportuguesa.org\/en\/wp-json\/wp\/v2\/media\/12945"}],"wp:attachment":[{"href":"https:\/\/www.diasporaportuguesa.org\/en\/wp-json\/wp\/v2\/media?parent=13109"}],"wp:term":[{"taxonomy":"grupo","embeddable":true,"href":"https:\/\/www.diasporaportuguesa.org\/en\/wp-json\/wp\/v2\/grupo?post=13109"}],"curies":[{"name":"wp","href":"https:\/\/api.w.org\/{rel}","templated":true}]}}

<p>Ricardo Pereira is an actor and TV presenter and he divides his career between television, theatre and cinema. Currently, Ricardo is a creative producer on Netflix, contributing to the development of Portuguese projects on the streaming platform.</p>



<p>He started as an actor in 2000, in the Peter Shaffer’s play ““Real Caçada ao Sol”, under the direction of Carlos Avilez in D. Maria National Theatre, in Lisbon. In 2014 he becomes the first non-brazilian protagonist in a Rede Globo’s soup opera in “Como uma Onda”. Today he lives with his family in Rio de Janeiro.</p>



<p>Since 2008, Ricardo Pereira presents “Episódio Especial”, a weekly program in the Portuguese television (SIC).</p>



<p>He standed out with his interpretation in two winning projects of Emmy International, in the category of Best Soup Opera: “Laços de Sangue” and “Jóia Rara”. Ricardo was also part of the soup operas “Mar Salgado”, “Perfeito Coração”, “Liberdade, Liberdade” and “Deus Salve o Rei”.</p>



<p>On cinema, Ricardo had his first experience in 2001 with “Um Homem não é um Gato”, produced by SIC. In his path, the main films in which he participated was “O Milagre Segundo Salomé”; “O Crime do Padre Amaro”; “Viúva Rica Solteira Não Fica”; “Amália”; “Mistérios de Lisboa”; “Alguém Como Eu”, “Baptismo de Terra”, “Mulheres”, “Golpe de Sol”; and the French movie “Cadences Obstinée”.</p>



<p>In theatre, Ricardo Pereira performed in theatre plays such as “Meu Deus” and “Hollywood”.</p>



<p>In 2010, he was Ambassador for the European Year of the Fight Against Poverty and Social Exclusion.</p>



<p>In 2012, he starred as a producer, in the theatre play “Um Sonho a Dois”, in which he was also starred in. In 2015 he produced, together with Luso-Brazilian Foundation, the event “Portugal no Rio”, a theatre, visual arts and music exhibition that took place in the Theatre Cidade das Artes, in Rio de Janeiro.</p>



<p>Ricardo won of the awards “TV7 Dias” 2014 “aTV” for Best Leading Actor, for his interpretation in “Mar Salgado”. He also won te award Talent 2015 attributed by E! Entertainment.</p>



<p>He received the Honorable Mention of Cotec and Calouste Gulbenkian Foundation, Diáspora pelo Mundo, given by the former President of the Portuguese Republic, Aníbal Cavaco Silva. In 2017, he was honored with the title Ordem de Mérito, given by the President of the Portuguese Republic, Marcelo Rebelo de Sousa.</p>



<p>He is a founder-partner of the Portuguese Cinema Academy and he is a member of the Portuguese Diaspora Council since 2013.</p>

<!-- This site is optimized with the Yoast SEO plugin v21.3 - https://yoast.com/wordpress/plugins/seo/ -->
<title>Ricardo Pereira - Conselho da Diáspora Portuguesa</title>
<meta name="description" content="Get to know Ricardo Pereira&#039;s profile." />
<meta name="robots" content="index, follow, max-snippet:-1, max-image-preview:large, max-video-preview:-1" />
<link rel="canonical" href="https://www.diasporaportuguesa.org/en/profile/ricardo-pereira/" />
<meta property="og:locale" content="en_US" />
<meta property="og:type" content="article" />
<meta property="og:title" content="Ricardo Pereira - Conselho da Diáspora Portuguesa" />
<meta property="og:description" content="Get to know Ricardo Pereira&#039;s profile." />
<meta property="og:url" content="https://www.diasporaportuguesa.org/en/profile/ricardo-pereira/" />
<meta property="og:site_name" content="Conselho da Diáspora Portuguesa" />
<meta property="article:modified_time" content="2023-05-15T15:06:12+00:00" />
<meta property="og:image" content="https://www.diasporaportuguesa.org/wp-content/uploads/2022/12/vR4JsK4d-1.jpeg" />
	<meta property="og:image:width" content="690" />
	<meta property="og:image:height" content="690" />
	<meta property="og:image:type" content="image/jpeg" />
<meta name="twitter:card" content="summary_large_image" />
<meta name="twitter:site" content="@CdDiaspora" />
<meta name="twitter:label1" content="Est. reading time" />
	<meta name="twitter:data1" content="3 minutes" />
<script type="application/ld+json" class="yoast-schema-graph">{"@context":"https://schema.org","@graph":[{"@type":"WebPage","@id":"https://www.diasporaportuguesa.org/en/profile/ricardo-pereira/","url":"https://www.diasporaportuguesa.org/en/profile/ricardo-pereira/","name":"Ricardo Pereira - Conselho da Diáspora Portuguesa","isPartOf":{"@id":"https://www.diasporaportuguesa.org/#website"},"datePublished":"2022-12-30T15:11:53+00:00","dateModified":"2023-05-15T15:06:12+00:00","description":"Get to know Ricardo Pereira's profile.","breadcrumb":{"@id":"https://www.diasporaportuguesa.org/en/profile/ricardo-pereira/#breadcrumb"},"inLanguage":"en-US","potentialAction":[{"@type":"ReadAction","target":["https://www.diasporaportuguesa.org/en/profile/ricardo-pereira/"]}]},{"@type":"BreadcrumbList","@id":"https://www.diasporaportuguesa.org/en/profile/ricardo-pereira/#breadcrumb","itemListElement":[{"@type":"ListItem","position":1,"name":"Início","item":"https://www.diasporaportuguesa.org/en/"},{"@type":"ListItem","position":2,"name":"Ricardo Pereira"}]},{"@type":"WebSite","@id":"https://www.diasporaportuguesa.org/#website","url":"https://www.diasporaportuguesa.org/","name":"Conselho da Diáspora Portuguesa","description":"Conselho da Diáspora Portuguesa","publisher":{"@id":"https://www.diasporaportuguesa.org/#organization"},"potentialAction":[{"@type":"SearchAction","target":{"@type":"EntryPoint","urlTemplate":"https://www.diasporaportuguesa.org/?s={search_term_string}"},"query-input":"required name=search_term_string"}],"inLanguage":"en-US"},{"@type":"Organization","@id":"https://www.diasporaportuguesa.org/#organization","name":"Conselho da Diáspora Portuguesa","url":"https://www.diasporaportuguesa.org/","logo":{"@type":"ImageObject","inLanguage":"en-US","@id":"https://www.diasporaportuguesa.org/#/schema/logo/image/","url":"https://www.diasporaportuguesa.org/wp-content/uploads/2022/11/conselho-diaspora-portuguesa.png","contentUrl":"https://www.diasporaportuguesa.org/wp-content/uploads/2022/11/conselho-diaspora-portuguesa.png","width":735,"height":216,"caption":"Conselho da Diáspora Portuguesa"},"image":{"@id":"https://www.diasporaportuguesa.org/#/schema/logo/image/"},"sameAs":["https://twitter.com/CdDiaspora","https://www.linkedin.com/company/conselho-da-diaspora-portuguesa/","https://www.youtube.com/channel/UCEI8qERhtqzV1UgdITBo6rw/videos"]}]}</script>
<!-- / Yoast SEO plugin. -->

Ricardo Pereira - Conselho da Diáspora Portuguesa

Conselho da Diáspora Portuguesa

Início
