{"id":13137,"date":"2022-12-30T14:20:32","date_gmt":"2022-12-30T14:20:32","guid":{"rendered":"https:\/\/www.diasporaportuguesa.org\/perfil\/marcos-ruao\/"},"modified":"2023-02-01T12:11:54","modified_gmt":"2023-02-01T12:11:54","slug":"marcos-ruao","status":"publish","type":"perfis","link":"https:\/\/www.diasporaportuguesa.org\/en\/profile\/marcos-ruao\/","title":{"rendered":"Marcos Ru\u00e3o"},"content":{"rendered":"\n<p>Marcos Ru\u00e3o is the current CEO of the IskayPet Group for the Iberian Peninsula, which owns several other brands, such as Tiendanimal and Kiwoko, and has more than 250 stores and 3000 employees.<br>Ru\u00e3o developed his career in logistics, supply management, eCommerce and business management.<br>Before joining IskayPet, Ru\u00e3o served as CEO of Fnac Pen\u00ednsula Ib\u00e9rica.<br>At an academic level, Ru\u00e3o is an engineer at Instituto Superior T\u00e9cnico, in Lisbon. Marcos Ru\u00e3o also has two master&#8217;s degrees, one in Combustion and the other in Management and Supply Chain.<br>Currently, Marcos lives in Spain and has years of professional experience in multicultural markets.<br>He has been a member of the Portuguese Diaspora Council since December 2022.<\/p>\n","protected":false},"author":1,"featured_media":12858,"template":"","meta":[],"grupo":[281],"acf":[],"yoast_head":"<!-- This site is optimized with the Yoast SEO plugin v21.3 - https:\/\/yoast.com\/wordpress\/plugins\/seo\/ -->\n<title>Marcos Ru\u00e3o - Conselho da Di\u00e1spora Portuguesa<\/title>\n<meta name=\"description\" content=\"Get to know Marcos Ru\u00e3o&#039;s profile.\" \/>\n<meta name=\"robots\" content=\"index, follow, max-snippet:-1, max-image-preview:large, max-video-preview:-1\" \/>\n<link rel=\"canonical\" href=\"https:\/\/www.diasporaportuguesa.org\/en\/profile\/marcos-ruao\/\" \/>\n<meta property=\"og:locale\" content=\"en_US\" \/>\n<meta property=\"og:type\" content=\"article\" \/>\n<meta property=\"og:title\" content=\"Marcos Ru\u00e3o - Conselho da Di\u00e1spora Portuguesa\" \/>\n<meta property=\"og:description\" content=\"Get to know Marcos Ru\u00e3o&#039;s profile.\" \/>\n<meta property=\"og:url\" content=\"https:\/\/www.diasporaportuguesa.org\/en\/profile\/marcos-ruao\/\" \/>\n<meta property=\"og:site_name\" content=\"Conselho da Di\u00e1spora Portuguesa\" \/>\n<meta property=\"article:modified_time\" content=\"2023-02-01T12:11:54+00:00\" \/>\n<meta property=\"og:image\" content=\"https:\/\/www.diasporaportuguesa.org\/wp-content\/uploads\/2022\/12\/9mCKnQ28-1-e1675245859555.jpeg\" \/>\n\t<meta property=\"og:image:width\" content=\"1200\" \/>\n\t<meta property=\"og:image:height\" content=\"1890\" \/>\n\t<meta property=\"og:image:type\" content=\"image\/jpeg\" \/>\n<meta name=\"twitter:card\" content=\"summary_large_image\" \/>\n<meta name=\"twitter:site\" content=\"@CdDiaspora\" \/>\n<meta name=\"twitter:label1\" content=\"Est. reading time\" \/>\n\t<meta name=\"twitter:data1\" content=\"1 minute\" \/>\n<script type=\"application\/ld+json\" class=\"yoast-schema-graph\">{\"@context\":\"https:\/\/schema.org\",\"@graph\":[{\"@type\":\"WebPage\",\"@id\":\"https:\/\/www.diasporaportuguesa.org\/en\/profile\/marcos-ruao\/\",\"url\":\"https:\/\/www.diasporaportuguesa.org\/en\/profile\/marcos-ruao\/\",\"name\":\"Marcos Ru\u00e3o - Conselho da Di\u00e1spora Portuguesa\",\"isPartOf\":{\"@id\":\"https:\/\/www.diasporaportuguesa.org\/#website\"},\"datePublished\":\"2022-12-30T14:20:32+00:00\",\"dateModified\":\"2023-02-01T12:11:54+00:00\",\"description\":\"Get to know Marcos Ru\u00e3o's profile.\",\"breadcrumb\":{\"@id\":\"https:\/\/www.diasporaportuguesa.org\/en\/profile\/marcos-ruao\/#breadcrumb\"},\"inLanguage\":\"en-US\",\"potentialAction\":[{\"@type\":\"ReadAction\",\"target\":[\"https:\/\/www.diasporaportuguesa.org\/en\/profile\/marcos-ruao\/\"]}]},{\"@type\":\"BreadcrumbList\",\"@id\":\"https:\/\/www.diasporaportuguesa.org\/en\/profile\/marcos-ruao\/#breadcrumb\",\"itemListElement\":[{\"@type\":\"ListItem\",\"position\":1,\"name\":\"In\u00edcio\",\"item\":\"https:\/\/www.diasporaportuguesa.org\/en\/\"},{\"@type\":\"ListItem\",\"position\":2,\"name\":\"Marcos Ru\u00e3o\"}]},{\"@type\":\"WebSite\",\"@id\":\"https:\/\/www.diasporaportuguesa.org\/#website\",\"url\":\"https:\/\/www.diasporaportuguesa.org\/\",\"name\":\"Conselho da Di\u00e1spora Portuguesa\",\"description\":\"Conselho da Di\u00e1spora Portuguesa\",\"publisher\":{\"@id\":\"https:\/\/www.diasporaportuguesa.org\/#organization\"},\"potentialAction\":[{\"@type\":\"SearchAction\",\"target\":{\"@type\":\"EntryPoint\",\"urlTemplate\":\"https:\/\/www.diasporaportuguesa.org\/?s={search_term_string}\"},\"query-input\":\"required name=search_term_string\"}],\"inLanguage\":\"en-US\"},{\"@type\":\"Organization\",\"@id\":\"https:\/\/www.diasporaportuguesa.org\/#organization\",\"name\":\"Conselho da Di\u00e1spora Portuguesa\",\"url\":\"https:\/\/www.diasporaportuguesa.org\/\",\"logo\":{\"@type\":\"ImageObject\",\"inLanguage\":\"en-US\",\"@id\":\"https:\/\/www.diasporaportuguesa.org\/#\/schema\/logo\/image\/\",\"url\":\"https:\/\/www.diasporaportuguesa.org\/wp-content\/uploads\/2022\/11\/conselho-diaspora-portuguesa.png\",\"contentUrl\":\"https:\/\/www.diasporaportuguesa.org\/wp-content\/uploads\/2022\/11\/conselho-diaspora-portuguesa.png\",\"width\":735,\"height\":216,\"caption\":\"Conselho da Di\u00e1spora Portuguesa\"},\"image\":{\"@id\":\"https:\/\/www.diasporaportuguesa.org\/#\/schema\/logo\/image\/\"},\"sameAs\":[\"https:\/\/twitter.com\/CdDiaspora\",\"https:\/\/www.linkedin.com\/company\/conselho-da-diaspora-portuguesa\/\",\"https:\/\/www.youtube.com\/channel\/UCEI8qERhtqzV1UgdITBo6rw\/videos\"]}]}<\/script>\n<!-- \/ Yoast SEO plugin. -->","yoast_head_json":{"title":"Marcos Ru\u00e3o - Conselho da Di\u00e1spora Portuguesa","description":"Get to know Marcos Ru\u00e3o's profile.","robots":{"index":"index","follow":"follow","max-snippet":"max-snippet:-1","max-image-preview":"max-image-preview:large","max-video-preview":"max-video-preview:-1"},"canonical":"https:\/\/www.diasporaportuguesa.org\/en\/profile\/marcos-ruao\/","og_locale":"en_US","og_type":"article","og_title":"Marcos Ru\u00e3o - Conselho da Di\u00e1spora Portuguesa","og_description":"Get to know Marcos Ru\u00e3o's profile.","og_url":"https:\/\/www.diasporaportuguesa.org\/en\/profile\/marcos-ruao\/","og_site_name":"Conselho da Di\u00e1spora Portuguesa","article_modified_time":"2023-02-01T12:11:54+00:00","og_image":[{"width":1200,"height":1890,"url":"https:\/\/www.diasporaportuguesa.org\/wp-content\/uploads\/2022\/12\/9mCKnQ28-1-e1675245859555.jpeg","type":"image\/jpeg"}],"twitter_card":"summary_large_image","twitter_site":"@CdDiaspora","twitter_misc":{"Est. reading time":"1 minute"},"schema":{"@context":"https:\/\/schema.org","@graph":[{"@type":"WebPage","@id":"https:\/\/www.diasporaportuguesa.org\/en\/profile\/marcos-ruao\/","url":"https:\/\/www.diasporaportuguesa.org\/en\/profile\/marcos-ruao\/","name":"Marcos Ru\u00e3o - Conselho da Di\u00e1spora Portuguesa","isPartOf":{"@id":"https:\/\/www.diasporaportuguesa.org\/#website"},"datePublished":"2022-12-30T14:20:32+00:00","dateModified":"2023-02-01T12:11:54+00:00","description":"Get to know Marcos Ru\u00e3o's profile.","breadcrumb":{"@id":"https:\/\/www.diasporaportuguesa.org\/en\/profile\/marcos-ruao\/#breadcrumb"},"inLanguage":"en-US","potentialAction":[{"@type":"ReadAction","target":["https:\/\/www.diasporaportuguesa.org\/en\/profile\/marcos-ruao\/"]}]},{"@type":"BreadcrumbList","@id":"https:\/\/www.diasporaportuguesa.org\/en\/profile\/marcos-ruao\/#breadcrumb","itemListElement":[{"@type":"ListItem","position":1,"name":"In\u00edcio","item":"https:\/\/www.diasporaportuguesa.org\/en\/"},{"@type":"ListItem","position":2,"name":"Marcos Ru\u00e3o"}]},{"@type":"WebSite","@id":"https:\/\/www.diasporaportuguesa.org\/#website","url":"https:\/\/www.diasporaportuguesa.org\/","name":"Conselho da Di\u00e1spora Portuguesa","description":"Conselho da Di\u00e1spora Portuguesa","publisher":{"@id":"https:\/\/www.diasporaportuguesa.org\/#organization"},"potentialAction":[{"@type":"SearchAction","target":{"@type":"EntryPoint","urlTemplate":"https:\/\/www.diasporaportuguesa.org\/?s={search_term_string}"},"query-input":"required name=search_term_string"}],"inLanguage":"en-US"},{"@type":"Organization","@id":"https:\/\/www.diasporaportuguesa.org\/#organization","name":"Conselho da Di\u00e1spora Portuguesa","url":"https:\/\/www.diasporaportuguesa.org\/","logo":{"@type":"ImageObject","inLanguage":"en-US","@id":"https:\/\/www.diasporaportuguesa.org\/#\/schema\/logo\/image\/","url":"https:\/\/www.diasporaportuguesa.org\/wp-content\/uploads\/2022\/11\/conselho-diaspora-portuguesa.png","contentUrl":"https:\/\/www.diasporaportuguesa.org\/wp-content\/uploads\/2022\/11\/conselho-diaspora-portuguesa.png","width":735,"height":216,"caption":"Conselho da Di\u00e1spora Portuguesa"},"image":{"@id":"https:\/\/www.diasporaportuguesa.org\/#\/schema\/logo\/image\/"},"sameAs":["https:\/\/twitter.com\/CdDiaspora","https:\/\/www.linkedin.com\/company\/conselho-da-diaspora-portuguesa\/","https:\/\/www.youtube.com\/channel\/UCEI8qERhtqzV1UgdITBo6rw\/videos"]}]}},"_links":{"self":[{"href":"https:\/\/www.diasporaportuguesa.org\/en\/wp-json\/wp\/v2\/perfis\/13137"}],"collection":[{"href":"https:\/\/www.diasporaportuguesa.org\/en\/wp-json\/wp\/v2\/perfis"}],"about":[{"href":"https:\/\/www.diasporaportuguesa.org\/en\/wp-json\/wp\/v2\/types\/perfis"}],"author":[{"embeddable":true,"href":"https:\/\/www.diasporaportuguesa.org\/en\/wp-json\/wp\/v2\/users\/1"}],"wp:featuredmedia":[{"embeddable":true,"href":"https:\/\/www.diasporaportuguesa.org\/en\/wp-json\/wp\/v2\/media\/12858"}],"wp:attachment":[{"href":"https:\/\/www.diasporaportuguesa.org\/en\/wp-json\/wp\/v2\/media?parent=13137"}],"wp:term":[{"taxonomy":"grupo","embeddable":true,"href":"https:\/\/www.diasporaportuguesa.org\/en\/wp-json\/wp\/v2\/grupo?post=13137"}],"curies":[{"name":"wp","href":"https:\/\/api.w.org\/{rel}","templated":true}]}}

Marcos Ruão

<p>Marcos Ruão is the current CEO of the IskayPet Group for the Iberian Peninsula, which owns several other brands, such as Tiendanimal and Kiwoko, and has more than 250 stores and 3000 employees.<br>Ruão developed his career in logistics, supply management, eCommerce and business management.<br>Before joining IskayPet, Ruão served as CEO of Fnac Península Ibérica.<br>At an academic level, Ruão is an engineer at Instituto Superior Técnico, in Lisbon. Marcos Ruão also has two master&#8217;s degrees, one in Combustion and the other in Management and Supply Chain.<br>Currently, Marcos lives in Spain and has years of professional experience in multicultural markets.<br>He has been a member of the Portuguese Diaspora Council since December 2022.</p>

<!-- This site is optimized with the Yoast SEO plugin v21.3 - https://yoast.com/wordpress/plugins/seo/ -->
<title>Marcos Ruão - Conselho da Diáspora Portuguesa</title>
<meta name="description" content="Get to know Marcos Ruão&#039;s profile." />
<meta name="robots" content="index, follow, max-snippet:-1, max-image-preview:large, max-video-preview:-1" />
<link rel="canonical" href="https://www.diasporaportuguesa.org/en/profile/marcos-ruao/" />
<meta property="og:locale" content="en_US" />
<meta property="og:type" content="article" />
<meta property="og:title" content="Marcos Ruão - Conselho da Diáspora Portuguesa" />
<meta property="og:description" content="Get to know Marcos Ruão&#039;s profile." />
<meta property="og:url" content="https://www.diasporaportuguesa.org/en/profile/marcos-ruao/" />
<meta property="og:site_name" content="Conselho da Diáspora Portuguesa" />
<meta property="article:modified_time" content="2023-02-01T12:11:54+00:00" />
<meta property="og:image" content="https://www.diasporaportuguesa.org/wp-content/uploads/2022/12/9mCKnQ28-1-e1675245859555.jpeg" />
	<meta property="og:image:width" content="1200" />
	<meta property="og:image:height" content="1890" />
	<meta property="og:image:type" content="image/jpeg" />
<meta name="twitter:card" content="summary_large_image" />
<meta name="twitter:site" content="@CdDiaspora" />
<meta name="twitter:label1" content="Est. reading time" />
	<meta name="twitter:data1" content="1 minute" />
<script type="application/ld+json" class="yoast-schema-graph">{"@context":"https://schema.org","@graph":[{"@type":"WebPage","@id":"https://www.diasporaportuguesa.org/en/profile/marcos-ruao/","url":"https://www.diasporaportuguesa.org/en/profile/marcos-ruao/","name":"Marcos Ruão - Conselho da Diáspora Portuguesa","isPartOf":{"@id":"https://www.diasporaportuguesa.org/#website"},"datePublished":"2022-12-30T14:20:32+00:00","dateModified":"2023-02-01T12:11:54+00:00","description":"Get to know Marcos Ruão's profile.","breadcrumb":{"@id":"https://www.diasporaportuguesa.org/en/profile/marcos-ruao/#breadcrumb"},"inLanguage":"en-US","potentialAction":[{"@type":"ReadAction","target":["https://www.diasporaportuguesa.org/en/profile/marcos-ruao/"]}]},{"@type":"BreadcrumbList","@id":"https://www.diasporaportuguesa.org/en/profile/marcos-ruao/#breadcrumb","itemListElement":[{"@type":"ListItem","position":1,"name":"Início","item":"https://www.diasporaportuguesa.org/en/"},{"@type":"ListItem","position":2,"name":"Marcos Ruão"}]},{"@type":"WebSite","@id":"https://www.diasporaportuguesa.org/#website","url":"https://www.diasporaportuguesa.org/","name":"Conselho da Diáspora Portuguesa","description":"Conselho da Diáspora Portuguesa","publisher":{"@id":"https://www.diasporaportuguesa.org/#organization"},"potentialAction":[{"@type":"SearchAction","target":{"@type":"EntryPoint","urlTemplate":"https://www.diasporaportuguesa.org/?s={search_term_string}"},"query-input":"required name=search_term_string"}],"inLanguage":"en-US"},{"@type":"Organization","@id":"https://www.diasporaportuguesa.org/#organization","name":"Conselho da Diáspora Portuguesa","url":"https://www.diasporaportuguesa.org/","logo":{"@type":"ImageObject","inLanguage":"en-US","@id":"https://www.diasporaportuguesa.org/#/schema/logo/image/","url":"https://www.diasporaportuguesa.org/wp-content/uploads/2022/11/conselho-diaspora-portuguesa.png","contentUrl":"https://www.diasporaportuguesa.org/wp-content/uploads/2022/11/conselho-diaspora-portuguesa.png","width":735,"height":216,"caption":"Conselho da Diáspora Portuguesa"},"image":{"@id":"https://www.diasporaportuguesa.org/#/schema/logo/image/"},"sameAs":["https://twitter.com/CdDiaspora","https://www.linkedin.com/company/conselho-da-diaspora-portuguesa/","https://www.youtube.com/channel/UCEI8qERhtqzV1UgdITBo6rw/videos"]}]}</script>
<!-- / Yoast SEO plugin. -->

Marcos Ruão - Conselho da Diáspora Portuguesa

Get to know Marcos Ruão's profile.

Conselho da Diáspora Portuguesa

Início
