{"id":13161,"date":"2022-12-30T12:49:40","date_gmt":"2022-12-30T12:49:40","guid":{"rendered":"https:\/\/www.diasporaportuguesa.org\/perfil\/joao-graca-gomes\/"},"modified":"2023-02-03T14:25:10","modified_gmt":"2023-02-03T14:25:10","slug":"joao-graca-gomes","status":"publish","type":"perfis","link":"https:\/\/www.diasporaportuguesa.org\/en\/profile\/joao-graca-gomes\/","title":{"rendered":"Jo\u00e3o Gra\u00e7a Gomes"},"content":{"rendered":"\n<p>Jo\u00e3o Gra\u00e7a Gomes is a Senior R&amp;D Engineer at the Shanghai Investigation, Design and Research Institute (SIDRI) and at the Sino-Portuguese Centre for New Energy Technologies (SCNET), a joint venture between the China Three Gorges Corporation and EDP. His work is focused on joint research projects between Portugal and China, mainly related to energy storage, electricity planning and offshore wind. Before joining SIDRI, Jo\u00e3o worked in the Portuguese Renewable Energy Association (APREN) as a Renewable Energy Policy Analyst and served as a teaching assistant in the University of Lisbon and the Shanghai Jiao Tong University (SJTU). He holds a BSc and an MSc in Energy and Environmental Engineering from the University of Lisbon and an MPhil in Power Engineering from the SJTU. He has published numerous scientific articles and collaborated on reports of organizations such as the World Bank, Bioenergy Europe, REN21, the World Energy Council and others. Due to his research and contribution to the energy sector, he received several awards from the Portuguese Engineers Society, the Institution of Engineering and Technology, and several exclusive scholarships such as the China Three Gorges Scholarship and the Outstanding International Student Scholarship of the Chinese Ministry of Education.<br>Jo\u00e3o is also a Board Member of the FEL 100 (Future Energy Leaders 100) program from the World Energy Council, a Board Member of the Future Energy Leaders Portugal program, and an Ambassador of the European Climate Pact.<br>Jo\u00e3o Gra\u00e7a Gomes is a member of the Portuguese Diaspora Council since december 2022.<\/p>\n","protected":false},"author":1,"featured_media":12784,"template":"","meta":[],"grupo":[281],"acf":[],"yoast_head":"<!-- This site is optimized with the Yoast SEO plugin v21.3 - https:\/\/yoast.com\/wordpress\/plugins\/seo\/ -->\n<title>Jo\u00e3o Gra\u00e7a Gomes - Conselho da Di\u00e1spora Portuguesa<\/title>\n<meta name=\"description\" content=\"Get to know Jo\u00e3o Gra\u00e7a Gomes&#039;s profile.\" \/>\n<meta name=\"robots\" content=\"index, follow, max-snippet:-1, max-image-preview:large, max-video-preview:-1\" \/>\n<link rel=\"canonical\" href=\"https:\/\/www.diasporaportuguesa.org\/en\/profile\/joao-graca-gomes\/\" \/>\n<meta property=\"og:locale\" content=\"en_US\" \/>\n<meta property=\"og:type\" content=\"article\" \/>\n<meta property=\"og:title\" content=\"Jo\u00e3o Gra\u00e7a Gomes - Conselho da Di\u00e1spora Portuguesa\" \/>\n<meta property=\"og:description\" content=\"Get to know Jo\u00e3o Gra\u00e7a Gomes&#039;s profile.\" \/>\n<meta property=\"og:url\" content=\"https:\/\/www.diasporaportuguesa.org\/en\/profile\/joao-graca-gomes\/\" \/>\n<meta property=\"og:site_name\" content=\"Conselho da Di\u00e1spora Portuguesa\" \/>\n<meta property=\"article:modified_time\" content=\"2023-02-03T14:25:10+00:00\" \/>\n<meta property=\"og:image\" content=\"https:\/\/www.diasporaportuguesa.org\/wp-content\/uploads\/2022\/12\/Ux23NkTL-1.jpeg\" \/>\n\t<meta property=\"og:image:width\" content=\"690\" \/>\n\t<meta property=\"og:image:height\" content=\"690\" \/>\n\t<meta property=\"og:image:type\" content=\"image\/jpeg\" \/>\n<meta name=\"twitter:card\" content=\"summary_large_image\" \/>\n<meta name=\"twitter:site\" content=\"@CdDiaspora\" \/>\n<meta name=\"twitter:label1\" content=\"Est. reading time\" \/>\n\t<meta name=\"twitter:data1\" content=\"2 minutes\" \/>\n<script type=\"application\/ld+json\" class=\"yoast-schema-graph\">{\"@context\":\"https:\/\/schema.org\",\"@graph\":[{\"@type\":\"WebPage\",\"@id\":\"https:\/\/www.diasporaportuguesa.org\/en\/profile\/joao-graca-gomes\/\",\"url\":\"https:\/\/www.diasporaportuguesa.org\/en\/profile\/joao-graca-gomes\/\",\"name\":\"Jo\u00e3o Gra\u00e7a Gomes - Conselho da Di\u00e1spora Portuguesa\",\"isPartOf\":{\"@id\":\"https:\/\/www.diasporaportuguesa.org\/#website\"},\"datePublished\":\"2022-12-30T12:49:40+00:00\",\"dateModified\":\"2023-02-03T14:25:10+00:00\",\"description\":\"Get to know Jo\u00e3o Gra\u00e7a Gomes's profile.\",\"breadcrumb\":{\"@id\":\"https:\/\/www.diasporaportuguesa.org\/en\/profile\/joao-graca-gomes\/#breadcrumb\"},\"inLanguage\":\"en-US\",\"potentialAction\":[{\"@type\":\"ReadAction\",\"target\":[\"https:\/\/www.diasporaportuguesa.org\/en\/profile\/joao-graca-gomes\/\"]}]},{\"@type\":\"BreadcrumbList\",\"@id\":\"https:\/\/www.diasporaportuguesa.org\/en\/profile\/joao-graca-gomes\/#breadcrumb\",\"itemListElement\":[{\"@type\":\"ListItem\",\"position\":1,\"name\":\"In\u00edcio\",\"item\":\"https:\/\/www.diasporaportuguesa.org\/en\/\"},{\"@type\":\"ListItem\",\"position\":2,\"name\":\"Jo\u00e3o Gra\u00e7a Gomes\"}]},{\"@type\":\"WebSite\",\"@id\":\"https:\/\/www.diasporaportuguesa.org\/#website\",\"url\":\"https:\/\/www.diasporaportuguesa.org\/\",\"name\":\"Conselho da Di\u00e1spora Portuguesa\",\"description\":\"Conselho da Di\u00e1spora Portuguesa\",\"publisher\":{\"@id\":\"https:\/\/www.diasporaportuguesa.org\/#organization\"},\"potentialAction\":[{\"@type\":\"SearchAction\",\"target\":{\"@type\":\"EntryPoint\",\"urlTemplate\":\"https:\/\/www.diasporaportuguesa.org\/?s={search_term_string}\"},\"query-input\":\"required name=search_term_string\"}],\"inLanguage\":\"en-US\"},{\"@type\":\"Organization\",\"@id\":\"https:\/\/www.diasporaportuguesa.org\/#organization\",\"name\":\"Conselho da Di\u00e1spora Portuguesa\",\"url\":\"https:\/\/www.diasporaportuguesa.org\/\",\"logo\":{\"@type\":\"ImageObject\",\"inLanguage\":\"en-US\",\"@id\":\"https:\/\/www.diasporaportuguesa.org\/#\/schema\/logo\/image\/\",\"url\":\"https:\/\/www.diasporaportuguesa.org\/wp-content\/uploads\/2022\/11\/conselho-diaspora-portuguesa.png\",\"contentUrl\":\"https:\/\/www.diasporaportuguesa.org\/wp-content\/uploads\/2022\/11\/conselho-diaspora-portuguesa.png\",\"width\":735,\"height\":216,\"caption\":\"Conselho da Di\u00e1spora Portuguesa\"},\"image\":{\"@id\":\"https:\/\/www.diasporaportuguesa.org\/#\/schema\/logo\/image\/\"},\"sameAs\":[\"https:\/\/twitter.com\/CdDiaspora\",\"https:\/\/www.linkedin.com\/company\/conselho-da-diaspora-portuguesa\/\",\"https:\/\/www.youtube.com\/channel\/UCEI8qERhtqzV1UgdITBo6rw\/videos\"]}]}<\/script>\n<!-- \/ Yoast SEO plugin. -->","yoast_head_json":{"title":"Jo\u00e3o Gra\u00e7a Gomes - Conselho da Di\u00e1spora Portuguesa","description":"Get to know Jo\u00e3o Gra\u00e7a Gomes's profile.","robots":{"index":"index","follow":"follow","max-snippet":"max-snippet:-1","max-image-preview":"max-image-preview:large","max-video-preview":"max-video-preview:-1"},"canonical":"https:\/\/www.diasporaportuguesa.org\/en\/profile\/joao-graca-gomes\/","og_locale":"en_US","og_type":"article","og_title":"Jo\u00e3o Gra\u00e7a Gomes - Conselho da Di\u00e1spora Portuguesa","og_description":"Get to know Jo\u00e3o Gra\u00e7a Gomes's profile.","og_url":"https:\/\/www.diasporaportuguesa.org\/en\/profile\/joao-graca-gomes\/","og_site_name":"Conselho da Di\u00e1spora Portuguesa","article_modified_time":"2023-02-03T14:25:10+00:00","og_image":[{"width":690,"height":690,"url":"https:\/\/www.diasporaportuguesa.org\/wp-content\/uploads\/2022\/12\/Ux23NkTL-1.jpeg","type":"image\/jpeg"}],"twitter_card":"summary_large_image","twitter_site":"@CdDiaspora","twitter_misc":{"Est. reading time":"2 minutes"},"schema":{"@context":"https:\/\/schema.org","@graph":[{"@type":"WebPage","@id":"https:\/\/www.diasporaportuguesa.org\/en\/profile\/joao-graca-gomes\/","url":"https:\/\/www.diasporaportuguesa.org\/en\/profile\/joao-graca-gomes\/","name":"Jo\u00e3o Gra\u00e7a Gomes - Conselho da Di\u00e1spora Portuguesa","isPartOf":{"@id":"https:\/\/www.diasporaportuguesa.org\/#website"},"datePublished":"2022-12-30T12:49:40+00:00","dateModified":"2023-02-03T14:25:10+00:00","description":"Get to know Jo\u00e3o Gra\u00e7a Gomes's profile.","breadcrumb":{"@id":"https:\/\/www.diasporaportuguesa.org\/en\/profile\/joao-graca-gomes\/#breadcrumb"},"inLanguage":"en-US","potentialAction":[{"@type":"ReadAction","target":["https:\/\/www.diasporaportuguesa.org\/en\/profile\/joao-graca-gomes\/"]}]},{"@type":"BreadcrumbList","@id":"https:\/\/www.diasporaportuguesa.org\/en\/profile\/joao-graca-gomes\/#breadcrumb","itemListElement":[{"@type":"ListItem","position":1,"name":"In\u00edcio","item":"https:\/\/www.diasporaportuguesa.org\/en\/"},{"@type":"ListItem","position":2,"name":"Jo\u00e3o Gra\u00e7a Gomes"}]},{"@type":"WebSite","@id":"https:\/\/www.diasporaportuguesa.org\/#website","url":"https:\/\/www.diasporaportuguesa.org\/","name":"Conselho da Di\u00e1spora Portuguesa","description":"Conselho da Di\u00e1spora Portuguesa","publisher":{"@id":"https:\/\/www.diasporaportuguesa.org\/#organization"},"potentialAction":[{"@type":"SearchAction","target":{"@type":"EntryPoint","urlTemplate":"https:\/\/www.diasporaportuguesa.org\/?s={search_term_string}"},"query-input":"required name=search_term_string"}],"inLanguage":"en-US"},{"@type":"Organization","@id":"https:\/\/www.diasporaportuguesa.org\/#organization","name":"Conselho da Di\u00e1spora Portuguesa","url":"https:\/\/www.diasporaportuguesa.org\/","logo":{"@type":"ImageObject","inLanguage":"en-US","@id":"https:\/\/www.diasporaportuguesa.org\/#\/schema\/logo\/image\/","url":"https:\/\/www.diasporaportuguesa.org\/wp-content\/uploads\/2022\/11\/conselho-diaspora-portuguesa.png","contentUrl":"https:\/\/www.diasporaportuguesa.org\/wp-content\/uploads\/2022\/11\/conselho-diaspora-portuguesa.png","width":735,"height":216,"caption":"Conselho da Di\u00e1spora Portuguesa"},"image":{"@id":"https:\/\/www.diasporaportuguesa.org\/#\/schema\/logo\/image\/"},"sameAs":["https:\/\/twitter.com\/CdDiaspora","https:\/\/www.linkedin.com\/company\/conselho-da-diaspora-portuguesa\/","https:\/\/www.youtube.com\/channel\/UCEI8qERhtqzV1UgdITBo6rw\/videos"]}]}},"_links":{"self":[{"href":"https:\/\/www.diasporaportuguesa.org\/en\/wp-json\/wp\/v2\/perfis\/13161"}],"collection":[{"href":"https:\/\/www.diasporaportuguesa.org\/en\/wp-json\/wp\/v2\/perfis"}],"about":[{"href":"https:\/\/www.diasporaportuguesa.org\/en\/wp-json\/wp\/v2\/types\/perfis"}],"author":[{"embeddable":true,"href":"https:\/\/www.diasporaportuguesa.org\/en\/wp-json\/wp\/v2\/users\/1"}],"wp:featuredmedia":[{"embeddable":true,"href":"https:\/\/www.diasporaportuguesa.org\/en\/wp-json\/wp\/v2\/media\/12784"}],"wp:attachment":[{"href":"https:\/\/www.diasporaportuguesa.org\/en\/wp-json\/wp\/v2\/media?parent=13161"}],"wp:term":[{"taxonomy":"grupo","embeddable":true,"href":"https:\/\/www.diasporaportuguesa.org\/en\/wp-json\/wp\/v2\/grupo?post=13161"}],"curies":[{"name":"wp","href":"https:\/\/api.w.org\/{rel}","templated":true}]}}

João Graça Gomes

<p>João Graça Gomes is a Senior R&amp;D Engineer at the Shanghai Investigation, Design and Research Institute (SIDRI) and at the Sino-Portuguese Centre for New Energy Technologies (SCNET), a joint venture between the China Three Gorges Corporation and EDP. His work is focused on joint research projects between Portugal and China, mainly related to energy storage, electricity planning and offshore wind. Before joining SIDRI, João worked in the Portuguese Renewable Energy Association (APREN) as a Renewable Energy Policy Analyst and served as a teaching assistant in the University of Lisbon and the Shanghai Jiao Tong University (SJTU). He holds a BSc and an MSc in Energy and Environmental Engineering from the University of Lisbon and an MPhil in Power Engineering from the SJTU. He has published numerous scientific articles and collaborated on reports of organizations such as the World Bank, Bioenergy Europe, REN21, the World Energy Council and others. Due to his research and contribution to the energy sector, he received several awards from the Portuguese Engineers Society, the Institution of Engineering and Technology, and several exclusive scholarships such as the China Three Gorges Scholarship and the Outstanding International Student Scholarship of the Chinese Ministry of Education.<br>João is also a Board Member of the FEL 100 (Future Energy Leaders 100) program from the World Energy Council, a Board Member of the Future Energy Leaders Portugal program, and an Ambassador of the European Climate Pact.<br>João Graça Gomes is a member of the Portuguese Diaspora Council since december 2022.</p>

<!-- This site is optimized with the Yoast SEO plugin v21.3 - https://yoast.com/wordpress/plugins/seo/ -->
<title>João Graça Gomes - Conselho da Diáspora Portuguesa</title>
<meta name="description" content="Get to know João Graça Gomes&#039;s profile." />
<meta name="robots" content="index, follow, max-snippet:-1, max-image-preview:large, max-video-preview:-1" />
<link rel="canonical" href="https://www.diasporaportuguesa.org/en/profile/joao-graca-gomes/" />
<meta property="og:locale" content="en_US" />
<meta property="og:type" content="article" />
<meta property="og:title" content="João Graça Gomes - Conselho da Diáspora Portuguesa" />
<meta property="og:description" content="Get to know João Graça Gomes&#039;s profile." />
<meta property="og:url" content="https://www.diasporaportuguesa.org/en/profile/joao-graca-gomes/" />
<meta property="og:site_name" content="Conselho da Diáspora Portuguesa" />
<meta property="article:modified_time" content="2023-02-03T14:25:10+00:00" />
<meta property="og:image" content="https://www.diasporaportuguesa.org/wp-content/uploads/2022/12/Ux23NkTL-1.jpeg" />
	<meta property="og:image:width" content="690" />
	<meta property="og:image:height" content="690" />
	<meta property="og:image:type" content="image/jpeg" />
<meta name="twitter:card" content="summary_large_image" />
<meta name="twitter:site" content="@CdDiaspora" />
<meta name="twitter:label1" content="Est. reading time" />
	<meta name="twitter:data1" content="2 minutes" />
<script type="application/ld+json" class="yoast-schema-graph">{"@context":"https://schema.org","@graph":[{"@type":"WebPage","@id":"https://www.diasporaportuguesa.org/en/profile/joao-graca-gomes/","url":"https://www.diasporaportuguesa.org/en/profile/joao-graca-gomes/","name":"João Graça Gomes - Conselho da Diáspora Portuguesa","isPartOf":{"@id":"https://www.diasporaportuguesa.org/#website"},"datePublished":"2022-12-30T12:49:40+00:00","dateModified":"2023-02-03T14:25:10+00:00","description":"Get to know João Graça Gomes's profile.","breadcrumb":{"@id":"https://www.diasporaportuguesa.org/en/profile/joao-graca-gomes/#breadcrumb"},"inLanguage":"en-US","potentialAction":[{"@type":"ReadAction","target":["https://www.diasporaportuguesa.org/en/profile/joao-graca-gomes/"]}]},{"@type":"BreadcrumbList","@id":"https://www.diasporaportuguesa.org/en/profile/joao-graca-gomes/#breadcrumb","itemListElement":[{"@type":"ListItem","position":1,"name":"Início","item":"https://www.diasporaportuguesa.org/en/"},{"@type":"ListItem","position":2,"name":"João Graça Gomes"}]},{"@type":"WebSite","@id":"https://www.diasporaportuguesa.org/#website","url":"https://www.diasporaportuguesa.org/","name":"Conselho da Diáspora Portuguesa","description":"Conselho da Diáspora Portuguesa","publisher":{"@id":"https://www.diasporaportuguesa.org/#organization"},"potentialAction":[{"@type":"SearchAction","target":{"@type":"EntryPoint","urlTemplate":"https://www.diasporaportuguesa.org/?s={search_term_string}"},"query-input":"required name=search_term_string"}],"inLanguage":"en-US"},{"@type":"Organization","@id":"https://www.diasporaportuguesa.org/#organization","name":"Conselho da Diáspora Portuguesa","url":"https://www.diasporaportuguesa.org/","logo":{"@type":"ImageObject","inLanguage":"en-US","@id":"https://www.diasporaportuguesa.org/#/schema/logo/image/","url":"https://www.diasporaportuguesa.org/wp-content/uploads/2022/11/conselho-diaspora-portuguesa.png","contentUrl":"https://www.diasporaportuguesa.org/wp-content/uploads/2022/11/conselho-diaspora-portuguesa.png","width":735,"height":216,"caption":"Conselho da Diáspora Portuguesa"},"image":{"@id":"https://www.diasporaportuguesa.org/#/schema/logo/image/"},"sameAs":["https://twitter.com/CdDiaspora","https://www.linkedin.com/company/conselho-da-diaspora-portuguesa/","https://www.youtube.com/channel/UCEI8qERhtqzV1UgdITBo6rw/videos"]}]}</script>
<!-- / Yoast SEO plugin. -->

João Graça Gomes - Conselho da Diáspora Portuguesa

Get to know João Graça Gomes's profile.

Conselho da Diáspora Portuguesa

Início
