{"id":13162,"date":"2022-12-30T12:47:13","date_gmt":"2022-12-30T12:47:13","guid":{"rendered":"https:\/\/www.diasporaportuguesa.org\/perfil\/joao-felix-da-silva\/"},"modified":"2023-02-03T14:24:07","modified_gmt":"2023-02-03T14:24:07","slug":"joao-felix-da-silva","status":"publish","type":"perfis","link":"https:\/\/www.diasporaportuguesa.org\/en\/profile\/joao-felix-da-silva\/","title":{"rendered":"Jo\u00e3o F\u00e9lix da Silva"},"content":{"rendered":"\n<p>Jo\u00e3o F\u00e9lix da Silva was the Executive Chairman of the John Cockerill Industry Group for 6 years, and is the current President\u2019s Advisor to the group, since 2022. F\u00e9lix da Silva is also a member of the Executive Committee of the CMI Group, which has around 4,500 employees and is present in Africa, Brazil, China, Europe, India, New Caledonia, Russia and the United States.<\/p>\n\n\n\n<p>He served as the Chief Executive Officer of ArcelorMittal M\u00e9diterran\u00e9e, being responsible for the factories of \u201cFos sur Mer\u201d and \u201cSt Ch\u00e9ly d\u2019Apcher\u201d, in France, and for the factories of \u201cPiombino\u201d, in Italy.<\/p>\n\n\n\n<p>He holds a Master\u2019s degree in Electronics from the Institut Sup\u00e9rieur Industriel du Hainaut (Belgium), a Master\u2019s degree in Electromechanical Engineering from the Institut Sup\u00e9rieur des Ing\u00e9nieurs Techniciens de Charleroi (Belgium) and a Master\u2019s degree in Management from the Ecole de Perfectionnement au Management (Belgium).<\/p>\n\n\n\n<p>Jo\u00e3o F\u00e9lix da Silva is also administrator of CRM, a research steel center in Belgium and President of CMIFPE, an Indian company listed on the stock exchange.<\/p>\n\n\n\n<p>He started his career in Belgium where he executed various technical and directive positions and today he has more than 35 years of experience on the steel industry.<\/p>\n\n\n\n<p>He is a member of the Portuguese Diaspora Council since 2014.<\/p>\n","protected":false},"author":1,"featured_media":12781,"template":"","meta":[],"grupo":[281],"acf":[],"yoast_head":"<!-- This site is optimized with the Yoast SEO plugin v21.3 - https:\/\/yoast.com\/wordpress\/plugins\/seo\/ -->\n<title>Jo\u00e3o F\u00e9lix da Silva - Conselho da Di\u00e1spora Portuguesa<\/title>\n<meta name=\"description\" content=\"Get to know Jo\u00e3o F\u00e9lix da Silva&#039;s profile.\" \/>\n<meta name=\"robots\" content=\"index, follow, max-snippet:-1, max-image-preview:large, max-video-preview:-1\" \/>\n<link rel=\"canonical\" href=\"https:\/\/www.diasporaportuguesa.org\/en\/profile\/joao-felix-da-silva\/\" \/>\n<meta property=\"og:locale\" content=\"en_US\" \/>\n<meta property=\"og:type\" content=\"article\" \/>\n<meta property=\"og:title\" content=\"Jo\u00e3o F\u00e9lix da Silva - Conselho da Di\u00e1spora Portuguesa\" \/>\n<meta property=\"og:description\" content=\"Get to know Jo\u00e3o F\u00e9lix da Silva&#039;s profile.\" \/>\n<meta property=\"og:url\" content=\"https:\/\/www.diasporaportuguesa.org\/en\/profile\/joao-felix-da-silva\/\" \/>\n<meta property=\"og:site_name\" content=\"Conselho da Di\u00e1spora Portuguesa\" \/>\n<meta property=\"article:modified_time\" content=\"2023-02-03T14:24:07+00:00\" \/>\n<meta property=\"og:image\" content=\"https:\/\/www.diasporaportuguesa.org\/wp-content\/uploads\/2022\/12\/J-1QE93o-1-e1675245333935.jpeg\" \/>\n\t<meta property=\"og:image:width\" content=\"747\" \/>\n\t<meta property=\"og:image:height\" content=\"877\" \/>\n\t<meta property=\"og:image:type\" content=\"image\/jpeg\" \/>\n<meta name=\"twitter:card\" content=\"summary_large_image\" \/>\n<meta name=\"twitter:site\" content=\"@CdDiaspora\" \/>\n<meta name=\"twitter:label1\" content=\"Est. reading time\" \/>\n\t<meta name=\"twitter:data1\" content=\"2 minutes\" \/>\n<script type=\"application\/ld+json\" class=\"yoast-schema-graph\">{\"@context\":\"https:\/\/schema.org\",\"@graph\":[{\"@type\":\"WebPage\",\"@id\":\"https:\/\/www.diasporaportuguesa.org\/en\/profile\/joao-felix-da-silva\/\",\"url\":\"https:\/\/www.diasporaportuguesa.org\/en\/profile\/joao-felix-da-silva\/\",\"name\":\"Jo\u00e3o F\u00e9lix da Silva - Conselho da Di\u00e1spora Portuguesa\",\"isPartOf\":{\"@id\":\"https:\/\/www.diasporaportuguesa.org\/#website\"},\"datePublished\":\"2022-12-30T12:47:13+00:00\",\"dateModified\":\"2023-02-03T14:24:07+00:00\",\"description\":\"Get to know Jo\u00e3o F\u00e9lix da Silva's profile.\",\"breadcrumb\":{\"@id\":\"https:\/\/www.diasporaportuguesa.org\/en\/profile\/joao-felix-da-silva\/#breadcrumb\"},\"inLanguage\":\"en-US\",\"potentialAction\":[{\"@type\":\"ReadAction\",\"target\":[\"https:\/\/www.diasporaportuguesa.org\/en\/profile\/joao-felix-da-silva\/\"]}]},{\"@type\":\"BreadcrumbList\",\"@id\":\"https:\/\/www.diasporaportuguesa.org\/en\/profile\/joao-felix-da-silva\/#breadcrumb\",\"itemListElement\":[{\"@type\":\"ListItem\",\"position\":1,\"name\":\"In\u00edcio\",\"item\":\"https:\/\/www.diasporaportuguesa.org\/en\/\"},{\"@type\":\"ListItem\",\"position\":2,\"name\":\"Jo\u00e3o F\u00e9lix da Silva\"}]},{\"@type\":\"WebSite\",\"@id\":\"https:\/\/www.diasporaportuguesa.org\/#website\",\"url\":\"https:\/\/www.diasporaportuguesa.org\/\",\"name\":\"Conselho da Di\u00e1spora Portuguesa\",\"description\":\"Conselho da Di\u00e1spora Portuguesa\",\"publisher\":{\"@id\":\"https:\/\/www.diasporaportuguesa.org\/#organization\"},\"potentialAction\":[{\"@type\":\"SearchAction\",\"target\":{\"@type\":\"EntryPoint\",\"urlTemplate\":\"https:\/\/www.diasporaportuguesa.org\/?s={search_term_string}\"},\"query-input\":\"required name=search_term_string\"}],\"inLanguage\":\"en-US\"},{\"@type\":\"Organization\",\"@id\":\"https:\/\/www.diasporaportuguesa.org\/#organization\",\"name\":\"Conselho da Di\u00e1spora Portuguesa\",\"url\":\"https:\/\/www.diasporaportuguesa.org\/\",\"logo\":{\"@type\":\"ImageObject\",\"inLanguage\":\"en-US\",\"@id\":\"https:\/\/www.diasporaportuguesa.org\/#\/schema\/logo\/image\/\",\"url\":\"https:\/\/www.diasporaportuguesa.org\/wp-content\/uploads\/2022\/11\/conselho-diaspora-portuguesa.png\",\"contentUrl\":\"https:\/\/www.diasporaportuguesa.org\/wp-content\/uploads\/2022\/11\/conselho-diaspora-portuguesa.png\",\"width\":735,\"height\":216,\"caption\":\"Conselho da Di\u00e1spora Portuguesa\"},\"image\":{\"@id\":\"https:\/\/www.diasporaportuguesa.org\/#\/schema\/logo\/image\/\"},\"sameAs\":[\"https:\/\/twitter.com\/CdDiaspora\",\"https:\/\/www.linkedin.com\/company\/conselho-da-diaspora-portuguesa\/\",\"https:\/\/www.youtube.com\/channel\/UCEI8qERhtqzV1UgdITBo6rw\/videos\"]}]}<\/script>\n<!-- \/ Yoast SEO plugin. -->","yoast_head_json":{"title":"Jo\u00e3o F\u00e9lix da Silva - Conselho da Di\u00e1spora Portuguesa","description":"Get to know Jo\u00e3o F\u00e9lix da Silva's profile.","robots":{"index":"index","follow":"follow","max-snippet":"max-snippet:-1","max-image-preview":"max-image-preview:large","max-video-preview":"max-video-preview:-1"},"canonical":"https:\/\/www.diasporaportuguesa.org\/en\/profile\/joao-felix-da-silva\/","og_locale":"en_US","og_type":"article","og_title":"Jo\u00e3o F\u00e9lix da Silva - Conselho da Di\u00e1spora Portuguesa","og_description":"Get to know Jo\u00e3o F\u00e9lix da Silva's profile.","og_url":"https:\/\/www.diasporaportuguesa.org\/en\/profile\/joao-felix-da-silva\/","og_site_name":"Conselho da Di\u00e1spora Portuguesa","article_modified_time":"2023-02-03T14:24:07+00:00","og_image":[{"width":747,"height":877,"url":"https:\/\/www.diasporaportuguesa.org\/wp-content\/uploads\/2022\/12\/J-1QE93o-1-e1675245333935.jpeg","type":"image\/jpeg"}],"twitter_card":"summary_large_image","twitter_site":"@CdDiaspora","twitter_misc":{"Est. reading time":"2 minutes"},"schema":{"@context":"https:\/\/schema.org","@graph":[{"@type":"WebPage","@id":"https:\/\/www.diasporaportuguesa.org\/en\/profile\/joao-felix-da-silva\/","url":"https:\/\/www.diasporaportuguesa.org\/en\/profile\/joao-felix-da-silva\/","name":"Jo\u00e3o F\u00e9lix da Silva - Conselho da Di\u00e1spora Portuguesa","isPartOf":{"@id":"https:\/\/www.diasporaportuguesa.org\/#website"},"datePublished":"2022-12-30T12:47:13+00:00","dateModified":"2023-02-03T14:24:07+00:00","description":"Get to know Jo\u00e3o F\u00e9lix da Silva's profile.","breadcrumb":{"@id":"https:\/\/www.diasporaportuguesa.org\/en\/profile\/joao-felix-da-silva\/#breadcrumb"},"inLanguage":"en-US","potentialAction":[{"@type":"ReadAction","target":["https:\/\/www.diasporaportuguesa.org\/en\/profile\/joao-felix-da-silva\/"]}]},{"@type":"BreadcrumbList","@id":"https:\/\/www.diasporaportuguesa.org\/en\/profile\/joao-felix-da-silva\/#breadcrumb","itemListElement":[{"@type":"ListItem","position":1,"name":"In\u00edcio","item":"https:\/\/www.diasporaportuguesa.org\/en\/"},{"@type":"ListItem","position":2,"name":"Jo\u00e3o F\u00e9lix da Silva"}]},{"@type":"WebSite","@id":"https:\/\/www.diasporaportuguesa.org\/#website","url":"https:\/\/www.diasporaportuguesa.org\/","name":"Conselho da Di\u00e1spora Portuguesa","description":"Conselho da Di\u00e1spora Portuguesa","publisher":{"@id":"https:\/\/www.diasporaportuguesa.org\/#organization"},"potentialAction":[{"@type":"SearchAction","target":{"@type":"EntryPoint","urlTemplate":"https:\/\/www.diasporaportuguesa.org\/?s={search_term_string}"},"query-input":"required name=search_term_string"}],"inLanguage":"en-US"},{"@type":"Organization","@id":"https:\/\/www.diasporaportuguesa.org\/#organization","name":"Conselho da Di\u00e1spora Portuguesa","url":"https:\/\/www.diasporaportuguesa.org\/","logo":{"@type":"ImageObject","inLanguage":"en-US","@id":"https:\/\/www.diasporaportuguesa.org\/#\/schema\/logo\/image\/","url":"https:\/\/www.diasporaportuguesa.org\/wp-content\/uploads\/2022\/11\/conselho-diaspora-portuguesa.png","contentUrl":"https:\/\/www.diasporaportuguesa.org\/wp-content\/uploads\/2022\/11\/conselho-diaspora-portuguesa.png","width":735,"height":216,"caption":"Conselho da Di\u00e1spora Portuguesa"},"image":{"@id":"https:\/\/www.diasporaportuguesa.org\/#\/schema\/logo\/image\/"},"sameAs":["https:\/\/twitter.com\/CdDiaspora","https:\/\/www.linkedin.com\/company\/conselho-da-diaspora-portuguesa\/","https:\/\/www.youtube.com\/channel\/UCEI8qERhtqzV1UgdITBo6rw\/videos"]}]}},"_links":{"self":[{"href":"https:\/\/www.diasporaportuguesa.org\/en\/wp-json\/wp\/v2\/perfis\/13162"}],"collection":[{"href":"https:\/\/www.diasporaportuguesa.org\/en\/wp-json\/wp\/v2\/perfis"}],"about":[{"href":"https:\/\/www.diasporaportuguesa.org\/en\/wp-json\/wp\/v2\/types\/perfis"}],"author":[{"embeddable":true,"href":"https:\/\/www.diasporaportuguesa.org\/en\/wp-json\/wp\/v2\/users\/1"}],"wp:featuredmedia":[{"embeddable":true,"href":"https:\/\/www.diasporaportuguesa.org\/en\/wp-json\/wp\/v2\/media\/12781"}],"wp:attachment":[{"href":"https:\/\/www.diasporaportuguesa.org\/en\/wp-json\/wp\/v2\/media?parent=13162"}],"wp:term":[{"taxonomy":"grupo","embeddable":true,"href":"https:\/\/www.diasporaportuguesa.org\/en\/wp-json\/wp\/v2\/grupo?post=13162"}],"curies":[{"name":"wp","href":"https:\/\/api.w.org\/{rel}","templated":true}]}}

João Félix da Silva

<p>João Félix da Silva was the Executive Chairman of the John Cockerill Industry Group for 6 years, and is the current President’s Advisor to the group, since 2022. Félix da Silva is also a member of the Executive Committee of the CMI Group, which has around 4,500 employees and is present in Africa, Brazil, China, Europe, India, New Caledonia, Russia and the United States.</p>



<p>He served as the Chief Executive Officer of ArcelorMittal Méditerranée, being responsible for the factories of “Fos sur Mer” and “St Chély d’Apcher”, in France, and for the factories of “Piombino”, in Italy.</p>



<p>He holds a Master’s degree in Electronics from the Institut Supérieur Industriel du Hainaut (Belgium), a Master’s degree in Electromechanical Engineering from the Institut Supérieur des Ingénieurs Techniciens de Charleroi (Belgium) and a Master’s degree in Management from the Ecole de Perfectionnement au Management (Belgium).</p>



<p>João Félix da Silva is also administrator of CRM, a research steel center in Belgium and President of CMIFPE, an Indian company listed on the stock exchange.</p>



<p>He started his career in Belgium where he executed various technical and directive positions and today he has more than 35 years of experience on the steel industry.</p>



<p>He is a member of the Portuguese Diaspora Council since 2014.</p>

<!-- This site is optimized with the Yoast SEO plugin v21.3 - https://yoast.com/wordpress/plugins/seo/ -->
<title>João Félix da Silva - Conselho da Diáspora Portuguesa</title>
<meta name="description" content="Get to know João Félix da Silva&#039;s profile." />
<meta name="robots" content="index, follow, max-snippet:-1, max-image-preview:large, max-video-preview:-1" />
<link rel="canonical" href="https://www.diasporaportuguesa.org/en/profile/joao-felix-da-silva/" />
<meta property="og:locale" content="en_US" />
<meta property="og:type" content="article" />
<meta property="og:title" content="João Félix da Silva - Conselho da Diáspora Portuguesa" />
<meta property="og:description" content="Get to know João Félix da Silva&#039;s profile." />
<meta property="og:url" content="https://www.diasporaportuguesa.org/en/profile/joao-felix-da-silva/" />
<meta property="og:site_name" content="Conselho da Diáspora Portuguesa" />
<meta property="article:modified_time" content="2023-02-03T14:24:07+00:00" />
<meta property="og:image" content="https://www.diasporaportuguesa.org/wp-content/uploads/2022/12/J-1QE93o-1-e1675245333935.jpeg" />
	<meta property="og:image:width" content="747" />
	<meta property="og:image:height" content="877" />
	<meta property="og:image:type" content="image/jpeg" />
<meta name="twitter:card" content="summary_large_image" />
<meta name="twitter:site" content="@CdDiaspora" />
<meta name="twitter:label1" content="Est. reading time" />
	<meta name="twitter:data1" content="2 minutes" />
<script type="application/ld+json" class="yoast-schema-graph">{"@context":"https://schema.org","@graph":[{"@type":"WebPage","@id":"https://www.diasporaportuguesa.org/en/profile/joao-felix-da-silva/","url":"https://www.diasporaportuguesa.org/en/profile/joao-felix-da-silva/","name":"João Félix da Silva - Conselho da Diáspora Portuguesa","isPartOf":{"@id":"https://www.diasporaportuguesa.org/#website"},"datePublished":"2022-12-30T12:47:13+00:00","dateModified":"2023-02-03T14:24:07+00:00","description":"Get to know João Félix da Silva's profile.","breadcrumb":{"@id":"https://www.diasporaportuguesa.org/en/profile/joao-felix-da-silva/#breadcrumb"},"inLanguage":"en-US","potentialAction":[{"@type":"ReadAction","target":["https://www.diasporaportuguesa.org/en/profile/joao-felix-da-silva/"]}]},{"@type":"BreadcrumbList","@id":"https://www.diasporaportuguesa.org/en/profile/joao-felix-da-silva/#breadcrumb","itemListElement":[{"@type":"ListItem","position":1,"name":"Início","item":"https://www.diasporaportuguesa.org/en/"},{"@type":"ListItem","position":2,"name":"João Félix da Silva"}]},{"@type":"WebSite","@id":"https://www.diasporaportuguesa.org/#website","url":"https://www.diasporaportuguesa.org/","name":"Conselho da Diáspora Portuguesa","description":"Conselho da Diáspora Portuguesa","publisher":{"@id":"https://www.diasporaportuguesa.org/#organization"},"potentialAction":[{"@type":"SearchAction","target":{"@type":"EntryPoint","urlTemplate":"https://www.diasporaportuguesa.org/?s={search_term_string}"},"query-input":"required name=search_term_string"}],"inLanguage":"en-US"},{"@type":"Organization","@id":"https://www.diasporaportuguesa.org/#organization","name":"Conselho da Diáspora Portuguesa","url":"https://www.diasporaportuguesa.org/","logo":{"@type":"ImageObject","inLanguage":"en-US","@id":"https://www.diasporaportuguesa.org/#/schema/logo/image/","url":"https://www.diasporaportuguesa.org/wp-content/uploads/2022/11/conselho-diaspora-portuguesa.png","contentUrl":"https://www.diasporaportuguesa.org/wp-content/uploads/2022/11/conselho-diaspora-portuguesa.png","width":735,"height":216,"caption":"Conselho da Diáspora Portuguesa"},"image":{"@id":"https://www.diasporaportuguesa.org/#/schema/logo/image/"},"sameAs":["https://twitter.com/CdDiaspora","https://www.linkedin.com/company/conselho-da-diaspora-portuguesa/","https://www.youtube.com/channel/UCEI8qERhtqzV1UgdITBo6rw/videos"]}]}</script>
<!-- / Yoast SEO plugin. -->

João Félix da Silva - Conselho da Diáspora Portuguesa

Get to know João Félix da Silva's profile.

Conselho da Diáspora Portuguesa

Início
