{"id":13172,"date":"2022-12-30T12:15:20","date_gmt":"2022-12-30T12:15:20","guid":{"rendered":"https:\/\/www.diasporaportuguesa.org\/perfil\/goncalo-neves-correia\/"},"modified":"2023-02-01T11:39:20","modified_gmt":"2023-02-01T11:39:20","slug":"goncalo-neves-correia","status":"publish","type":"perfis","link":"https:\/\/www.diasporaportuguesa.org\/en\/profile\/goncalo-neves-correia\/","title":{"rendered":"Gon\u00e7alo Neves-Correia"},"content":{"rendered":"\n<p>Gon\u00e7alo Neves-Correia is a Co-Founding Partner and CEO of ThirdWay Partners, an international investment and advisory firm focused on sustainable development, which was established in 2014 and with offices in London, Madrid, Johannesburg, Maputo and Nairobi. ThirdWay Partners creates opportunities that deliver economic, social, and environmental returns across two business arms: Advisory and Asset Management.<br>In Advisory, ThirdWay Partners has supported transactions more than US$ 1bn across corporate finance and impact consulting mandates. ThirdWay Partners\u2019 Asset Management business currently has assets under of US$ 75mn across several impact-focused vehicles.<br>Neves-Correia has represented ThirdWay Partners at numerous events globally as a speaker and has participated on forums and panels as an industry expert in investment and advisory focusing on sustainable development.<br>Prior to Co-founding ThirdWay Partners, Mr. Neves-Correia was an Executive Director at JP Morgan in London, leading Strategic Investments in Europe and being responsible for a portfolio of over US$ 150mn of venture capital investments. During this period, Mr. Neves-Correia additionally participated in the Board of Directors of multiple portfolio companies. Prior to this, he was an Engagement Manager at McKinsey &amp; Co., focusing on Strategy for Financial Institutions. He started his Investment Banking career as Analyst in Equity Sales &amp; Equity Research at Goldman Sachs in London.<br>Neves-Correia holds an M.B.A. from Harvard Business School, graduating as a Baker Scholar and a B.A. in Economics from Yale University, where he graduated Magna Cum Laude.<br>Gon\u00e7alo Neves-Correia is a member of the Portuguese Diaspora Council since December 2022.<\/p>\n","protected":false},"author":1,"featured_media":12751,"template":"","meta":[],"grupo":[281],"acf":[],"yoast_head":"<!-- This site is optimized with the Yoast SEO plugin v21.3 - https:\/\/yoast.com\/wordpress\/plugins\/seo\/ -->\n<title>Gon\u00e7alo Neves-Correia - Conselho da Di\u00e1spora Portuguesa<\/title>\n<meta name=\"description\" content=\"Get to know Gon\u00e7alo Neves-Correia&#039;s profile.\" \/>\n<meta name=\"robots\" content=\"index, follow, max-snippet:-1, max-image-preview:large, max-video-preview:-1\" \/>\n<link rel=\"canonical\" href=\"https:\/\/www.diasporaportuguesa.org\/en\/profile\/goncalo-neves-correia\/\" \/>\n<meta property=\"og:locale\" content=\"en_US\" \/>\n<meta property=\"og:type\" content=\"article\" \/>\n<meta property=\"og:title\" content=\"Gon\u00e7alo Neves-Correia - Conselho da Di\u00e1spora Portuguesa\" \/>\n<meta property=\"og:description\" content=\"Get to know Gon\u00e7alo Neves-Correia&#039;s profile.\" \/>\n<meta property=\"og:url\" content=\"https:\/\/www.diasporaportuguesa.org\/en\/profile\/goncalo-neves-correia\/\" \/>\n<meta property=\"og:site_name\" content=\"Conselho da Di\u00e1spora Portuguesa\" \/>\n<meta property=\"article:modified_time\" content=\"2023-02-01T11:39:20+00:00\" \/>\n<meta property=\"og:image\" content=\"https:\/\/www.diasporaportuguesa.org\/wp-content\/uploads\/2022\/12\/qqozp8IA-1.jpeg\" \/>\n\t<meta property=\"og:image:width\" content=\"600\" \/>\n\t<meta property=\"og:image:height\" content=\"399\" \/>\n\t<meta property=\"og:image:type\" content=\"image\/jpeg\" \/>\n<meta name=\"twitter:card\" content=\"summary_large_image\" \/>\n<meta name=\"twitter:site\" content=\"@CdDiaspora\" \/>\n<meta name=\"twitter:label1\" content=\"Est. reading time\" \/>\n\t<meta name=\"twitter:data1\" content=\"2 minutes\" \/>\n<script type=\"application\/ld+json\" class=\"yoast-schema-graph\">{\"@context\":\"https:\/\/schema.org\",\"@graph\":[{\"@type\":\"WebPage\",\"@id\":\"https:\/\/www.diasporaportuguesa.org\/en\/profile\/goncalo-neves-correia\/\",\"url\":\"https:\/\/www.diasporaportuguesa.org\/en\/profile\/goncalo-neves-correia\/\",\"name\":\"Gon\u00e7alo Neves-Correia - Conselho da Di\u00e1spora Portuguesa\",\"isPartOf\":{\"@id\":\"https:\/\/www.diasporaportuguesa.org\/#website\"},\"datePublished\":\"2022-12-30T12:15:20+00:00\",\"dateModified\":\"2023-02-01T11:39:20+00:00\",\"description\":\"Get to know Gon\u00e7alo Neves-Correia's profile.\",\"breadcrumb\":{\"@id\":\"https:\/\/www.diasporaportuguesa.org\/en\/profile\/goncalo-neves-correia\/#breadcrumb\"},\"inLanguage\":\"en-US\",\"potentialAction\":[{\"@type\":\"ReadAction\",\"target\":[\"https:\/\/www.diasporaportuguesa.org\/en\/profile\/goncalo-neves-correia\/\"]}]},{\"@type\":\"BreadcrumbList\",\"@id\":\"https:\/\/www.diasporaportuguesa.org\/en\/profile\/goncalo-neves-correia\/#breadcrumb\",\"itemListElement\":[{\"@type\":\"ListItem\",\"position\":1,\"name\":\"In\u00edcio\",\"item\":\"https:\/\/www.diasporaportuguesa.org\/en\/\"},{\"@type\":\"ListItem\",\"position\":2,\"name\":\"Gon\u00e7alo Neves-Correia\"}]},{\"@type\":\"WebSite\",\"@id\":\"https:\/\/www.diasporaportuguesa.org\/#website\",\"url\":\"https:\/\/www.diasporaportuguesa.org\/\",\"name\":\"Conselho da Di\u00e1spora Portuguesa\",\"description\":\"Conselho da Di\u00e1spora Portuguesa\",\"publisher\":{\"@id\":\"https:\/\/www.diasporaportuguesa.org\/#organization\"},\"potentialAction\":[{\"@type\":\"SearchAction\",\"target\":{\"@type\":\"EntryPoint\",\"urlTemplate\":\"https:\/\/www.diasporaportuguesa.org\/?s={search_term_string}\"},\"query-input\":\"required name=search_term_string\"}],\"inLanguage\":\"en-US\"},{\"@type\":\"Organization\",\"@id\":\"https:\/\/www.diasporaportuguesa.org\/#organization\",\"name\":\"Conselho da Di\u00e1spora Portuguesa\",\"url\":\"https:\/\/www.diasporaportuguesa.org\/\",\"logo\":{\"@type\":\"ImageObject\",\"inLanguage\":\"en-US\",\"@id\":\"https:\/\/www.diasporaportuguesa.org\/#\/schema\/logo\/image\/\",\"url\":\"https:\/\/www.diasporaportuguesa.org\/wp-content\/uploads\/2022\/11\/conselho-diaspora-portuguesa.png\",\"contentUrl\":\"https:\/\/www.diasporaportuguesa.org\/wp-content\/uploads\/2022\/11\/conselho-diaspora-portuguesa.png\",\"width\":735,\"height\":216,\"caption\":\"Conselho da Di\u00e1spora Portuguesa\"},\"image\":{\"@id\":\"https:\/\/www.diasporaportuguesa.org\/#\/schema\/logo\/image\/\"},\"sameAs\":[\"https:\/\/twitter.com\/CdDiaspora\",\"https:\/\/www.linkedin.com\/company\/conselho-da-diaspora-portuguesa\/\",\"https:\/\/www.youtube.com\/channel\/UCEI8qERhtqzV1UgdITBo6rw\/videos\"]}]}<\/script>\n<!-- \/ Yoast SEO plugin. -->","yoast_head_json":{"title":"Gon\u00e7alo Neves-Correia - Conselho da Di\u00e1spora Portuguesa","description":"Get to know Gon\u00e7alo Neves-Correia's profile.","robots":{"index":"index","follow":"follow","max-snippet":"max-snippet:-1","max-image-preview":"max-image-preview:large","max-video-preview":"max-video-preview:-1"},"canonical":"https:\/\/www.diasporaportuguesa.org\/en\/profile\/goncalo-neves-correia\/","og_locale":"en_US","og_type":"article","og_title":"Gon\u00e7alo Neves-Correia - Conselho da Di\u00e1spora Portuguesa","og_description":"Get to know Gon\u00e7alo Neves-Correia's profile.","og_url":"https:\/\/www.diasporaportuguesa.org\/en\/profile\/goncalo-neves-correia\/","og_site_name":"Conselho da Di\u00e1spora Portuguesa","article_modified_time":"2023-02-01T11:39:20+00:00","og_image":[{"width":600,"height":399,"url":"https:\/\/www.diasporaportuguesa.org\/wp-content\/uploads\/2022\/12\/qqozp8IA-1.jpeg","type":"image\/jpeg"}],"twitter_card":"summary_large_image","twitter_site":"@CdDiaspora","twitter_misc":{"Est. reading time":"2 minutes"},"schema":{"@context":"https:\/\/schema.org","@graph":[{"@type":"WebPage","@id":"https:\/\/www.diasporaportuguesa.org\/en\/profile\/goncalo-neves-correia\/","url":"https:\/\/www.diasporaportuguesa.org\/en\/profile\/goncalo-neves-correia\/","name":"Gon\u00e7alo Neves-Correia - Conselho da Di\u00e1spora Portuguesa","isPartOf":{"@id":"https:\/\/www.diasporaportuguesa.org\/#website"},"datePublished":"2022-12-30T12:15:20+00:00","dateModified":"2023-02-01T11:39:20+00:00","description":"Get to know Gon\u00e7alo Neves-Correia's profile.","breadcrumb":{"@id":"https:\/\/www.diasporaportuguesa.org\/en\/profile\/goncalo-neves-correia\/#breadcrumb"},"inLanguage":"en-US","potentialAction":[{"@type":"ReadAction","target":["https:\/\/www.diasporaportuguesa.org\/en\/profile\/goncalo-neves-correia\/"]}]},{"@type":"BreadcrumbList","@id":"https:\/\/www.diasporaportuguesa.org\/en\/profile\/goncalo-neves-correia\/#breadcrumb","itemListElement":[{"@type":"ListItem","position":1,"name":"In\u00edcio","item":"https:\/\/www.diasporaportuguesa.org\/en\/"},{"@type":"ListItem","position":2,"name":"Gon\u00e7alo Neves-Correia"}]},{"@type":"WebSite","@id":"https:\/\/www.diasporaportuguesa.org\/#website","url":"https:\/\/www.diasporaportuguesa.org\/","name":"Conselho da Di\u00e1spora Portuguesa","description":"Conselho da Di\u00e1spora Portuguesa","publisher":{"@id":"https:\/\/www.diasporaportuguesa.org\/#organization"},"potentialAction":[{"@type":"SearchAction","target":{"@type":"EntryPoint","urlTemplate":"https:\/\/www.diasporaportuguesa.org\/?s={search_term_string}"},"query-input":"required name=search_term_string"}],"inLanguage":"en-US"},{"@type":"Organization","@id":"https:\/\/www.diasporaportuguesa.org\/#organization","name":"Conselho da Di\u00e1spora Portuguesa","url":"https:\/\/www.diasporaportuguesa.org\/","logo":{"@type":"ImageObject","inLanguage":"en-US","@id":"https:\/\/www.diasporaportuguesa.org\/#\/schema\/logo\/image\/","url":"https:\/\/www.diasporaportuguesa.org\/wp-content\/uploads\/2022\/11\/conselho-diaspora-portuguesa.png","contentUrl":"https:\/\/www.diasporaportuguesa.org\/wp-content\/uploads\/2022\/11\/conselho-diaspora-portuguesa.png","width":735,"height":216,"caption":"Conselho da Di\u00e1spora Portuguesa"},"image":{"@id":"https:\/\/www.diasporaportuguesa.org\/#\/schema\/logo\/image\/"},"sameAs":["https:\/\/twitter.com\/CdDiaspora","https:\/\/www.linkedin.com\/company\/conselho-da-diaspora-portuguesa\/","https:\/\/www.youtube.com\/channel\/UCEI8qERhtqzV1UgdITBo6rw\/videos"]}]}},"_links":{"self":[{"href":"https:\/\/www.diasporaportuguesa.org\/en\/wp-json\/wp\/v2\/perfis\/13172"}],"collection":[{"href":"https:\/\/www.diasporaportuguesa.org\/en\/wp-json\/wp\/v2\/perfis"}],"about":[{"href":"https:\/\/www.diasporaportuguesa.org\/en\/wp-json\/wp\/v2\/types\/perfis"}],"author":[{"embeddable":true,"href":"https:\/\/www.diasporaportuguesa.org\/en\/wp-json\/wp\/v2\/users\/1"}],"wp:featuredmedia":[{"embeddable":true,"href":"https:\/\/www.diasporaportuguesa.org\/en\/wp-json\/wp\/v2\/media\/12751"}],"wp:attachment":[{"href":"https:\/\/www.diasporaportuguesa.org\/en\/wp-json\/wp\/v2\/media?parent=13172"}],"wp:term":[{"taxonomy":"grupo","embeddable":true,"href":"https:\/\/www.diasporaportuguesa.org\/en\/wp-json\/wp\/v2\/grupo?post=13172"}],"curies":[{"name":"wp","href":"https:\/\/api.w.org\/{rel}","templated":true}]}}

Gonçalo Neves-Correia

<p>Gonçalo Neves-Correia is a Co-Founding Partner and CEO of ThirdWay Partners, an international investment and advisory firm focused on sustainable development, which was established in 2014 and with offices in London, Madrid, Johannesburg, Maputo and Nairobi. ThirdWay Partners creates opportunities that deliver economic, social, and environmental returns across two business arms: Advisory and Asset Management.<br>In Advisory, ThirdWay Partners has supported transactions more than US$ 1bn across corporate finance and impact consulting mandates. ThirdWay Partners’ Asset Management business currently has assets under of US$ 75mn across several impact-focused vehicles.<br>Neves-Correia has represented ThirdWay Partners at numerous events globally as a speaker and has participated on forums and panels as an industry expert in investment and advisory focusing on sustainable development.<br>Prior to Co-founding ThirdWay Partners, Mr. Neves-Correia was an Executive Director at JP Morgan in London, leading Strategic Investments in Europe and being responsible for a portfolio of over US$ 150mn of venture capital investments. During this period, Mr. Neves-Correia additionally participated in the Board of Directors of multiple portfolio companies. Prior to this, he was an Engagement Manager at McKinsey &amp; Co., focusing on Strategy for Financial Institutions. He started his Investment Banking career as Analyst in Equity Sales &amp; Equity Research at Goldman Sachs in London.<br>Neves-Correia holds an M.B.A. from Harvard Business School, graduating as a Baker Scholar and a B.A. in Economics from Yale University, where he graduated Magna Cum Laude.<br>Gonçalo Neves-Correia is a member of the Portuguese Diaspora Council since December 2022.</p>

<!-- This site is optimized with the Yoast SEO plugin v21.3 - https://yoast.com/wordpress/plugins/seo/ -->
<title>Gonçalo Neves-Correia - Conselho da Diáspora Portuguesa</title>
<meta name="description" content="Get to know Gonçalo Neves-Correia&#039;s profile." />
<meta name="robots" content="index, follow, max-snippet:-1, max-image-preview:large, max-video-preview:-1" />
<link rel="canonical" href="https://www.diasporaportuguesa.org/en/profile/goncalo-neves-correia/" />
<meta property="og:locale" content="en_US" />
<meta property="og:type" content="article" />
<meta property="og:title" content="Gonçalo Neves-Correia - Conselho da Diáspora Portuguesa" />
<meta property="og:description" content="Get to know Gonçalo Neves-Correia&#039;s profile." />
<meta property="og:url" content="https://www.diasporaportuguesa.org/en/profile/goncalo-neves-correia/" />
<meta property="og:site_name" content="Conselho da Diáspora Portuguesa" />
<meta property="article:modified_time" content="2023-02-01T11:39:20+00:00" />
<meta property="og:image" content="https://www.diasporaportuguesa.org/wp-content/uploads/2022/12/qqozp8IA-1.jpeg" />
	<meta property="og:image:width" content="600" />
	<meta property="og:image:height" content="399" />
	<meta property="og:image:type" content="image/jpeg" />
<meta name="twitter:card" content="summary_large_image" />
<meta name="twitter:site" content="@CdDiaspora" />
<meta name="twitter:label1" content="Est. reading time" />
	<meta name="twitter:data1" content="2 minutes" />
<script type="application/ld+json" class="yoast-schema-graph">{"@context":"https://schema.org","@graph":[{"@type":"WebPage","@id":"https://www.diasporaportuguesa.org/en/profile/goncalo-neves-correia/","url":"https://www.diasporaportuguesa.org/en/profile/goncalo-neves-correia/","name":"Gonçalo Neves-Correia - Conselho da Diáspora Portuguesa","isPartOf":{"@id":"https://www.diasporaportuguesa.org/#website"},"datePublished":"2022-12-30T12:15:20+00:00","dateModified":"2023-02-01T11:39:20+00:00","description":"Get to know Gonçalo Neves-Correia's profile.","breadcrumb":{"@id":"https://www.diasporaportuguesa.org/en/profile/goncalo-neves-correia/#breadcrumb"},"inLanguage":"en-US","potentialAction":[{"@type":"ReadAction","target":["https://www.diasporaportuguesa.org/en/profile/goncalo-neves-correia/"]}]},{"@type":"BreadcrumbList","@id":"https://www.diasporaportuguesa.org/en/profile/goncalo-neves-correia/#breadcrumb","itemListElement":[{"@type":"ListItem","position":1,"name":"Início","item":"https://www.diasporaportuguesa.org/en/"},{"@type":"ListItem","position":2,"name":"Gonçalo Neves-Correia"}]},{"@type":"WebSite","@id":"https://www.diasporaportuguesa.org/#website","url":"https://www.diasporaportuguesa.org/","name":"Conselho da Diáspora Portuguesa","description":"Conselho da Diáspora Portuguesa","publisher":{"@id":"https://www.diasporaportuguesa.org/#organization"},"potentialAction":[{"@type":"SearchAction","target":{"@type":"EntryPoint","urlTemplate":"https://www.diasporaportuguesa.org/?s={search_term_string}"},"query-input":"required name=search_term_string"}],"inLanguage":"en-US"},{"@type":"Organization","@id":"https://www.diasporaportuguesa.org/#organization","name":"Conselho da Diáspora Portuguesa","url":"https://www.diasporaportuguesa.org/","logo":{"@type":"ImageObject","inLanguage":"en-US","@id":"https://www.diasporaportuguesa.org/#/schema/logo/image/","url":"https://www.diasporaportuguesa.org/wp-content/uploads/2022/11/conselho-diaspora-portuguesa.png","contentUrl":"https://www.diasporaportuguesa.org/wp-content/uploads/2022/11/conselho-diaspora-portuguesa.png","width":735,"height":216,"caption":"Conselho da Diáspora Portuguesa"},"image":{"@id":"https://www.diasporaportuguesa.org/#/schema/logo/image/"},"sameAs":["https://twitter.com/CdDiaspora","https://www.linkedin.com/company/conselho-da-diaspora-portuguesa/","https://www.youtube.com/channel/UCEI8qERhtqzV1UgdITBo6rw/videos"]}]}</script>
<!-- / Yoast SEO plugin. -->

Gonçalo Neves-Correia - Conselho da Diáspora Portuguesa

Get to know Gonçalo Neves-Correia's profile.

Conselho da Diáspora Portuguesa

Início
