{"id":17006,"date":"2023-08-30T22:13:53","date_gmt":"2023-08-30T22:13:53","guid":{"rendered":"https:\/\/www.diasporaportuguesa.org\/perfil\/monica-cristina\/"},"modified":"2023-08-30T22:14:51","modified_gmt":"2023-08-30T22:14:51","slug":"monica-cristina","status":"publish","type":"perfis","link":"https:\/\/www.diasporaportuguesa.org\/en\/profile\/monica-cristina\/","title":{"rendered":"M\u00f3nica Cristina"},"content":{"rendered":"\n<p>M\u00f3nica Cristina is Managing Director of Weber Shandwick in Brussels, the world&#8217;s second largest communications consultancy network. With over twenty years&#8217; experience in developing communication strategies and campaigns, M\u00f3nica specialises in crisis communication and advising on reputation and government relations issues.<\/p>\n\n\n\n<p>Throughout her career, M\u00f3nica has accumulated experience in the health, agriculture and food industry, technology and energy sectors, with a client portfolio that includes Sanofi, Novartis, Roche, Bayer Crop Science, Nestl\u00e9\/Nespresso, Cargill, Louis Vuitton-M\u00f6et Hennessy, Microsoft, Dell, Mastercard and the Trans-Adriatic Pipeline.<br>Academically, M\u00f3nica has a degree in Social and Cultural Communication from the Catholic University of Lisbon and is fluent in English, French and Spanish.<\/p>\n\n\n\n<p>M\u00f3nica Cristina has been a member of the Portuguese Diaspora Council since 2023.<\/p>\n","protected":false},"author":6,"featured_media":17008,"template":"","meta":[],"grupo":[281],"acf":[],"yoast_head":"<!-- This site is optimized with the Yoast SEO plugin v21.3 - https:\/\/yoast.com\/wordpress\/plugins\/seo\/ -->\n<title>M\u00f3nica Cristina - Conselho da Di\u00e1spora Portuguesa<\/title>\n<meta name=\"robots\" content=\"index, follow, max-snippet:-1, max-image-preview:large, max-video-preview:-1\" \/>\n<link rel=\"canonical\" href=\"https:\/\/www.diasporaportuguesa.org\/en\/profile\/monica-cristina\/\" \/>\n<meta property=\"og:locale\" content=\"en_US\" \/>\n<meta property=\"og:type\" content=\"article\" \/>\n<meta property=\"og:title\" content=\"M\u00f3nica Cristina - Conselho da Di\u00e1spora Portuguesa\" \/>\n<meta property=\"og:description\" content=\"M\u00f3nica Cristina is Managing Director of Weber Shandwick in Brussels, the world&#8217;s second largest communications consultancy network. With over twenty years&#8217; experience in developing communication strategies and campaigns, M\u00f3nica specialises in crisis communication and advising on reputation and government relations issues. Throughout her career, M\u00f3nica has accumulated experience in the health, agriculture and food industry,...\" \/>\n<meta property=\"og:url\" content=\"https:\/\/www.diasporaportuguesa.org\/en\/profile\/monica-cristina\/\" \/>\n<meta property=\"og:site_name\" content=\"Conselho da Di\u00e1spora Portuguesa\" \/>\n<meta property=\"article:modified_time\" content=\"2023-08-30T22:14:51+00:00\" \/>\n<meta property=\"og:image\" content=\"https:\/\/www.diasporaportuguesa.org\/wp-content\/uploads\/2023\/08\/Monica-Vicente-Cristina-134x200-1.jpg\" \/>\n\t<meta property=\"og:image:width\" content=\"134\" \/>\n\t<meta property=\"og:image:height\" content=\"200\" \/>\n\t<meta property=\"og:image:type\" content=\"image\/jpeg\" \/>\n<meta name=\"twitter:card\" content=\"summary_large_image\" \/>\n<meta name=\"twitter:site\" content=\"@CdDiaspora\" \/>\n<meta name=\"twitter:label1\" content=\"Est. reading time\" \/>\n\t<meta name=\"twitter:data1\" content=\"1 minute\" \/>\n<script type=\"application\/ld+json\" class=\"yoast-schema-graph\">{\"@context\":\"https:\/\/schema.org\",\"@graph\":[{\"@type\":\"WebPage\",\"@id\":\"https:\/\/www.diasporaportuguesa.org\/en\/profile\/monica-cristina\/\",\"url\":\"https:\/\/www.diasporaportuguesa.org\/en\/profile\/monica-cristina\/\",\"name\":\"M\u00f3nica Cristina - Conselho da Di\u00e1spora Portuguesa\",\"isPartOf\":{\"@id\":\"https:\/\/www.diasporaportuguesa.org\/#website\"},\"datePublished\":\"2023-08-30T22:13:53+00:00\",\"dateModified\":\"2023-08-30T22:14:51+00:00\",\"breadcrumb\":{\"@id\":\"https:\/\/www.diasporaportuguesa.org\/en\/profile\/monica-cristina\/#breadcrumb\"},\"inLanguage\":\"en-US\",\"potentialAction\":[{\"@type\":\"ReadAction\",\"target\":[\"https:\/\/www.diasporaportuguesa.org\/en\/profile\/monica-cristina\/\"]}]},{\"@type\":\"BreadcrumbList\",\"@id\":\"https:\/\/www.diasporaportuguesa.org\/en\/profile\/monica-cristina\/#breadcrumb\",\"itemListElement\":[{\"@type\":\"ListItem\",\"position\":1,\"name\":\"In\u00edcio\",\"item\":\"https:\/\/www.diasporaportuguesa.org\/en\/\"},{\"@type\":\"ListItem\",\"position\":2,\"name\":\"M\u00f3nica Cristina\"}]},{\"@type\":\"WebSite\",\"@id\":\"https:\/\/www.diasporaportuguesa.org\/#website\",\"url\":\"https:\/\/www.diasporaportuguesa.org\/\",\"name\":\"Conselho da Di\u00e1spora Portuguesa\",\"description\":\"Conselho da Di\u00e1spora Portuguesa\",\"publisher\":{\"@id\":\"https:\/\/www.diasporaportuguesa.org\/#organization\"},\"potentialAction\":[{\"@type\":\"SearchAction\",\"target\":{\"@type\":\"EntryPoint\",\"urlTemplate\":\"https:\/\/www.diasporaportuguesa.org\/?s={search_term_string}\"},\"query-input\":\"required name=search_term_string\"}],\"inLanguage\":\"en-US\"},{\"@type\":\"Organization\",\"@id\":\"https:\/\/www.diasporaportuguesa.org\/#organization\",\"name\":\"Conselho da Di\u00e1spora Portuguesa\",\"url\":\"https:\/\/www.diasporaportuguesa.org\/\",\"logo\":{\"@type\":\"ImageObject\",\"inLanguage\":\"en-US\",\"@id\":\"https:\/\/www.diasporaportuguesa.org\/#\/schema\/logo\/image\/\",\"url\":\"https:\/\/www.diasporaportuguesa.org\/wp-content\/uploads\/2022\/11\/conselho-diaspora-portuguesa.png\",\"contentUrl\":\"https:\/\/www.diasporaportuguesa.org\/wp-content\/uploads\/2022\/11\/conselho-diaspora-portuguesa.png\",\"width\":735,\"height\":216,\"caption\":\"Conselho da Di\u00e1spora Portuguesa\"},\"image\":{\"@id\":\"https:\/\/www.diasporaportuguesa.org\/#\/schema\/logo\/image\/\"},\"sameAs\":[\"https:\/\/twitter.com\/CdDiaspora\",\"https:\/\/www.linkedin.com\/company\/conselho-da-diaspora-portuguesa\/\",\"https:\/\/www.youtube.com\/channel\/UCEI8qERhtqzV1UgdITBo6rw\/videos\"]}]}<\/script>\n<!-- \/ Yoast SEO plugin. -->","yoast_head_json":{"title":"M\u00f3nica Cristina - Conselho da Di\u00e1spora Portuguesa","robots":{"index":"index","follow":"follow","max-snippet":"max-snippet:-1","max-image-preview":"max-image-preview:large","max-video-preview":"max-video-preview:-1"},"canonical":"https:\/\/www.diasporaportuguesa.org\/en\/profile\/monica-cristina\/","og_locale":"en_US","og_type":"article","og_title":"M\u00f3nica Cristina - Conselho da Di\u00e1spora Portuguesa","og_description":"M\u00f3nica Cristina is Managing Director of Weber Shandwick in Brussels, the world&#8217;s second largest communications consultancy network. With over twenty years&#8217; experience in developing communication strategies and campaigns, M\u00f3nica specialises in crisis communication and advising on reputation and government relations issues. Throughout her career, M\u00f3nica has accumulated experience in the health, agriculture and food industry,...","og_url":"https:\/\/www.diasporaportuguesa.org\/en\/profile\/monica-cristina\/","og_site_name":"Conselho da Di\u00e1spora Portuguesa","article_modified_time":"2023-08-30T22:14:51+00:00","og_image":[{"width":134,"height":200,"url":"https:\/\/www.diasporaportuguesa.org\/wp-content\/uploads\/2023\/08\/Monica-Vicente-Cristina-134x200-1.jpg","type":"image\/jpeg"}],"twitter_card":"summary_large_image","twitter_site":"@CdDiaspora","twitter_misc":{"Est. reading time":"1 minute"},"schema":{"@context":"https:\/\/schema.org","@graph":[{"@type":"WebPage","@id":"https:\/\/www.diasporaportuguesa.org\/en\/profile\/monica-cristina\/","url":"https:\/\/www.diasporaportuguesa.org\/en\/profile\/monica-cristina\/","name":"M\u00f3nica Cristina - Conselho da Di\u00e1spora Portuguesa","isPartOf":{"@id":"https:\/\/www.diasporaportuguesa.org\/#website"},"datePublished":"2023-08-30T22:13:53+00:00","dateModified":"2023-08-30T22:14:51+00:00","breadcrumb":{"@id":"https:\/\/www.diasporaportuguesa.org\/en\/profile\/monica-cristina\/#breadcrumb"},"inLanguage":"en-US","potentialAction":[{"@type":"ReadAction","target":["https:\/\/www.diasporaportuguesa.org\/en\/profile\/monica-cristina\/"]}]},{"@type":"BreadcrumbList","@id":"https:\/\/www.diasporaportuguesa.org\/en\/profile\/monica-cristina\/#breadcrumb","itemListElement":[{"@type":"ListItem","position":1,"name":"In\u00edcio","item":"https:\/\/www.diasporaportuguesa.org\/en\/"},{"@type":"ListItem","position":2,"name":"M\u00f3nica Cristina"}]},{"@type":"WebSite","@id":"https:\/\/www.diasporaportuguesa.org\/#website","url":"https:\/\/www.diasporaportuguesa.org\/","name":"Conselho da Di\u00e1spora Portuguesa","description":"Conselho da Di\u00e1spora Portuguesa","publisher":{"@id":"https:\/\/www.diasporaportuguesa.org\/#organization"},"potentialAction":[{"@type":"SearchAction","target":{"@type":"EntryPoint","urlTemplate":"https:\/\/www.diasporaportuguesa.org\/?s={search_term_string}"},"query-input":"required name=search_term_string"}],"inLanguage":"en-US"},{"@type":"Organization","@id":"https:\/\/www.diasporaportuguesa.org\/#organization","name":"Conselho da Di\u00e1spora Portuguesa","url":"https:\/\/www.diasporaportuguesa.org\/","logo":{"@type":"ImageObject","inLanguage":"en-US","@id":"https:\/\/www.diasporaportuguesa.org\/#\/schema\/logo\/image\/","url":"https:\/\/www.diasporaportuguesa.org\/wp-content\/uploads\/2022\/11\/conselho-diaspora-portuguesa.png","contentUrl":"https:\/\/www.diasporaportuguesa.org\/wp-content\/uploads\/2022\/11\/conselho-diaspora-portuguesa.png","width":735,"height":216,"caption":"Conselho da Di\u00e1spora Portuguesa"},"image":{"@id":"https:\/\/www.diasporaportuguesa.org\/#\/schema\/logo\/image\/"},"sameAs":["https:\/\/twitter.com\/CdDiaspora","https:\/\/www.linkedin.com\/company\/conselho-da-diaspora-portuguesa\/","https:\/\/www.youtube.com\/channel\/UCEI8qERhtqzV1UgdITBo6rw\/videos"]}]}},"_links":{"self":[{"href":"https:\/\/www.diasporaportuguesa.org\/en\/wp-json\/wp\/v2\/perfis\/17006"}],"collection":[{"href":"https:\/\/www.diasporaportuguesa.org\/en\/wp-json\/wp\/v2\/perfis"}],"about":[{"href":"https:\/\/www.diasporaportuguesa.org\/en\/wp-json\/wp\/v2\/types\/perfis"}],"author":[{"embeddable":true,"href":"https:\/\/www.diasporaportuguesa.org\/en\/wp-json\/wp\/v2\/users\/6"}],"wp:featuredmedia":[{"embeddable":true,"href":"https:\/\/www.diasporaportuguesa.org\/en\/wp-json\/wp\/v2\/media\/17008"}],"wp:attachment":[{"href":"https:\/\/www.diasporaportuguesa.org\/en\/wp-json\/wp\/v2\/media?parent=17006"}],"wp:term":[{"taxonomy":"grupo","embeddable":true,"href":"https:\/\/www.diasporaportuguesa.org\/en\/wp-json\/wp\/v2\/grupo?post=17006"}],"curies":[{"name":"wp","href":"https:\/\/api.w.org\/{rel}","templated":true}]}}

Mónica Cristina

<p>Mónica Cristina is Managing Director of Weber Shandwick in Brussels, the world&#8217;s second largest communications consultancy network. With over twenty years&#8217; experience in developing communication strategies and campaigns, Mónica specialises in crisis communication and advising on reputation and government relations issues.</p>



<p>Throughout her career, Mónica has accumulated experience in the health, agriculture and food industry, technology and energy sectors, with a client portfolio that includes Sanofi, Novartis, Roche, Bayer Crop Science, Nestlé/Nespresso, Cargill, Louis Vuitton-Möet Hennessy, Microsoft, Dell, Mastercard and the Trans-Adriatic Pipeline.<br>Academically, Mónica has a degree in Social and Cultural Communication from the Catholic University of Lisbon and is fluent in English, French and Spanish.</p>



<p>Mónica Cristina has been a member of the Portuguese Diaspora Council since 2023.</p>

<!-- This site is optimized with the Yoast SEO plugin v21.3 - https://yoast.com/wordpress/plugins/seo/ -->
<title>Mónica Cristina - Conselho da Diáspora Portuguesa</title>
<meta name="robots" content="index, follow, max-snippet:-1, max-image-preview:large, max-video-preview:-1" />
<link rel="canonical" href="https://www.diasporaportuguesa.org/en/profile/monica-cristina/" />
<meta property="og:locale" content="en_US" />
<meta property="og:type" content="article" />
<meta property="og:title" content="Mónica Cristina - Conselho da Diáspora Portuguesa" />
<meta property="og:description" content="Mónica Cristina is Managing Director of Weber Shandwick in Brussels, the world&#8217;s second largest communications consultancy network. With over twenty years&#8217; experience in developing communication strategies and campaigns, Mónica specialises in crisis communication and advising on reputation and government relations issues. Throughout her career, Mónica has accumulated experience in the health, agriculture and food industry,..." />
<meta property="og:url" content="https://www.diasporaportuguesa.org/en/profile/monica-cristina/" />
<meta property="og:site_name" content="Conselho da Diáspora Portuguesa" />
<meta property="article:modified_time" content="2023-08-30T22:14:51+00:00" />
<meta property="og:image" content="https://www.diasporaportuguesa.org/wp-content/uploads/2023/08/Monica-Vicente-Cristina-134x200-1.jpg" />
	<meta property="og:image:width" content="134" />
	<meta property="og:image:height" content="200" />
	<meta property="og:image:type" content="image/jpeg" />
<meta name="twitter:card" content="summary_large_image" />
<meta name="twitter:site" content="@CdDiaspora" />
<meta name="twitter:label1" content="Est. reading time" />
	<meta name="twitter:data1" content="1 minute" />
<script type="application/ld+json" class="yoast-schema-graph">{"@context":"https://schema.org","@graph":[{"@type":"WebPage","@id":"https://www.diasporaportuguesa.org/en/profile/monica-cristina/","url":"https://www.diasporaportuguesa.org/en/profile/monica-cristina/","name":"Mónica Cristina - Conselho da Diáspora Portuguesa","isPartOf":{"@id":"https://www.diasporaportuguesa.org/#website"},"datePublished":"2023-08-30T22:13:53+00:00","dateModified":"2023-08-30T22:14:51+00:00","breadcrumb":{"@id":"https://www.diasporaportuguesa.org/en/profile/monica-cristina/#breadcrumb"},"inLanguage":"en-US","potentialAction":[{"@type":"ReadAction","target":["https://www.diasporaportuguesa.org/en/profile/monica-cristina/"]}]},{"@type":"BreadcrumbList","@id":"https://www.diasporaportuguesa.org/en/profile/monica-cristina/#breadcrumb","itemListElement":[{"@type":"ListItem","position":1,"name":"Início","item":"https://www.diasporaportuguesa.org/en/"},{"@type":"ListItem","position":2,"name":"Mónica Cristina"}]},{"@type":"WebSite","@id":"https://www.diasporaportuguesa.org/#website","url":"https://www.diasporaportuguesa.org/","name":"Conselho da Diáspora Portuguesa","description":"Conselho da Diáspora Portuguesa","publisher":{"@id":"https://www.diasporaportuguesa.org/#organization"},"potentialAction":[{"@type":"SearchAction","target":{"@type":"EntryPoint","urlTemplate":"https://www.diasporaportuguesa.org/?s={search_term_string}"},"query-input":"required name=search_term_string"}],"inLanguage":"en-US"},{"@type":"Organization","@id":"https://www.diasporaportuguesa.org/#organization","name":"Conselho da Diáspora Portuguesa","url":"https://www.diasporaportuguesa.org/","logo":{"@type":"ImageObject","inLanguage":"en-US","@id":"https://www.diasporaportuguesa.org/#/schema/logo/image/","url":"https://www.diasporaportuguesa.org/wp-content/uploads/2022/11/conselho-diaspora-portuguesa.png","contentUrl":"https://www.diasporaportuguesa.org/wp-content/uploads/2022/11/conselho-diaspora-portuguesa.png","width":735,"height":216,"caption":"Conselho da Diáspora Portuguesa"},"image":{"@id":"https://www.diasporaportuguesa.org/#/schema/logo/image/"},"sameAs":["https://twitter.com/CdDiaspora","https://www.linkedin.com/company/conselho-da-diaspora-portuguesa/","https://www.youtube.com/channel/UCEI8qERhtqzV1UgdITBo6rw/videos"]}]}</script>
<!-- / Yoast SEO plugin. -->

Mónica Cristina - Conselho da Diáspora Portuguesa

Mónica Cristina is Managing Director of Weber Shandwick in Brussels, the world&#8217;s second largest communications consultancy network. With over twenty years&#8217; experience in developing communication strategies and campaigns, Mónica specialises in crisis communication and advising on reputation and government relations issues. Throughout her career, Mónica has accumulated experience in the health, agriculture and food industry,...

Conselho da Diáspora Portuguesa

Início
