{"id":17017,"date":"2023-09-01T13:22:25","date_gmt":"2023-09-01T13:22:25","guid":{"rendered":"https:\/\/www.diasporaportuguesa.org\/perfil\/nuno-carvalhosa\/"},"modified":"2023-09-04T15:31:52","modified_gmt":"2023-09-04T15:31:52","slug":"nuno-carvalhosa","status":"publish","type":"perfis","link":"https:\/\/www.diasporaportuguesa.org\/en\/profile\/nuno-carvalhosa\/","title":{"rendered":"Nuno Carvalhosa"},"content":{"rendered":"\n<p>Nuno Carvalhosa currently leads Cellnex Western Europe, being responsible for the group&#8217;s activity in the Netherlands, Ireland and Portugal. Previously, Nuno Carvalhosa led the operations of Cellnex Portugal, a position he acquired at the beginning of 2020, following the acquisition of the Cellnex Group from OMTEL, the first independent tower company in Portugal, of which Nuno has been CEO since its start-up in 2018.<\/p>\n\n\n\n<p>Throughout his career, Nuno Carvalhosa has held various leadership positions, namely as Managing Director at Barents Capital, Executive Director at NOS Comunica\u00e7\u00f5es and ZON TV Cabo, Chairman of the Board of the General Shareholders&#8217; Meeting of ZON A\u00e7ores and has also held various other executive positions at ZON TV Cabo and PT Comunica\u00e7\u00f5es.<\/p>\n\n\n\n<p>Before that, he worked as a Senior Associate at DiamondCluster\/ Cluster Consulting with projects in Spain, Portugal and Brazil in various industries.<\/p>\n\n\n\n<p>He began his career at AutoEuropa, where he worked in the areas of Product Engineering, Manufacturing Planning and Industrial Engineering &amp; Layout.<\/p>\n\n\n\n<p>Academically, Nuno Carvalhosa has a degree in Industrial Engineering and Management from Instituto Superior T\u00e9cnico, an MBA from INSEAD (Fontainebleau, France), an Advanced Management Programme from the Kellogg School of Management (Northwestern University, Chicago) and Universidade Cat\u00f3lica and &#8220;The Challenge of Leadership&#8221; Programme from INSEAD.<\/p>\n\n\n\n<p>Nuno Carvalhosa has been a member of the Portuguese Diaspora Council since 2023.<\/p>\n","protected":false},"author":6,"featured_media":17016,"template":"","meta":[],"grupo":[281],"acf":[],"yoast_head":"<!-- This site is optimized with the Yoast SEO plugin v21.3 - https:\/\/yoast.com\/wordpress\/plugins\/seo\/ -->\n<title>Nuno Carvalhosa - Conselho da Di\u00e1spora Portuguesa<\/title>\n<meta name=\"robots\" content=\"index, follow, max-snippet:-1, max-image-preview:large, max-video-preview:-1\" \/>\n<link rel=\"canonical\" href=\"https:\/\/www.diasporaportuguesa.org\/en\/profile\/nuno-carvalhosa\/\" \/>\n<meta property=\"og:locale\" content=\"en_US\" \/>\n<meta property=\"og:type\" content=\"article\" \/>\n<meta property=\"og:title\" content=\"Nuno Carvalhosa - Conselho da Di\u00e1spora Portuguesa\" \/>\n<meta property=\"og:description\" content=\"Nuno Carvalhosa currently leads Cellnex Western Europe, being responsible for the group&#8217;s activity in the Netherlands, Ireland and Portugal. Previously, Nuno Carvalhosa led the operations of Cellnex Portugal, a position he acquired at the beginning of 2020, following the acquisition of the Cellnex Group from OMTEL, the first independent tower company in Portugal, of which...\" \/>\n<meta property=\"og:url\" content=\"https:\/\/www.diasporaportuguesa.org\/en\/profile\/nuno-carvalhosa\/\" \/>\n<meta property=\"og:site_name\" content=\"Conselho da Di\u00e1spora Portuguesa\" \/>\n<meta property=\"article:modified_time\" content=\"2023-09-04T15:31:52+00:00\" \/>\n<meta property=\"og:image\" content=\"https:\/\/www.diasporaportuguesa.org\/wp-content\/uploads\/2023\/09\/thumbnail_IMG_3702.jpg\" \/>\n\t<meta property=\"og:image:width\" content=\"1150\" \/>\n\t<meta property=\"og:image:height\" content=\"1200\" \/>\n\t<meta property=\"og:image:type\" content=\"image\/jpeg\" \/>\n<meta name=\"twitter:card\" content=\"summary_large_image\" \/>\n<meta name=\"twitter:site\" content=\"@CdDiaspora\" \/>\n<meta name=\"twitter:label1\" content=\"Est. reading time\" \/>\n\t<meta name=\"twitter:data1\" content=\"2 minutes\" \/>\n<script type=\"application\/ld+json\" class=\"yoast-schema-graph\">{\"@context\":\"https:\/\/schema.org\",\"@graph\":[{\"@type\":\"WebPage\",\"@id\":\"https:\/\/www.diasporaportuguesa.org\/en\/profile\/nuno-carvalhosa\/\",\"url\":\"https:\/\/www.diasporaportuguesa.org\/en\/profile\/nuno-carvalhosa\/\",\"name\":\"Nuno Carvalhosa - Conselho da Di\u00e1spora Portuguesa\",\"isPartOf\":{\"@id\":\"https:\/\/www.diasporaportuguesa.org\/#website\"},\"datePublished\":\"2023-09-01T13:22:25+00:00\",\"dateModified\":\"2023-09-04T15:31:52+00:00\",\"breadcrumb\":{\"@id\":\"https:\/\/www.diasporaportuguesa.org\/en\/profile\/nuno-carvalhosa\/#breadcrumb\"},\"inLanguage\":\"en-US\",\"potentialAction\":[{\"@type\":\"ReadAction\",\"target\":[\"https:\/\/www.diasporaportuguesa.org\/en\/profile\/nuno-carvalhosa\/\"]}]},{\"@type\":\"BreadcrumbList\",\"@id\":\"https:\/\/www.diasporaportuguesa.org\/en\/profile\/nuno-carvalhosa\/#breadcrumb\",\"itemListElement\":[{\"@type\":\"ListItem\",\"position\":1,\"name\":\"In\u00edcio\",\"item\":\"https:\/\/www.diasporaportuguesa.org\/en\/\"},{\"@type\":\"ListItem\",\"position\":2,\"name\":\"Nuno Carvalhosa\"}]},{\"@type\":\"WebSite\",\"@id\":\"https:\/\/www.diasporaportuguesa.org\/#website\",\"url\":\"https:\/\/www.diasporaportuguesa.org\/\",\"name\":\"Conselho da Di\u00e1spora Portuguesa\",\"description\":\"Conselho da Di\u00e1spora Portuguesa\",\"publisher\":{\"@id\":\"https:\/\/www.diasporaportuguesa.org\/#organization\"},\"potentialAction\":[{\"@type\":\"SearchAction\",\"target\":{\"@type\":\"EntryPoint\",\"urlTemplate\":\"https:\/\/www.diasporaportuguesa.org\/?s={search_term_string}\"},\"query-input\":\"required name=search_term_string\"}],\"inLanguage\":\"en-US\"},{\"@type\":\"Organization\",\"@id\":\"https:\/\/www.diasporaportuguesa.org\/#organization\",\"name\":\"Conselho da Di\u00e1spora Portuguesa\",\"url\":\"https:\/\/www.diasporaportuguesa.org\/\",\"logo\":{\"@type\":\"ImageObject\",\"inLanguage\":\"en-US\",\"@id\":\"https:\/\/www.diasporaportuguesa.org\/#\/schema\/logo\/image\/\",\"url\":\"https:\/\/www.diasporaportuguesa.org\/wp-content\/uploads\/2022\/11\/conselho-diaspora-portuguesa.png\",\"contentUrl\":\"https:\/\/www.diasporaportuguesa.org\/wp-content\/uploads\/2022\/11\/conselho-diaspora-portuguesa.png\",\"width\":735,\"height\":216,\"caption\":\"Conselho da Di\u00e1spora Portuguesa\"},\"image\":{\"@id\":\"https:\/\/www.diasporaportuguesa.org\/#\/schema\/logo\/image\/\"},\"sameAs\":[\"https:\/\/twitter.com\/CdDiaspora\",\"https:\/\/www.linkedin.com\/company\/conselho-da-diaspora-portuguesa\/\",\"https:\/\/www.youtube.com\/channel\/UCEI8qERhtqzV1UgdITBo6rw\/videos\"]}]}<\/script>\n<!-- \/ Yoast SEO plugin. -->","yoast_head_json":{"title":"Nuno Carvalhosa - Conselho da Di\u00e1spora Portuguesa","robots":{"index":"index","follow":"follow","max-snippet":"max-snippet:-1","max-image-preview":"max-image-preview:large","max-video-preview":"max-video-preview:-1"},"canonical":"https:\/\/www.diasporaportuguesa.org\/en\/profile\/nuno-carvalhosa\/","og_locale":"en_US","og_type":"article","og_title":"Nuno Carvalhosa - Conselho da Di\u00e1spora Portuguesa","og_description":"Nuno Carvalhosa currently leads Cellnex Western Europe, being responsible for the group&#8217;s activity in the Netherlands, Ireland and Portugal. Previously, Nuno Carvalhosa led the operations of Cellnex Portugal, a position he acquired at the beginning of 2020, following the acquisition of the Cellnex Group from OMTEL, the first independent tower company in Portugal, of which...","og_url":"https:\/\/www.diasporaportuguesa.org\/en\/profile\/nuno-carvalhosa\/","og_site_name":"Conselho da Di\u00e1spora Portuguesa","article_modified_time":"2023-09-04T15:31:52+00:00","og_image":[{"width":1150,"height":1200,"url":"https:\/\/www.diasporaportuguesa.org\/wp-content\/uploads\/2023\/09\/thumbnail_IMG_3702.jpg","type":"image\/jpeg"}],"twitter_card":"summary_large_image","twitter_site":"@CdDiaspora","twitter_misc":{"Est. reading time":"2 minutes"},"schema":{"@context":"https:\/\/schema.org","@graph":[{"@type":"WebPage","@id":"https:\/\/www.diasporaportuguesa.org\/en\/profile\/nuno-carvalhosa\/","url":"https:\/\/www.diasporaportuguesa.org\/en\/profile\/nuno-carvalhosa\/","name":"Nuno Carvalhosa - Conselho da Di\u00e1spora Portuguesa","isPartOf":{"@id":"https:\/\/www.diasporaportuguesa.org\/#website"},"datePublished":"2023-09-01T13:22:25+00:00","dateModified":"2023-09-04T15:31:52+00:00","breadcrumb":{"@id":"https:\/\/www.diasporaportuguesa.org\/en\/profile\/nuno-carvalhosa\/#breadcrumb"},"inLanguage":"en-US","potentialAction":[{"@type":"ReadAction","target":["https:\/\/www.diasporaportuguesa.org\/en\/profile\/nuno-carvalhosa\/"]}]},{"@type":"BreadcrumbList","@id":"https:\/\/www.diasporaportuguesa.org\/en\/profile\/nuno-carvalhosa\/#breadcrumb","itemListElement":[{"@type":"ListItem","position":1,"name":"In\u00edcio","item":"https:\/\/www.diasporaportuguesa.org\/en\/"},{"@type":"ListItem","position":2,"name":"Nuno Carvalhosa"}]},{"@type":"WebSite","@id":"https:\/\/www.diasporaportuguesa.org\/#website","url":"https:\/\/www.diasporaportuguesa.org\/","name":"Conselho da Di\u00e1spora Portuguesa","description":"Conselho da Di\u00e1spora Portuguesa","publisher":{"@id":"https:\/\/www.diasporaportuguesa.org\/#organization"},"potentialAction":[{"@type":"SearchAction","target":{"@type":"EntryPoint","urlTemplate":"https:\/\/www.diasporaportuguesa.org\/?s={search_term_string}"},"query-input":"required name=search_term_string"}],"inLanguage":"en-US"},{"@type":"Organization","@id":"https:\/\/www.diasporaportuguesa.org\/#organization","name":"Conselho da Di\u00e1spora Portuguesa","url":"https:\/\/www.diasporaportuguesa.org\/","logo":{"@type":"ImageObject","inLanguage":"en-US","@id":"https:\/\/www.diasporaportuguesa.org\/#\/schema\/logo\/image\/","url":"https:\/\/www.diasporaportuguesa.org\/wp-content\/uploads\/2022\/11\/conselho-diaspora-portuguesa.png","contentUrl":"https:\/\/www.diasporaportuguesa.org\/wp-content\/uploads\/2022\/11\/conselho-diaspora-portuguesa.png","width":735,"height":216,"caption":"Conselho da Di\u00e1spora Portuguesa"},"image":{"@id":"https:\/\/www.diasporaportuguesa.org\/#\/schema\/logo\/image\/"},"sameAs":["https:\/\/twitter.com\/CdDiaspora","https:\/\/www.linkedin.com\/company\/conselho-da-diaspora-portuguesa\/","https:\/\/www.youtube.com\/channel\/UCEI8qERhtqzV1UgdITBo6rw\/videos"]}]}},"_links":{"self":[{"href":"https:\/\/www.diasporaportuguesa.org\/en\/wp-json\/wp\/v2\/perfis\/17017"}],"collection":[{"href":"https:\/\/www.diasporaportuguesa.org\/en\/wp-json\/wp\/v2\/perfis"}],"about":[{"href":"https:\/\/www.diasporaportuguesa.org\/en\/wp-json\/wp\/v2\/types\/perfis"}],"author":[{"embeddable":true,"href":"https:\/\/www.diasporaportuguesa.org\/en\/wp-json\/wp\/v2\/users\/6"}],"wp:featuredmedia":[{"embeddable":true,"href":"https:\/\/www.diasporaportuguesa.org\/en\/wp-json\/wp\/v2\/media\/17016"}],"wp:attachment":[{"href":"https:\/\/www.diasporaportuguesa.org\/en\/wp-json\/wp\/v2\/media?parent=17017"}],"wp:term":[{"taxonomy":"grupo","embeddable":true,"href":"https:\/\/www.diasporaportuguesa.org\/en\/wp-json\/wp\/v2\/grupo?post=17017"}],"curies":[{"name":"wp","href":"https:\/\/api.w.org\/{rel}","templated":true}]}}

<p>Nuno Carvalhosa currently leads Cellnex Western Europe, being responsible for the group&#8217;s activity in the Netherlands, Ireland and Portugal. Previously, Nuno Carvalhosa led the operations of Cellnex Portugal, a position he acquired at the beginning of 2020, following the acquisition of the Cellnex Group from OMTEL, the first independent tower company in Portugal, of which Nuno has been CEO since its start-up in 2018.</p>



<p>Throughout his career, Nuno Carvalhosa has held various leadership positions, namely as Managing Director at Barents Capital, Executive Director at NOS Comunicações and ZON TV Cabo, Chairman of the Board of the General Shareholders&#8217; Meeting of ZON Açores and has also held various other executive positions at ZON TV Cabo and PT Comunicações.</p>



<p>Before that, he worked as a Senior Associate at DiamondCluster/ Cluster Consulting with projects in Spain, Portugal and Brazil in various industries.</p>



<p>He began his career at AutoEuropa, where he worked in the areas of Product Engineering, Manufacturing Planning and Industrial Engineering &amp; Layout.</p>



<p>Academically, Nuno Carvalhosa has a degree in Industrial Engineering and Management from Instituto Superior Técnico, an MBA from INSEAD (Fontainebleau, France), an Advanced Management Programme from the Kellogg School of Management (Northwestern University, Chicago) and Universidade Católica and &#8220;The Challenge of Leadership&#8221; Programme from INSEAD.</p>



<p>Nuno Carvalhosa has been a member of the Portuguese Diaspora Council since 2023.</p>

<!-- This site is optimized with the Yoast SEO plugin v21.3 - https://yoast.com/wordpress/plugins/seo/ -->
<title>Nuno Carvalhosa - Conselho da Diáspora Portuguesa</title>
<meta name="robots" content="index, follow, max-snippet:-1, max-image-preview:large, max-video-preview:-1" />
<link rel="canonical" href="https://www.diasporaportuguesa.org/en/profile/nuno-carvalhosa/" />
<meta property="og:locale" content="en_US" />
<meta property="og:type" content="article" />
<meta property="og:title" content="Nuno Carvalhosa - Conselho da Diáspora Portuguesa" />
<meta property="og:description" content="Nuno Carvalhosa currently leads Cellnex Western Europe, being responsible for the group&#8217;s activity in the Netherlands, Ireland and Portugal. Previously, Nuno Carvalhosa led the operations of Cellnex Portugal, a position he acquired at the beginning of 2020, following the acquisition of the Cellnex Group from OMTEL, the first independent tower company in Portugal, of which..." />
<meta property="og:url" content="https://www.diasporaportuguesa.org/en/profile/nuno-carvalhosa/" />
<meta property="og:site_name" content="Conselho da Diáspora Portuguesa" />
<meta property="article:modified_time" content="2023-09-04T15:31:52+00:00" />
<meta property="og:image" content="https://www.diasporaportuguesa.org/wp-content/uploads/2023/09/thumbnail_IMG_3702.jpg" />
	<meta property="og:image:width" content="1150" />
	<meta property="og:image:height" content="1200" />
	<meta property="og:image:type" content="image/jpeg" />
<meta name="twitter:card" content="summary_large_image" />
<meta name="twitter:site" content="@CdDiaspora" />
<meta name="twitter:label1" content="Est. reading time" />
	<meta name="twitter:data1" content="2 minutes" />
<script type="application/ld+json" class="yoast-schema-graph">{"@context":"https://schema.org","@graph":[{"@type":"WebPage","@id":"https://www.diasporaportuguesa.org/en/profile/nuno-carvalhosa/","url":"https://www.diasporaportuguesa.org/en/profile/nuno-carvalhosa/","name":"Nuno Carvalhosa - Conselho da Diáspora Portuguesa","isPartOf":{"@id":"https://www.diasporaportuguesa.org/#website"},"datePublished":"2023-09-01T13:22:25+00:00","dateModified":"2023-09-04T15:31:52+00:00","breadcrumb":{"@id":"https://www.diasporaportuguesa.org/en/profile/nuno-carvalhosa/#breadcrumb"},"inLanguage":"en-US","potentialAction":[{"@type":"ReadAction","target":["https://www.diasporaportuguesa.org/en/profile/nuno-carvalhosa/"]}]},{"@type":"BreadcrumbList","@id":"https://www.diasporaportuguesa.org/en/profile/nuno-carvalhosa/#breadcrumb","itemListElement":[{"@type":"ListItem","position":1,"name":"Início","item":"https://www.diasporaportuguesa.org/en/"},{"@type":"ListItem","position":2,"name":"Nuno Carvalhosa"}]},{"@type":"WebSite","@id":"https://www.diasporaportuguesa.org/#website","url":"https://www.diasporaportuguesa.org/","name":"Conselho da Diáspora Portuguesa","description":"Conselho da Diáspora Portuguesa","publisher":{"@id":"https://www.diasporaportuguesa.org/#organization"},"potentialAction":[{"@type":"SearchAction","target":{"@type":"EntryPoint","urlTemplate":"https://www.diasporaportuguesa.org/?s={search_term_string}"},"query-input":"required name=search_term_string"}],"inLanguage":"en-US"},{"@type":"Organization","@id":"https://www.diasporaportuguesa.org/#organization","name":"Conselho da Diáspora Portuguesa","url":"https://www.diasporaportuguesa.org/","logo":{"@type":"ImageObject","inLanguage":"en-US","@id":"https://www.diasporaportuguesa.org/#/schema/logo/image/","url":"https://www.diasporaportuguesa.org/wp-content/uploads/2022/11/conselho-diaspora-portuguesa.png","contentUrl":"https://www.diasporaportuguesa.org/wp-content/uploads/2022/11/conselho-diaspora-portuguesa.png","width":735,"height":216,"caption":"Conselho da Diáspora Portuguesa"},"image":{"@id":"https://www.diasporaportuguesa.org/#/schema/logo/image/"},"sameAs":["https://twitter.com/CdDiaspora","https://www.linkedin.com/company/conselho-da-diaspora-portuguesa/","https://www.youtube.com/channel/UCEI8qERhtqzV1UgdITBo6rw/videos"]}]}</script>
<!-- / Yoast SEO plugin. -->

Nuno Carvalhosa - Conselho da Diáspora Portuguesa

Conselho da Diáspora Portuguesa

Início
