{"id":17752,"date":"2023-11-28T10:04:10","date_gmt":"2023-11-28T10:04:10","guid":{"rendered":"https:\/\/www.diasporaportuguesa.org\/?post_type=perfis&#038;p=17752"},"modified":"2024-01-11T13:24:02","modified_gmt":"2024-01-11T13:24:02","slug":"carlos-cid-alvares","status":"publish","type":"perfis","link":"https:\/\/www.diasporaportuguesa.org\/en\/profile\/carlos-cid-alvares\/","title":{"rendered":"Carlos Cid \u00c1lvares"},"content":{"rendered":"\n<p>Carlos Cid \u00c1lvares has been Executive Vice President and CEO of Banco Nacional Ultramarino, S.A. in Macau since June 2018. He is Vice-Chairman of the Macau Banking Association, Member of the Advisory Board of the Monetary Authority of Macau (AMCM), Vice-Chairman of the Standing Committee of the Macau Financial Community for the Preparation of Commemorations, Vice-Chairman of the Macau European Chamber of Commerce (MECC) and President of the Portuguese-Chinese Chamber of Commerce and Industry in Macau.<\/p>\n\n\n\n<p>Carlos Cid \u00c1lvares was Executive Chairman of Banco Popular Portugal and CEO and Executive Director of several Banco Popular subsidiaries in Portugal between 2011 and 2017. Since 1984, he has had extensive experience in the banking sector, having been General Director of Banco Comercial Portugu\u00eas, Chairman of Millennium Bcp Bank &amp; Trust and Vice-Chairman of Millennium Bcp Banque Priv\u00e9e Gen\u00e9ve.<\/p>\n\n\n\n<p>Academically, he has a degree in Business Management from Universidade Cat\u00f3lica Portuguesa.<\/p>\n\n\n\n<p>Carlos Cid \u00c1lvares has been a member of the Portuguese Diaspora Council since November 2023.<\/p>\n","protected":false},"author":10,"featured_media":17753,"template":"","meta":[],"grupo":[281],"acf":[],"yoast_head":"<!-- This site is optimized with the Yoast SEO plugin v21.3 - https:\/\/yoast.com\/wordpress\/plugins\/seo\/ -->\n<title>Carlos Cid \u00c1lvares - Conselho da Di\u00e1spora Portuguesa<\/title>\n<meta name=\"robots\" content=\"index, follow, max-snippet:-1, max-image-preview:large, max-video-preview:-1\" \/>\n<link rel=\"canonical\" href=\"https:\/\/www.diasporaportuguesa.org\/en\/profile\/carlos-cid-alvares\/\" \/>\n<meta property=\"og:locale\" content=\"en_US\" \/>\n<meta property=\"og:type\" content=\"article\" \/>\n<meta property=\"og:title\" content=\"Carlos Cid \u00c1lvares - Conselho da Di\u00e1spora Portuguesa\" \/>\n<meta property=\"og:description\" content=\"Carlos Cid \u00c1lvares has been Executive Vice President and CEO of Banco Nacional Ultramarino, S.A. in Macau since June 2018. He is Vice-Chairman of the Macau Banking Association, Member of the Advisory Board of the Monetary Authority of Macau (AMCM), Vice-Chairman of the Standing Committee of the Macau Financial Community for the Preparation of Commemorations,...\" \/>\n<meta property=\"og:url\" content=\"https:\/\/www.diasporaportuguesa.org\/en\/profile\/carlos-cid-alvares\/\" \/>\n<meta property=\"og:site_name\" content=\"Conselho da Di\u00e1spora Portuguesa\" \/>\n<meta property=\"article:modified_time\" content=\"2024-01-11T13:24:02+00:00\" \/>\n<meta property=\"og:image\" content=\"https:\/\/www.diasporaportuguesa.org\/wp-content\/uploads\/2023\/11\/Carlos-Cid-Alvares.jpg\" \/>\n\t<meta property=\"og:image:width\" content=\"224\" \/>\n\t<meta property=\"og:image:height\" content=\"224\" \/>\n\t<meta property=\"og:image:type\" content=\"image\/jpeg\" \/>\n<meta name=\"twitter:card\" content=\"summary_large_image\" \/>\n<meta name=\"twitter:site\" content=\"@CdDiaspora\" \/>\n<meta name=\"twitter:label1\" content=\"Est. reading time\" \/>\n\t<meta name=\"twitter:data1\" content=\"1 minute\" \/>\n<script type=\"application\/ld+json\" class=\"yoast-schema-graph\">{\"@context\":\"https:\/\/schema.org\",\"@graph\":[{\"@type\":\"WebPage\",\"@id\":\"https:\/\/www.diasporaportuguesa.org\/en\/profile\/carlos-cid-alvares\/\",\"url\":\"https:\/\/www.diasporaportuguesa.org\/en\/profile\/carlos-cid-alvares\/\",\"name\":\"Carlos Cid \u00c1lvares - Conselho da Di\u00e1spora Portuguesa\",\"isPartOf\":{\"@id\":\"https:\/\/www.diasporaportuguesa.org\/#website\"},\"datePublished\":\"2023-11-28T10:04:10+00:00\",\"dateModified\":\"2024-01-11T13:24:02+00:00\",\"breadcrumb\":{\"@id\":\"https:\/\/www.diasporaportuguesa.org\/en\/profile\/carlos-cid-alvares\/#breadcrumb\"},\"inLanguage\":\"en-US\",\"potentialAction\":[{\"@type\":\"ReadAction\",\"target\":[\"https:\/\/www.diasporaportuguesa.org\/en\/profile\/carlos-cid-alvares\/\"]}]},{\"@type\":\"BreadcrumbList\",\"@id\":\"https:\/\/www.diasporaportuguesa.org\/en\/profile\/carlos-cid-alvares\/#breadcrumb\",\"itemListElement\":[{\"@type\":\"ListItem\",\"position\":1,\"name\":\"In\u00edcio\",\"item\":\"https:\/\/www.diasporaportuguesa.org\/en\/\"},{\"@type\":\"ListItem\",\"position\":2,\"name\":\"Carlos Cid \u00c1lvares\"}]},{\"@type\":\"WebSite\",\"@id\":\"https:\/\/www.diasporaportuguesa.org\/#website\",\"url\":\"https:\/\/www.diasporaportuguesa.org\/\",\"name\":\"Conselho da Di\u00e1spora Portuguesa\",\"description\":\"Conselho da Di\u00e1spora Portuguesa\",\"publisher\":{\"@id\":\"https:\/\/www.diasporaportuguesa.org\/#organization\"},\"potentialAction\":[{\"@type\":\"SearchAction\",\"target\":{\"@type\":\"EntryPoint\",\"urlTemplate\":\"https:\/\/www.diasporaportuguesa.org\/?s={search_term_string}\"},\"query-input\":\"required name=search_term_string\"}],\"inLanguage\":\"en-US\"},{\"@type\":\"Organization\",\"@id\":\"https:\/\/www.diasporaportuguesa.org\/#organization\",\"name\":\"Conselho da Di\u00e1spora Portuguesa\",\"url\":\"https:\/\/www.diasporaportuguesa.org\/\",\"logo\":{\"@type\":\"ImageObject\",\"inLanguage\":\"en-US\",\"@id\":\"https:\/\/www.diasporaportuguesa.org\/#\/schema\/logo\/image\/\",\"url\":\"https:\/\/www.diasporaportuguesa.org\/wp-content\/uploads\/2022\/11\/conselho-diaspora-portuguesa.png\",\"contentUrl\":\"https:\/\/www.diasporaportuguesa.org\/wp-content\/uploads\/2022\/11\/conselho-diaspora-portuguesa.png\",\"width\":735,\"height\":216,\"caption\":\"Conselho da Di\u00e1spora Portuguesa\"},\"image\":{\"@id\":\"https:\/\/www.diasporaportuguesa.org\/#\/schema\/logo\/image\/\"},\"sameAs\":[\"https:\/\/twitter.com\/CdDiaspora\",\"https:\/\/www.linkedin.com\/company\/conselho-da-diaspora-portuguesa\/\",\"https:\/\/www.youtube.com\/channel\/UCEI8qERhtqzV1UgdITBo6rw\/videos\"]}]}<\/script>\n<!-- \/ Yoast SEO plugin. -->","yoast_head_json":{"title":"Carlos Cid \u00c1lvares - Conselho da Di\u00e1spora Portuguesa","robots":{"index":"index","follow":"follow","max-snippet":"max-snippet:-1","max-image-preview":"max-image-preview:large","max-video-preview":"max-video-preview:-1"},"canonical":"https:\/\/www.diasporaportuguesa.org\/en\/profile\/carlos-cid-alvares\/","og_locale":"en_US","og_type":"article","og_title":"Carlos Cid \u00c1lvares - Conselho da Di\u00e1spora Portuguesa","og_description":"Carlos Cid \u00c1lvares has been Executive Vice President and CEO of Banco Nacional Ultramarino, S.A. in Macau since June 2018. He is Vice-Chairman of the Macau Banking Association, Member of the Advisory Board of the Monetary Authority of Macau (AMCM), Vice-Chairman of the Standing Committee of the Macau Financial Community for the Preparation of Commemorations,...","og_url":"https:\/\/www.diasporaportuguesa.org\/en\/profile\/carlos-cid-alvares\/","og_site_name":"Conselho da Di\u00e1spora Portuguesa","article_modified_time":"2024-01-11T13:24:02+00:00","og_image":[{"width":224,"height":224,"url":"https:\/\/www.diasporaportuguesa.org\/wp-content\/uploads\/2023\/11\/Carlos-Cid-Alvares.jpg","type":"image\/jpeg"}],"twitter_card":"summary_large_image","twitter_site":"@CdDiaspora","twitter_misc":{"Est. reading time":"1 minute"},"schema":{"@context":"https:\/\/schema.org","@graph":[{"@type":"WebPage","@id":"https:\/\/www.diasporaportuguesa.org\/en\/profile\/carlos-cid-alvares\/","url":"https:\/\/www.diasporaportuguesa.org\/en\/profile\/carlos-cid-alvares\/","name":"Carlos Cid \u00c1lvares - Conselho da Di\u00e1spora Portuguesa","isPartOf":{"@id":"https:\/\/www.diasporaportuguesa.org\/#website"},"datePublished":"2023-11-28T10:04:10+00:00","dateModified":"2024-01-11T13:24:02+00:00","breadcrumb":{"@id":"https:\/\/www.diasporaportuguesa.org\/en\/profile\/carlos-cid-alvares\/#breadcrumb"},"inLanguage":"en-US","potentialAction":[{"@type":"ReadAction","target":["https:\/\/www.diasporaportuguesa.org\/en\/profile\/carlos-cid-alvares\/"]}]},{"@type":"BreadcrumbList","@id":"https:\/\/www.diasporaportuguesa.org\/en\/profile\/carlos-cid-alvares\/#breadcrumb","itemListElement":[{"@type":"ListItem","position":1,"name":"In\u00edcio","item":"https:\/\/www.diasporaportuguesa.org\/en\/"},{"@type":"ListItem","position":2,"name":"Carlos Cid \u00c1lvares"}]},{"@type":"WebSite","@id":"https:\/\/www.diasporaportuguesa.org\/#website","url":"https:\/\/www.diasporaportuguesa.org\/","name":"Conselho da Di\u00e1spora Portuguesa","description":"Conselho da Di\u00e1spora Portuguesa","publisher":{"@id":"https:\/\/www.diasporaportuguesa.org\/#organization"},"potentialAction":[{"@type":"SearchAction","target":{"@type":"EntryPoint","urlTemplate":"https:\/\/www.diasporaportuguesa.org\/?s={search_term_string}"},"query-input":"required name=search_term_string"}],"inLanguage":"en-US"},{"@type":"Organization","@id":"https:\/\/www.diasporaportuguesa.org\/#organization","name":"Conselho da Di\u00e1spora Portuguesa","url":"https:\/\/www.diasporaportuguesa.org\/","logo":{"@type":"ImageObject","inLanguage":"en-US","@id":"https:\/\/www.diasporaportuguesa.org\/#\/schema\/logo\/image\/","url":"https:\/\/www.diasporaportuguesa.org\/wp-content\/uploads\/2022\/11\/conselho-diaspora-portuguesa.png","contentUrl":"https:\/\/www.diasporaportuguesa.org\/wp-content\/uploads\/2022\/11\/conselho-diaspora-portuguesa.png","width":735,"height":216,"caption":"Conselho da Di\u00e1spora Portuguesa"},"image":{"@id":"https:\/\/www.diasporaportuguesa.org\/#\/schema\/logo\/image\/"},"sameAs":["https:\/\/twitter.com\/CdDiaspora","https:\/\/www.linkedin.com\/company\/conselho-da-diaspora-portuguesa\/","https:\/\/www.youtube.com\/channel\/UCEI8qERhtqzV1UgdITBo6rw\/videos"]}]}},"_links":{"self":[{"href":"https:\/\/www.diasporaportuguesa.org\/en\/wp-json\/wp\/v2\/perfis\/17752"}],"collection":[{"href":"https:\/\/www.diasporaportuguesa.org\/en\/wp-json\/wp\/v2\/perfis"}],"about":[{"href":"https:\/\/www.diasporaportuguesa.org\/en\/wp-json\/wp\/v2\/types\/perfis"}],"author":[{"embeddable":true,"href":"https:\/\/www.diasporaportuguesa.org\/en\/wp-json\/wp\/v2\/users\/10"}],"wp:featuredmedia":[{"embeddable":true,"href":"https:\/\/www.diasporaportuguesa.org\/en\/wp-json\/wp\/v2\/media\/17753"}],"wp:attachment":[{"href":"https:\/\/www.diasporaportuguesa.org\/en\/wp-json\/wp\/v2\/media?parent=17752"}],"wp:term":[{"taxonomy":"grupo","embeddable":true,"href":"https:\/\/www.diasporaportuguesa.org\/en\/wp-json\/wp\/v2\/grupo?post=17752"}],"curies":[{"name":"wp","href":"https:\/\/api.w.org\/{rel}","templated":true}]}}

Carlos Cid Álvares

<p>Carlos Cid Álvares has been Executive Vice President and CEO of Banco Nacional Ultramarino, S.A. in Macau since June 2018. He is Vice-Chairman of the Macau Banking Association, Member of the Advisory Board of the Monetary Authority of Macau (AMCM), Vice-Chairman of the Standing Committee of the Macau Financial Community for the Preparation of Commemorations, Vice-Chairman of the Macau European Chamber of Commerce (MECC) and President of the Portuguese-Chinese Chamber of Commerce and Industry in Macau.</p>



<p>Carlos Cid Álvares was Executive Chairman of Banco Popular Portugal and CEO and Executive Director of several Banco Popular subsidiaries in Portugal between 2011 and 2017. Since 1984, he has had extensive experience in the banking sector, having been General Director of Banco Comercial Português, Chairman of Millennium Bcp Bank &amp; Trust and Vice-Chairman of Millennium Bcp Banque Privée Genéve.</p>



<p>Academically, he has a degree in Business Management from Universidade Católica Portuguesa.</p>



<p>Carlos Cid Álvares has been a member of the Portuguese Diaspora Council since November 2023.</p>

<!-- This site is optimized with the Yoast SEO plugin v21.3 - https://yoast.com/wordpress/plugins/seo/ -->
<title>Carlos Cid Álvares - Conselho da Diáspora Portuguesa</title>
<meta name="robots" content="index, follow, max-snippet:-1, max-image-preview:large, max-video-preview:-1" />
<link rel="canonical" href="https://www.diasporaportuguesa.org/en/profile/carlos-cid-alvares/" />
<meta property="og:locale" content="en_US" />
<meta property="og:type" content="article" />
<meta property="og:title" content="Carlos Cid Álvares - Conselho da Diáspora Portuguesa" />
<meta property="og:description" content="Carlos Cid Álvares has been Executive Vice President and CEO of Banco Nacional Ultramarino, S.A. in Macau since June 2018. He is Vice-Chairman of the Macau Banking Association, Member of the Advisory Board of the Monetary Authority of Macau (AMCM), Vice-Chairman of the Standing Committee of the Macau Financial Community for the Preparation of Commemorations,..." />
<meta property="og:url" content="https://www.diasporaportuguesa.org/en/profile/carlos-cid-alvares/" />
<meta property="og:site_name" content="Conselho da Diáspora Portuguesa" />
<meta property="article:modified_time" content="2024-01-11T13:24:02+00:00" />
<meta property="og:image" content="https://www.diasporaportuguesa.org/wp-content/uploads/2023/11/Carlos-Cid-Alvares.jpg" />
	<meta property="og:image:width" content="224" />
	<meta property="og:image:height" content="224" />
	<meta property="og:image:type" content="image/jpeg" />
<meta name="twitter:card" content="summary_large_image" />
<meta name="twitter:site" content="@CdDiaspora" />
<meta name="twitter:label1" content="Est. reading time" />
	<meta name="twitter:data1" content="1 minute" />
<script type="application/ld+json" class="yoast-schema-graph">{"@context":"https://schema.org","@graph":[{"@type":"WebPage","@id":"https://www.diasporaportuguesa.org/en/profile/carlos-cid-alvares/","url":"https://www.diasporaportuguesa.org/en/profile/carlos-cid-alvares/","name":"Carlos Cid Álvares - Conselho da Diáspora Portuguesa","isPartOf":{"@id":"https://www.diasporaportuguesa.org/#website"},"datePublished":"2023-11-28T10:04:10+00:00","dateModified":"2024-01-11T13:24:02+00:00","breadcrumb":{"@id":"https://www.diasporaportuguesa.org/en/profile/carlos-cid-alvares/#breadcrumb"},"inLanguage":"en-US","potentialAction":[{"@type":"ReadAction","target":["https://www.diasporaportuguesa.org/en/profile/carlos-cid-alvares/"]}]},{"@type":"BreadcrumbList","@id":"https://www.diasporaportuguesa.org/en/profile/carlos-cid-alvares/#breadcrumb","itemListElement":[{"@type":"ListItem","position":1,"name":"Início","item":"https://www.diasporaportuguesa.org/en/"},{"@type":"ListItem","position":2,"name":"Carlos Cid Álvares"}]},{"@type":"WebSite","@id":"https://www.diasporaportuguesa.org/#website","url":"https://www.diasporaportuguesa.org/","name":"Conselho da Diáspora Portuguesa","description":"Conselho da Diáspora Portuguesa","publisher":{"@id":"https://www.diasporaportuguesa.org/#organization"},"potentialAction":[{"@type":"SearchAction","target":{"@type":"EntryPoint","urlTemplate":"https://www.diasporaportuguesa.org/?s={search_term_string}"},"query-input":"required name=search_term_string"}],"inLanguage":"en-US"},{"@type":"Organization","@id":"https://www.diasporaportuguesa.org/#organization","name":"Conselho da Diáspora Portuguesa","url":"https://www.diasporaportuguesa.org/","logo":{"@type":"ImageObject","inLanguage":"en-US","@id":"https://www.diasporaportuguesa.org/#/schema/logo/image/","url":"https://www.diasporaportuguesa.org/wp-content/uploads/2022/11/conselho-diaspora-portuguesa.png","contentUrl":"https://www.diasporaportuguesa.org/wp-content/uploads/2022/11/conselho-diaspora-portuguesa.png","width":735,"height":216,"caption":"Conselho da Diáspora Portuguesa"},"image":{"@id":"https://www.diasporaportuguesa.org/#/schema/logo/image/"},"sameAs":["https://twitter.com/CdDiaspora","https://www.linkedin.com/company/conselho-da-diaspora-portuguesa/","https://www.youtube.com/channel/UCEI8qERhtqzV1UgdITBo6rw/videos"]}]}</script>
<!-- / Yoast SEO plugin. -->

Carlos Cid Álvares - Conselho da Diáspora Portuguesa

Carlos Cid Álvares has been Executive Vice President and CEO of Banco Nacional Ultramarino, S.A. in Macau since June 2018. He is Vice-Chairman of the Macau Banking Association, Member of the Advisory Board of the Monetary Authority of Macau (AMCM), Vice-Chairman of the Standing Committee of the Macau Financial Community for the Preparation of Commemorations,...

Conselho da Diáspora Portuguesa

Início
