{"id":17759,"date":"2023-11-28T10:10:21","date_gmt":"2023-11-28T10:10:21","guid":{"rendered":"https:\/\/www.diasporaportuguesa.org\/?post_type=perfis&#038;p=17759"},"modified":"2024-01-12T10:13:50","modified_gmt":"2024-01-12T10:13:50","slug":"catarina-levy-osorio","status":"publish","type":"perfis","link":"https:\/\/www.diasporaportuguesa.org\/en\/profile\/catarina-levy-osorio\/","title":{"rendered":"Catarina Levy Os\u00f3rio"},"content":{"rendered":"\n<p>Catarina Levy Os\u00f3rio is a partner at Morais Leit\u00e3o, where she has been since 2010, and the coordinator of matters relating to Angola. She is also the founder and managing partner of ALC Advogados, Morais Leit\u00e3o&#8217;s Angolan partner within the Morais Leit\u00e3o Legal Circle network.<\/p>\n\n\n\n<p>Admitted to the Portuguese Bar Association and the Angolan Bar Association, she has significant experience in the Angolan market where she has practiced law since 2008, assisting clients in this market, leading restructuring projects, mergers and acquisitions, involving private investment, corporate, foreign exchange and tax law issues. Catarina regularly assists in the areas of banking and finance, namely in financing operations and foreign exchange issues.<\/p>\n\n\n\n<p>Before joining Morais Leit\u00e3o, she worked as a lawyer in the areas of tax consultancy and planning and held positions at PwC and Cuatrecasas, assisting clients from various sectors of activity in the areas of VAT and Property Tax and gaining relevant experience in the preparation of tax diagnoses and the implementation of business and corporate structures.<\/p>\n\n\n\n<p>Catarina participates as a speaker in seminars and conferences, collaborates regularly with various international publications in the field, and is recognized by the main international legal directories.<\/p>\n\n\n\n<p>Catarina has a law degree from the Universidade Cat\u00f3lica Portuguesa, Faculdade de Direito do Porto.<\/p>\n\n\n\n<p>Catarina Levy Os\u00f3rio has been a member of the Portuguese Diaspora Council since November 2023.<\/p>\n","protected":false},"author":10,"featured_media":17758,"template":"","meta":[],"grupo":[281],"acf":[],"yoast_head":"<!-- This site is optimized with the Yoast SEO plugin v21.3 - https:\/\/yoast.com\/wordpress\/plugins\/seo\/ -->\n<title>Catarina Levy Os\u00f3rio - Conselho da Di\u00e1spora Portuguesa<\/title>\n<meta name=\"robots\" content=\"index, follow, max-snippet:-1, max-image-preview:large, max-video-preview:-1\" \/>\n<link rel=\"canonical\" href=\"https:\/\/www.diasporaportuguesa.org\/en\/profile\/catarina-levy-osorio\/\" \/>\n<meta property=\"og:locale\" content=\"en_US\" \/>\n<meta property=\"og:type\" content=\"article\" \/>\n<meta property=\"og:title\" content=\"Catarina Levy Os\u00f3rio - Conselho da Di\u00e1spora Portuguesa\" \/>\n<meta property=\"og:description\" content=\"Catarina Levy Os\u00f3rio is a partner at Morais Leit\u00e3o, where she has been since 2010, and the coordinator of matters relating to Angola. She is also the founder and managing partner of ALC Advogados, Morais Leit\u00e3o&#8217;s Angolan partner within the Morais Leit\u00e3o Legal Circle network. Admitted to the Portuguese Bar Association and the Angolan Bar...\" \/>\n<meta property=\"og:url\" content=\"https:\/\/www.diasporaportuguesa.org\/en\/profile\/catarina-levy-osorio\/\" \/>\n<meta property=\"og:site_name\" content=\"Conselho da Di\u00e1spora Portuguesa\" \/>\n<meta property=\"article:modified_time\" content=\"2024-01-12T10:13:50+00:00\" \/>\n<meta property=\"og:image\" content=\"https:\/\/www.diasporaportuguesa.org\/wp-content\/uploads\/2023\/11\/Catarina-Levy-Osorio.jpg\" \/>\n\t<meta property=\"og:image:width\" content=\"500\" \/>\n\t<meta property=\"og:image:height\" content=\"665\" \/>\n\t<meta property=\"og:image:type\" content=\"image\/jpeg\" \/>\n<meta name=\"twitter:card\" content=\"summary_large_image\" \/>\n<meta name=\"twitter:site\" content=\"@CdDiaspora\" \/>\n<meta name=\"twitter:label1\" content=\"Est. reading time\" \/>\n\t<meta name=\"twitter:data1\" content=\"2 minutes\" \/>\n<script type=\"application\/ld+json\" class=\"yoast-schema-graph\">{\"@context\":\"https:\/\/schema.org\",\"@graph\":[{\"@type\":\"WebPage\",\"@id\":\"https:\/\/www.diasporaportuguesa.org\/en\/profile\/catarina-levy-osorio\/\",\"url\":\"https:\/\/www.diasporaportuguesa.org\/en\/profile\/catarina-levy-osorio\/\",\"name\":\"Catarina Levy Os\u00f3rio - Conselho da Di\u00e1spora Portuguesa\",\"isPartOf\":{\"@id\":\"https:\/\/www.diasporaportuguesa.org\/#website\"},\"datePublished\":\"2023-11-28T10:10:21+00:00\",\"dateModified\":\"2024-01-12T10:13:50+00:00\",\"breadcrumb\":{\"@id\":\"https:\/\/www.diasporaportuguesa.org\/en\/profile\/catarina-levy-osorio\/#breadcrumb\"},\"inLanguage\":\"en-US\",\"potentialAction\":[{\"@type\":\"ReadAction\",\"target\":[\"https:\/\/www.diasporaportuguesa.org\/en\/profile\/catarina-levy-osorio\/\"]}]},{\"@type\":\"BreadcrumbList\",\"@id\":\"https:\/\/www.diasporaportuguesa.org\/en\/profile\/catarina-levy-osorio\/#breadcrumb\",\"itemListElement\":[{\"@type\":\"ListItem\",\"position\":1,\"name\":\"In\u00edcio\",\"item\":\"https:\/\/www.diasporaportuguesa.org\/en\/\"},{\"@type\":\"ListItem\",\"position\":2,\"name\":\"Catarina Levy Os\u00f3rio\"}]},{\"@type\":\"WebSite\",\"@id\":\"https:\/\/www.diasporaportuguesa.org\/#website\",\"url\":\"https:\/\/www.diasporaportuguesa.org\/\",\"name\":\"Conselho da Di\u00e1spora Portuguesa\",\"description\":\"Conselho da Di\u00e1spora Portuguesa\",\"publisher\":{\"@id\":\"https:\/\/www.diasporaportuguesa.org\/#organization\"},\"potentialAction\":[{\"@type\":\"SearchAction\",\"target\":{\"@type\":\"EntryPoint\",\"urlTemplate\":\"https:\/\/www.diasporaportuguesa.org\/?s={search_term_string}\"},\"query-input\":\"required name=search_term_string\"}],\"inLanguage\":\"en-US\"},{\"@type\":\"Organization\",\"@id\":\"https:\/\/www.diasporaportuguesa.org\/#organization\",\"name\":\"Conselho da Di\u00e1spora Portuguesa\",\"url\":\"https:\/\/www.diasporaportuguesa.org\/\",\"logo\":{\"@type\":\"ImageObject\",\"inLanguage\":\"en-US\",\"@id\":\"https:\/\/www.diasporaportuguesa.org\/#\/schema\/logo\/image\/\",\"url\":\"https:\/\/www.diasporaportuguesa.org\/wp-content\/uploads\/2022\/11\/conselho-diaspora-portuguesa.png\",\"contentUrl\":\"https:\/\/www.diasporaportuguesa.org\/wp-content\/uploads\/2022\/11\/conselho-diaspora-portuguesa.png\",\"width\":735,\"height\":216,\"caption\":\"Conselho da Di\u00e1spora Portuguesa\"},\"image\":{\"@id\":\"https:\/\/www.diasporaportuguesa.org\/#\/schema\/logo\/image\/\"},\"sameAs\":[\"https:\/\/twitter.com\/CdDiaspora\",\"https:\/\/www.linkedin.com\/company\/conselho-da-diaspora-portuguesa\/\",\"https:\/\/www.youtube.com\/channel\/UCEI8qERhtqzV1UgdITBo6rw\/videos\"]}]}<\/script>\n<!-- \/ Yoast SEO plugin. -->","yoast_head_json":{"title":"Catarina Levy Os\u00f3rio - Conselho da Di\u00e1spora Portuguesa","robots":{"index":"index","follow":"follow","max-snippet":"max-snippet:-1","max-image-preview":"max-image-preview:large","max-video-preview":"max-video-preview:-1"},"canonical":"https:\/\/www.diasporaportuguesa.org\/en\/profile\/catarina-levy-osorio\/","og_locale":"en_US","og_type":"article","og_title":"Catarina Levy Os\u00f3rio - Conselho da Di\u00e1spora Portuguesa","og_description":"Catarina Levy Os\u00f3rio is a partner at Morais Leit\u00e3o, where she has been since 2010, and the coordinator of matters relating to Angola. She is also the founder and managing partner of ALC Advogados, Morais Leit\u00e3o&#8217;s Angolan partner within the Morais Leit\u00e3o Legal Circle network. Admitted to the Portuguese Bar Association and the Angolan Bar...","og_url":"https:\/\/www.diasporaportuguesa.org\/en\/profile\/catarina-levy-osorio\/","og_site_name":"Conselho da Di\u00e1spora Portuguesa","article_modified_time":"2024-01-12T10:13:50+00:00","og_image":[{"width":500,"height":665,"url":"https:\/\/www.diasporaportuguesa.org\/wp-content\/uploads\/2023\/11\/Catarina-Levy-Osorio.jpg","type":"image\/jpeg"}],"twitter_card":"summary_large_image","twitter_site":"@CdDiaspora","twitter_misc":{"Est. reading time":"2 minutes"},"schema":{"@context":"https:\/\/schema.org","@graph":[{"@type":"WebPage","@id":"https:\/\/www.diasporaportuguesa.org\/en\/profile\/catarina-levy-osorio\/","url":"https:\/\/www.diasporaportuguesa.org\/en\/profile\/catarina-levy-osorio\/","name":"Catarina Levy Os\u00f3rio - Conselho da Di\u00e1spora Portuguesa","isPartOf":{"@id":"https:\/\/www.diasporaportuguesa.org\/#website"},"datePublished":"2023-11-28T10:10:21+00:00","dateModified":"2024-01-12T10:13:50+00:00","breadcrumb":{"@id":"https:\/\/www.diasporaportuguesa.org\/en\/profile\/catarina-levy-osorio\/#breadcrumb"},"inLanguage":"en-US","potentialAction":[{"@type":"ReadAction","target":["https:\/\/www.diasporaportuguesa.org\/en\/profile\/catarina-levy-osorio\/"]}]},{"@type":"BreadcrumbList","@id":"https:\/\/www.diasporaportuguesa.org\/en\/profile\/catarina-levy-osorio\/#breadcrumb","itemListElement":[{"@type":"ListItem","position":1,"name":"In\u00edcio","item":"https:\/\/www.diasporaportuguesa.org\/en\/"},{"@type":"ListItem","position":2,"name":"Catarina Levy Os\u00f3rio"}]},{"@type":"WebSite","@id":"https:\/\/www.diasporaportuguesa.org\/#website","url":"https:\/\/www.diasporaportuguesa.org\/","name":"Conselho da Di\u00e1spora Portuguesa","description":"Conselho da Di\u00e1spora Portuguesa","publisher":{"@id":"https:\/\/www.diasporaportuguesa.org\/#organization"},"potentialAction":[{"@type":"SearchAction","target":{"@type":"EntryPoint","urlTemplate":"https:\/\/www.diasporaportuguesa.org\/?s={search_term_string}"},"query-input":"required name=search_term_string"}],"inLanguage":"en-US"},{"@type":"Organization","@id":"https:\/\/www.diasporaportuguesa.org\/#organization","name":"Conselho da Di\u00e1spora Portuguesa","url":"https:\/\/www.diasporaportuguesa.org\/","logo":{"@type":"ImageObject","inLanguage":"en-US","@id":"https:\/\/www.diasporaportuguesa.org\/#\/schema\/logo\/image\/","url":"https:\/\/www.diasporaportuguesa.org\/wp-content\/uploads\/2022\/11\/conselho-diaspora-portuguesa.png","contentUrl":"https:\/\/www.diasporaportuguesa.org\/wp-content\/uploads\/2022\/11\/conselho-diaspora-portuguesa.png","width":735,"height":216,"caption":"Conselho da Di\u00e1spora Portuguesa"},"image":{"@id":"https:\/\/www.diasporaportuguesa.org\/#\/schema\/logo\/image\/"},"sameAs":["https:\/\/twitter.com\/CdDiaspora","https:\/\/www.linkedin.com\/company\/conselho-da-diaspora-portuguesa\/","https:\/\/www.youtube.com\/channel\/UCEI8qERhtqzV1UgdITBo6rw\/videos"]}]}},"_links":{"self":[{"href":"https:\/\/www.diasporaportuguesa.org\/en\/wp-json\/wp\/v2\/perfis\/17759"}],"collection":[{"href":"https:\/\/www.diasporaportuguesa.org\/en\/wp-json\/wp\/v2\/perfis"}],"about":[{"href":"https:\/\/www.diasporaportuguesa.org\/en\/wp-json\/wp\/v2\/types\/perfis"}],"author":[{"embeddable":true,"href":"https:\/\/www.diasporaportuguesa.org\/en\/wp-json\/wp\/v2\/users\/10"}],"wp:featuredmedia":[{"embeddable":true,"href":"https:\/\/www.diasporaportuguesa.org\/en\/wp-json\/wp\/v2\/media\/17758"}],"wp:attachment":[{"href":"https:\/\/www.diasporaportuguesa.org\/en\/wp-json\/wp\/v2\/media?parent=17759"}],"wp:term":[{"taxonomy":"grupo","embeddable":true,"href":"https:\/\/www.diasporaportuguesa.org\/en\/wp-json\/wp\/v2\/grupo?post=17759"}],"curies":[{"name":"wp","href":"https:\/\/api.w.org\/{rel}","templated":true}]}}

Catarina Levy Osório

<p>Catarina Levy Osório is a partner at Morais Leitão, where she has been since 2010, and the coordinator of matters relating to Angola. She is also the founder and managing partner of ALC Advogados, Morais Leitão&#8217;s Angolan partner within the Morais Leitão Legal Circle network.</p>



<p>Admitted to the Portuguese Bar Association and the Angolan Bar Association, she has significant experience in the Angolan market where she has practiced law since 2008, assisting clients in this market, leading restructuring projects, mergers and acquisitions, involving private investment, corporate, foreign exchange and tax law issues. Catarina regularly assists in the areas of banking and finance, namely in financing operations and foreign exchange issues.</p>



<p>Before joining Morais Leitão, she worked as a lawyer in the areas of tax consultancy and planning and held positions at PwC and Cuatrecasas, assisting clients from various sectors of activity in the areas of VAT and Property Tax and gaining relevant experience in the preparation of tax diagnoses and the implementation of business and corporate structures.</p>



<p>Catarina participates as a speaker in seminars and conferences, collaborates regularly with various international publications in the field, and is recognized by the main international legal directories.</p>



<p>Catarina has a law degree from the Universidade Católica Portuguesa, Faculdade de Direito do Porto.</p>



<p>Catarina Levy Osório has been a member of the Portuguese Diaspora Council since November 2023.</p>

<!-- This site is optimized with the Yoast SEO plugin v21.3 - https://yoast.com/wordpress/plugins/seo/ -->
<title>Catarina Levy Osório - Conselho da Diáspora Portuguesa</title>
<meta name="robots" content="index, follow, max-snippet:-1, max-image-preview:large, max-video-preview:-1" />
<link rel="canonical" href="https://www.diasporaportuguesa.org/en/profile/catarina-levy-osorio/" />
<meta property="og:locale" content="en_US" />
<meta property="og:type" content="article" />
<meta property="og:title" content="Catarina Levy Osório - Conselho da Diáspora Portuguesa" />
<meta property="og:description" content="Catarina Levy Osório is a partner at Morais Leitão, where she has been since 2010, and the coordinator of matters relating to Angola. She is also the founder and managing partner of ALC Advogados, Morais Leitão&#8217;s Angolan partner within the Morais Leitão Legal Circle network. Admitted to the Portuguese Bar Association and the Angolan Bar..." />
<meta property="og:url" content="https://www.diasporaportuguesa.org/en/profile/catarina-levy-osorio/" />
<meta property="og:site_name" content="Conselho da Diáspora Portuguesa" />
<meta property="article:modified_time" content="2024-01-12T10:13:50+00:00" />
<meta property="og:image" content="https://www.diasporaportuguesa.org/wp-content/uploads/2023/11/Catarina-Levy-Osorio.jpg" />
	<meta property="og:image:width" content="500" />
	<meta property="og:image:height" content="665" />
	<meta property="og:image:type" content="image/jpeg" />
<meta name="twitter:card" content="summary_large_image" />
<meta name="twitter:site" content="@CdDiaspora" />
<meta name="twitter:label1" content="Est. reading time" />
	<meta name="twitter:data1" content="2 minutes" />
<script type="application/ld+json" class="yoast-schema-graph">{"@context":"https://schema.org","@graph":[{"@type":"WebPage","@id":"https://www.diasporaportuguesa.org/en/profile/catarina-levy-osorio/","url":"https://www.diasporaportuguesa.org/en/profile/catarina-levy-osorio/","name":"Catarina Levy Osório - Conselho da Diáspora Portuguesa","isPartOf":{"@id":"https://www.diasporaportuguesa.org/#website"},"datePublished":"2023-11-28T10:10:21+00:00","dateModified":"2024-01-12T10:13:50+00:00","breadcrumb":{"@id":"https://www.diasporaportuguesa.org/en/profile/catarina-levy-osorio/#breadcrumb"},"inLanguage":"en-US","potentialAction":[{"@type":"ReadAction","target":["https://www.diasporaportuguesa.org/en/profile/catarina-levy-osorio/"]}]},{"@type":"BreadcrumbList","@id":"https://www.diasporaportuguesa.org/en/profile/catarina-levy-osorio/#breadcrumb","itemListElement":[{"@type":"ListItem","position":1,"name":"Início","item":"https://www.diasporaportuguesa.org/en/"},{"@type":"ListItem","position":2,"name":"Catarina Levy Osório"}]},{"@type":"WebSite","@id":"https://www.diasporaportuguesa.org/#website","url":"https://www.diasporaportuguesa.org/","name":"Conselho da Diáspora Portuguesa","description":"Conselho da Diáspora Portuguesa","publisher":{"@id":"https://www.diasporaportuguesa.org/#organization"},"potentialAction":[{"@type":"SearchAction","target":{"@type":"EntryPoint","urlTemplate":"https://www.diasporaportuguesa.org/?s={search_term_string}"},"query-input":"required name=search_term_string"}],"inLanguage":"en-US"},{"@type":"Organization","@id":"https://www.diasporaportuguesa.org/#organization","name":"Conselho da Diáspora Portuguesa","url":"https://www.diasporaportuguesa.org/","logo":{"@type":"ImageObject","inLanguage":"en-US","@id":"https://www.diasporaportuguesa.org/#/schema/logo/image/","url":"https://www.diasporaportuguesa.org/wp-content/uploads/2022/11/conselho-diaspora-portuguesa.png","contentUrl":"https://www.diasporaportuguesa.org/wp-content/uploads/2022/11/conselho-diaspora-portuguesa.png","width":735,"height":216,"caption":"Conselho da Diáspora Portuguesa"},"image":{"@id":"https://www.diasporaportuguesa.org/#/schema/logo/image/"},"sameAs":["https://twitter.com/CdDiaspora","https://www.linkedin.com/company/conselho-da-diaspora-portuguesa/","https://www.youtube.com/channel/UCEI8qERhtqzV1UgdITBo6rw/videos"]}]}</script>
<!-- / Yoast SEO plugin. -->

Catarina Levy Osório - Conselho da Diáspora Portuguesa

Catarina Levy Osório is a partner at Morais Leitão, where she has been since 2010, and the coordinator of matters relating to Angola. She is also the founder and managing partner of ALC Advogados, Morais Leitão&#8217;s Angolan partner within the Morais Leitão Legal Circle network. Admitted to the Portuguese Bar Association and the Angolan Bar...

Conselho da Diáspora Portuguesa

Início
