{"id":17760,"date":"2023-11-28T12:13:17","date_gmt":"2023-11-28T12:13:17","guid":{"rendered":"https:\/\/www.diasporaportuguesa.org\/?post_type=perfis&#038;p=17760"},"modified":"2023-11-28T12:13:31","modified_gmt":"2023-11-28T12:13:31","slug":"pedro-martinho","status":"publish","type":"perfis","link":"https:\/\/www.diasporaportuguesa.org\/en\/profile\/pedro-martinho\/","title":{"rendered":"Pedro Martinho"},"content":{"rendered":"\n<p>Pedro Martinho has a degree in Mechanical Engineering from the Faculdade de Ci\u00eancias e Tecnologia da Universidade de Coimbra. A senior member of the Order of Engineers, he began his professional career at the Instituto Pedro Nunes em Coimbra, where he worked on the Wind Tunnel.<\/p>\n\n\n\n<p>Since 2002 he has been a businessman in Morocco, heading the COUVERMETAL Group, which is present in Algeria and Guinea Conakry as well as Morocco. Between 1996 and 2002, he was responsible for managing the Universidade de \u00c9vora facilities and works, including the reconstruction of the Col\u00e9gio Lu\u00eds Ant\u00f3nio Verney, Pole 2 and the Veterinary Hospital.<\/p>\n\n\n\n<p>He is strongly committed to promoting Portugal in the region, and is a member of the Advisory Board of the Consular Area of the Portuguese Embassy in Morocco and Vice-President of the Portuguese Chamber of Commerce, Industry and Services in Morocco.<\/p>\n\n\n\n<p>Pedro Martinho has been a member of the Portuguese Diaspora Council since November 2023.<\/p>\n","protected":false},"author":10,"featured_media":17761,"template":"","meta":[],"grupo":[281],"acf":[],"yoast_head":"<!-- This site is optimized with the Yoast SEO plugin v21.3 - https:\/\/yoast.com\/wordpress\/plugins\/seo\/ -->\n<title>Pedro Martinho - Conselho da Di\u00e1spora Portuguesa<\/title>\n<meta name=\"robots\" content=\"index, follow, max-snippet:-1, max-image-preview:large, max-video-preview:-1\" \/>\n<link rel=\"canonical\" href=\"https:\/\/www.diasporaportuguesa.org\/en\/profile\/pedro-martinho\/\" \/>\n<meta property=\"og:locale\" content=\"en_US\" \/>\n<meta property=\"og:type\" content=\"article\" \/>\n<meta property=\"og:title\" content=\"Pedro Martinho - Conselho da Di\u00e1spora Portuguesa\" \/>\n<meta property=\"og:description\" content=\"Pedro Martinho has a degree in Mechanical Engineering from the Faculdade de Ci\u00eancias e Tecnologia da Universidade de Coimbra. A senior member of the Order of Engineers, he began his professional career at the Instituto Pedro Nunes em Coimbra, where he worked on the Wind Tunnel. Since 2002 he has been a businessman in Morocco,...\" \/>\n<meta property=\"og:url\" content=\"https:\/\/www.diasporaportuguesa.org\/en\/profile\/pedro-martinho\/\" \/>\n<meta property=\"og:site_name\" content=\"Conselho da Di\u00e1spora Portuguesa\" \/>\n<meta property=\"article:modified_time\" content=\"2023-11-28T12:13:31+00:00\" \/>\n<meta property=\"og:image\" content=\"https:\/\/www.diasporaportuguesa.org\/wp-content\/uploads\/2023\/11\/Pedro-Martinho.jpg\" \/>\n\t<meta property=\"og:image:width\" content=\"500\" \/>\n\t<meta property=\"og:image:height\" content=\"500\" \/>\n\t<meta property=\"og:image:type\" content=\"image\/jpeg\" \/>\n<meta name=\"twitter:card\" content=\"summary_large_image\" \/>\n<meta name=\"twitter:site\" content=\"@CdDiaspora\" \/>\n<meta name=\"twitter:label1\" content=\"Est. reading time\" \/>\n\t<meta name=\"twitter:data1\" content=\"1 minute\" \/>\n<script type=\"application\/ld+json\" class=\"yoast-schema-graph\">{\"@context\":\"https:\/\/schema.org\",\"@graph\":[{\"@type\":\"WebPage\",\"@id\":\"https:\/\/www.diasporaportuguesa.org\/en\/profile\/pedro-martinho\/\",\"url\":\"https:\/\/www.diasporaportuguesa.org\/en\/profile\/pedro-martinho\/\",\"name\":\"Pedro Martinho - Conselho da Di\u00e1spora Portuguesa\",\"isPartOf\":{\"@id\":\"https:\/\/www.diasporaportuguesa.org\/#website\"},\"datePublished\":\"2023-11-28T12:13:17+00:00\",\"dateModified\":\"2023-11-28T12:13:31+00:00\",\"breadcrumb\":{\"@id\":\"https:\/\/www.diasporaportuguesa.org\/en\/profile\/pedro-martinho\/#breadcrumb\"},\"inLanguage\":\"en-US\",\"potentialAction\":[{\"@type\":\"ReadAction\",\"target\":[\"https:\/\/www.diasporaportuguesa.org\/en\/profile\/pedro-martinho\/\"]}]},{\"@type\":\"BreadcrumbList\",\"@id\":\"https:\/\/www.diasporaportuguesa.org\/en\/profile\/pedro-martinho\/#breadcrumb\",\"itemListElement\":[{\"@type\":\"ListItem\",\"position\":1,\"name\":\"In\u00edcio\",\"item\":\"https:\/\/www.diasporaportuguesa.org\/en\/\"},{\"@type\":\"ListItem\",\"position\":2,\"name\":\"Pedro Martinho\"}]},{\"@type\":\"WebSite\",\"@id\":\"https:\/\/www.diasporaportuguesa.org\/#website\",\"url\":\"https:\/\/www.diasporaportuguesa.org\/\",\"name\":\"Conselho da Di\u00e1spora Portuguesa\",\"description\":\"Conselho da Di\u00e1spora Portuguesa\",\"publisher\":{\"@id\":\"https:\/\/www.diasporaportuguesa.org\/#organization\"},\"potentialAction\":[{\"@type\":\"SearchAction\",\"target\":{\"@type\":\"EntryPoint\",\"urlTemplate\":\"https:\/\/www.diasporaportuguesa.org\/?s={search_term_string}\"},\"query-input\":\"required name=search_term_string\"}],\"inLanguage\":\"en-US\"},{\"@type\":\"Organization\",\"@id\":\"https:\/\/www.diasporaportuguesa.org\/#organization\",\"name\":\"Conselho da Di\u00e1spora Portuguesa\",\"url\":\"https:\/\/www.diasporaportuguesa.org\/\",\"logo\":{\"@type\":\"ImageObject\",\"inLanguage\":\"en-US\",\"@id\":\"https:\/\/www.diasporaportuguesa.org\/#\/schema\/logo\/image\/\",\"url\":\"https:\/\/www.diasporaportuguesa.org\/wp-content\/uploads\/2022\/11\/conselho-diaspora-portuguesa.png\",\"contentUrl\":\"https:\/\/www.diasporaportuguesa.org\/wp-content\/uploads\/2022\/11\/conselho-diaspora-portuguesa.png\",\"width\":735,\"height\":216,\"caption\":\"Conselho da Di\u00e1spora Portuguesa\"},\"image\":{\"@id\":\"https:\/\/www.diasporaportuguesa.org\/#\/schema\/logo\/image\/\"},\"sameAs\":[\"https:\/\/twitter.com\/CdDiaspora\",\"https:\/\/www.linkedin.com\/company\/conselho-da-diaspora-portuguesa\/\",\"https:\/\/www.youtube.com\/channel\/UCEI8qERhtqzV1UgdITBo6rw\/videos\"]}]}<\/script>\n<!-- \/ Yoast SEO plugin. -->","yoast_head_json":{"title":"Pedro Martinho - Conselho da Di\u00e1spora Portuguesa","robots":{"index":"index","follow":"follow","max-snippet":"max-snippet:-1","max-image-preview":"max-image-preview:large","max-video-preview":"max-video-preview:-1"},"canonical":"https:\/\/www.diasporaportuguesa.org\/en\/profile\/pedro-martinho\/","og_locale":"en_US","og_type":"article","og_title":"Pedro Martinho - Conselho da Di\u00e1spora Portuguesa","og_description":"Pedro Martinho has a degree in Mechanical Engineering from the Faculdade de Ci\u00eancias e Tecnologia da Universidade de Coimbra. A senior member of the Order of Engineers, he began his professional career at the Instituto Pedro Nunes em Coimbra, where he worked on the Wind Tunnel. Since 2002 he has been a businessman in Morocco,...","og_url":"https:\/\/www.diasporaportuguesa.org\/en\/profile\/pedro-martinho\/","og_site_name":"Conselho da Di\u00e1spora Portuguesa","article_modified_time":"2023-11-28T12:13:31+00:00","og_image":[{"width":500,"height":500,"url":"https:\/\/www.diasporaportuguesa.org\/wp-content\/uploads\/2023\/11\/Pedro-Martinho.jpg","type":"image\/jpeg"}],"twitter_card":"summary_large_image","twitter_site":"@CdDiaspora","twitter_misc":{"Est. reading time":"1 minute"},"schema":{"@context":"https:\/\/schema.org","@graph":[{"@type":"WebPage","@id":"https:\/\/www.diasporaportuguesa.org\/en\/profile\/pedro-martinho\/","url":"https:\/\/www.diasporaportuguesa.org\/en\/profile\/pedro-martinho\/","name":"Pedro Martinho - Conselho da Di\u00e1spora Portuguesa","isPartOf":{"@id":"https:\/\/www.diasporaportuguesa.org\/#website"},"datePublished":"2023-11-28T12:13:17+00:00","dateModified":"2023-11-28T12:13:31+00:00","breadcrumb":{"@id":"https:\/\/www.diasporaportuguesa.org\/en\/profile\/pedro-martinho\/#breadcrumb"},"inLanguage":"en-US","potentialAction":[{"@type":"ReadAction","target":["https:\/\/www.diasporaportuguesa.org\/en\/profile\/pedro-martinho\/"]}]},{"@type":"BreadcrumbList","@id":"https:\/\/www.diasporaportuguesa.org\/en\/profile\/pedro-martinho\/#breadcrumb","itemListElement":[{"@type":"ListItem","position":1,"name":"In\u00edcio","item":"https:\/\/www.diasporaportuguesa.org\/en\/"},{"@type":"ListItem","position":2,"name":"Pedro Martinho"}]},{"@type":"WebSite","@id":"https:\/\/www.diasporaportuguesa.org\/#website","url":"https:\/\/www.diasporaportuguesa.org\/","name":"Conselho da Di\u00e1spora Portuguesa","description":"Conselho da Di\u00e1spora Portuguesa","publisher":{"@id":"https:\/\/www.diasporaportuguesa.org\/#organization"},"potentialAction":[{"@type":"SearchAction","target":{"@type":"EntryPoint","urlTemplate":"https:\/\/www.diasporaportuguesa.org\/?s={search_term_string}"},"query-input":"required name=search_term_string"}],"inLanguage":"en-US"},{"@type":"Organization","@id":"https:\/\/www.diasporaportuguesa.org\/#organization","name":"Conselho da Di\u00e1spora Portuguesa","url":"https:\/\/www.diasporaportuguesa.org\/","logo":{"@type":"ImageObject","inLanguage":"en-US","@id":"https:\/\/www.diasporaportuguesa.org\/#\/schema\/logo\/image\/","url":"https:\/\/www.diasporaportuguesa.org\/wp-content\/uploads\/2022\/11\/conselho-diaspora-portuguesa.png","contentUrl":"https:\/\/www.diasporaportuguesa.org\/wp-content\/uploads\/2022\/11\/conselho-diaspora-portuguesa.png","width":735,"height":216,"caption":"Conselho da Di\u00e1spora Portuguesa"},"image":{"@id":"https:\/\/www.diasporaportuguesa.org\/#\/schema\/logo\/image\/"},"sameAs":["https:\/\/twitter.com\/CdDiaspora","https:\/\/www.linkedin.com\/company\/conselho-da-diaspora-portuguesa\/","https:\/\/www.youtube.com\/channel\/UCEI8qERhtqzV1UgdITBo6rw\/videos"]}]}},"_links":{"self":[{"href":"https:\/\/www.diasporaportuguesa.org\/en\/wp-json\/wp\/v2\/perfis\/17760"}],"collection":[{"href":"https:\/\/www.diasporaportuguesa.org\/en\/wp-json\/wp\/v2\/perfis"}],"about":[{"href":"https:\/\/www.diasporaportuguesa.org\/en\/wp-json\/wp\/v2\/types\/perfis"}],"author":[{"embeddable":true,"href":"https:\/\/www.diasporaportuguesa.org\/en\/wp-json\/wp\/v2\/users\/10"}],"wp:featuredmedia":[{"embeddable":true,"href":"https:\/\/www.diasporaportuguesa.org\/en\/wp-json\/wp\/v2\/media\/17761"}],"wp:attachment":[{"href":"https:\/\/www.diasporaportuguesa.org\/en\/wp-json\/wp\/v2\/media?parent=17760"}],"wp:term":[{"taxonomy":"grupo","embeddable":true,"href":"https:\/\/www.diasporaportuguesa.org\/en\/wp-json\/wp\/v2\/grupo?post=17760"}],"curies":[{"name":"wp","href":"https:\/\/api.w.org\/{rel}","templated":true}]}}

<p>Pedro Martinho has a degree in Mechanical Engineering from the Faculdade de Ciências e Tecnologia da Universidade de Coimbra. A senior member of the Order of Engineers, he began his professional career at the Instituto Pedro Nunes em Coimbra, where he worked on the Wind Tunnel.</p>



<p>Since 2002 he has been a businessman in Morocco, heading the COUVERMETAL Group, which is present in Algeria and Guinea Conakry as well as Morocco. Between 1996 and 2002, he was responsible for managing the Universidade de Évora facilities and works, including the reconstruction of the Colégio Luís António Verney, Pole 2 and the Veterinary Hospital.</p>



<p>He is strongly committed to promoting Portugal in the region, and is a member of the Advisory Board of the Consular Area of the Portuguese Embassy in Morocco and Vice-President of the Portuguese Chamber of Commerce, Industry and Services in Morocco.</p>



<p>Pedro Martinho has been a member of the Portuguese Diaspora Council since November 2023.</p>

<!-- This site is optimized with the Yoast SEO plugin v21.3 - https://yoast.com/wordpress/plugins/seo/ -->
<title>Pedro Martinho - Conselho da Diáspora Portuguesa</title>
<meta name="robots" content="index, follow, max-snippet:-1, max-image-preview:large, max-video-preview:-1" />
<link rel="canonical" href="https://www.diasporaportuguesa.org/en/profile/pedro-martinho/" />
<meta property="og:locale" content="en_US" />
<meta property="og:type" content="article" />
<meta property="og:title" content="Pedro Martinho - Conselho da Diáspora Portuguesa" />
<meta property="og:description" content="Pedro Martinho has a degree in Mechanical Engineering from the Faculdade de Ciências e Tecnologia da Universidade de Coimbra. A senior member of the Order of Engineers, he began his professional career at the Instituto Pedro Nunes em Coimbra, where he worked on the Wind Tunnel. Since 2002 he has been a businessman in Morocco,..." />
<meta property="og:url" content="https://www.diasporaportuguesa.org/en/profile/pedro-martinho/" />
<meta property="og:site_name" content="Conselho da Diáspora Portuguesa" />
<meta property="article:modified_time" content="2023-11-28T12:13:31+00:00" />
<meta property="og:image" content="https://www.diasporaportuguesa.org/wp-content/uploads/2023/11/Pedro-Martinho.jpg" />
	<meta property="og:image:width" content="500" />
	<meta property="og:image:height" content="500" />
	<meta property="og:image:type" content="image/jpeg" />
<meta name="twitter:card" content="summary_large_image" />
<meta name="twitter:site" content="@CdDiaspora" />
<meta name="twitter:label1" content="Est. reading time" />
	<meta name="twitter:data1" content="1 minute" />
<script type="application/ld+json" class="yoast-schema-graph">{"@context":"https://schema.org","@graph":[{"@type":"WebPage","@id":"https://www.diasporaportuguesa.org/en/profile/pedro-martinho/","url":"https://www.diasporaportuguesa.org/en/profile/pedro-martinho/","name":"Pedro Martinho - Conselho da Diáspora Portuguesa","isPartOf":{"@id":"https://www.diasporaportuguesa.org/#website"},"datePublished":"2023-11-28T12:13:17+00:00","dateModified":"2023-11-28T12:13:31+00:00","breadcrumb":{"@id":"https://www.diasporaportuguesa.org/en/profile/pedro-martinho/#breadcrumb"},"inLanguage":"en-US","potentialAction":[{"@type":"ReadAction","target":["https://www.diasporaportuguesa.org/en/profile/pedro-martinho/"]}]},{"@type":"BreadcrumbList","@id":"https://www.diasporaportuguesa.org/en/profile/pedro-martinho/#breadcrumb","itemListElement":[{"@type":"ListItem","position":1,"name":"Início","item":"https://www.diasporaportuguesa.org/en/"},{"@type":"ListItem","position":2,"name":"Pedro Martinho"}]},{"@type":"WebSite","@id":"https://www.diasporaportuguesa.org/#website","url":"https://www.diasporaportuguesa.org/","name":"Conselho da Diáspora Portuguesa","description":"Conselho da Diáspora Portuguesa","publisher":{"@id":"https://www.diasporaportuguesa.org/#organization"},"potentialAction":[{"@type":"SearchAction","target":{"@type":"EntryPoint","urlTemplate":"https://www.diasporaportuguesa.org/?s={search_term_string}"},"query-input":"required name=search_term_string"}],"inLanguage":"en-US"},{"@type":"Organization","@id":"https://www.diasporaportuguesa.org/#organization","name":"Conselho da Diáspora Portuguesa","url":"https://www.diasporaportuguesa.org/","logo":{"@type":"ImageObject","inLanguage":"en-US","@id":"https://www.diasporaportuguesa.org/#/schema/logo/image/","url":"https://www.diasporaportuguesa.org/wp-content/uploads/2022/11/conselho-diaspora-portuguesa.png","contentUrl":"https://www.diasporaportuguesa.org/wp-content/uploads/2022/11/conselho-diaspora-portuguesa.png","width":735,"height":216,"caption":"Conselho da Diáspora Portuguesa"},"image":{"@id":"https://www.diasporaportuguesa.org/#/schema/logo/image/"},"sameAs":["https://twitter.com/CdDiaspora","https://www.linkedin.com/company/conselho-da-diaspora-portuguesa/","https://www.youtube.com/channel/UCEI8qERhtqzV1UgdITBo6rw/videos"]}]}</script>
<!-- / Yoast SEO plugin. -->

Pedro Martinho - Conselho da Diáspora Portuguesa

Pedro Martinho has a degree in Mechanical Engineering from the Faculdade de Ciências e Tecnologia da Universidade de Coimbra. A senior member of the Order of Engineers, he began his professional career at the Instituto Pedro Nunes em Coimbra, where he worked on the Wind Tunnel. Since 2002 he has been a businessman in Morocco,...

Conselho da Diáspora Portuguesa

Início
