{"id":20183,"date":"2024-06-06T09:10:40","date_gmt":"2024-06-06T09:10:40","guid":{"rendered":"https:\/\/www.diasporaportuguesa.org\/?post_type=perfis&#038;p=20183"},"modified":"2026-02-07T22:44:29","modified_gmt":"2026-02-07T22:44:29","slug":"filipe-de-sa-pessoa","status":"publish","type":"perfis","link":"https:\/\/www.diasporaportuguesa.org\/en\/profile\/filipe-de-sa-pessoa\/","title":{"rendered":"Filipe de S\u00e1 Pessoa"},"content":{"rendered":"\n<p>Since the end of 2022, Filipe de S\u00e1 Pessoa has been Head of Development at AXA Investment Managers, Europe&#8217;s largest real estate asset manager, managing large-scale real estate projects in Germany.<\/p>\n\n\n\n<p>He was born in 1982 in Lisbon, Portugal. He graduated in Architecture from the Lus\u00edada University of Lisbon in 2006. In 2007, he did an internship at Jo\u00e3o Paci\u00eancia Arquitetos, working for the next three years with Eduardo Souto de Moura, first in Porto and then in Lisbon.<\/p>\n\n\n\n<p>In 2011, he moved to London where he completed a Master&#8217;s degree in Real Estate Investment at Cass Business School. During this time, he became involved with the Cass Real Estate Club and met Gilberto Jordan, who introduced him to the Urban Land Institute (ULI).<\/p>\n\n\n\n<p>In 2013, he moved to Hamburg and quickly rose to head of acquisitions for DC Developments in Germany, also becoming Managing Director of the DCR &amp; HDC Developments joint venture in Comporta, Portugal. In 2018, he was invited to lead real estate development at MPC Capital, where he developed one of Germany&#8217;s first sustainable real estate funds.<\/p>\n\n\n\n<p>He is married, has two children and lives in Hamburg with his family, maintaining a strong bond with the local Portuguese community.<\/p>\n\n\n\n<p>Filipe de S\u00e1 Pessoa has been a member of the Portuguese Diaspora Council since May 2024.<\/p>\n","protected":false},"author":10,"featured_media":20184,"template":"","meta":[],"grupo":[281],"acf":[],"yoast_head":"<!-- This site is optimized with the Yoast SEO plugin v21.3 - https:\/\/yoast.com\/wordpress\/plugins\/seo\/ -->\n<title>Filipe de S\u00e1 Pessoa - Conselho da Di\u00e1spora Portuguesa<\/title>\n<meta name=\"robots\" content=\"index, follow, max-snippet:-1, max-image-preview:large, max-video-preview:-1\" \/>\n<link rel=\"canonical\" href=\"https:\/\/www.diasporaportuguesa.org\/en\/profile\/filipe-de-sa-pessoa\/\" \/>\n<meta property=\"og:locale\" content=\"en_US\" \/>\n<meta property=\"og:type\" content=\"article\" \/>\n<meta property=\"og:title\" content=\"Filipe de S\u00e1 Pessoa - Conselho da Di\u00e1spora Portuguesa\" \/>\n<meta property=\"og:description\" content=\"Since the end of 2022, Filipe de S\u00e1 Pessoa has been Head of Development at AXA Investment Managers, Europe&#8217;s largest real estate asset manager, managing large-scale real estate projects in Germany. He was born in 1982 in Lisbon, Portugal. He graduated in Architecture from the Lus\u00edada University of Lisbon in 2006. In 2007, he did...\" \/>\n<meta property=\"og:url\" content=\"https:\/\/www.diasporaportuguesa.org\/en\/profile\/filipe-de-sa-pessoa\/\" \/>\n<meta property=\"og:site_name\" content=\"Conselho da Di\u00e1spora Portuguesa\" \/>\n<meta property=\"article:modified_time\" content=\"2026-02-07T22:44:29+00:00\" \/>\n<meta property=\"og:image\" content=\"https:\/\/www.diasporaportuguesa.org\/wp-content\/uploads\/2024\/06\/Filipe-de-Sa-Pessoa_Fotografia.jpg\" \/>\n\t<meta property=\"og:image:width\" content=\"667\" \/>\n\t<meta property=\"og:image:height\" content=\"843\" \/>\n\t<meta property=\"og:image:type\" content=\"image\/jpeg\" \/>\n<meta name=\"twitter:card\" content=\"summary_large_image\" \/>\n<meta name=\"twitter:site\" content=\"@CdDiaspora\" \/>\n<meta name=\"twitter:label1\" content=\"Est. reading time\" \/>\n\t<meta name=\"twitter:data1\" content=\"2 minutes\" \/>\n<script type=\"application\/ld+json\" class=\"yoast-schema-graph\">{\"@context\":\"https:\/\/schema.org\",\"@graph\":[{\"@type\":\"WebPage\",\"@id\":\"https:\/\/www.diasporaportuguesa.org\/en\/profile\/filipe-de-sa-pessoa\/\",\"url\":\"https:\/\/www.diasporaportuguesa.org\/en\/profile\/filipe-de-sa-pessoa\/\",\"name\":\"Filipe de S\u00e1 Pessoa - Conselho da Di\u00e1spora Portuguesa\",\"isPartOf\":{\"@id\":\"https:\/\/www.diasporaportuguesa.org\/#website\"},\"datePublished\":\"2024-06-06T09:10:40+00:00\",\"dateModified\":\"2026-02-07T22:44:29+00:00\",\"breadcrumb\":{\"@id\":\"https:\/\/www.diasporaportuguesa.org\/en\/profile\/filipe-de-sa-pessoa\/#breadcrumb\"},\"inLanguage\":\"en-US\",\"potentialAction\":[{\"@type\":\"ReadAction\",\"target\":[\"https:\/\/www.diasporaportuguesa.org\/en\/profile\/filipe-de-sa-pessoa\/\"]}]},{\"@type\":\"BreadcrumbList\",\"@id\":\"https:\/\/www.diasporaportuguesa.org\/en\/profile\/filipe-de-sa-pessoa\/#breadcrumb\",\"itemListElement\":[{\"@type\":\"ListItem\",\"position\":1,\"name\":\"In\u00edcio\",\"item\":\"https:\/\/www.diasporaportuguesa.org\/en\/\"},{\"@type\":\"ListItem\",\"position\":2,\"name\":\"Filipe de S\u00e1 Pessoa\"}]},{\"@type\":\"WebSite\",\"@id\":\"https:\/\/www.diasporaportuguesa.org\/#website\",\"url\":\"https:\/\/www.diasporaportuguesa.org\/\",\"name\":\"Conselho da Di\u00e1spora Portuguesa\",\"description\":\"Conselho da Di\u00e1spora Portuguesa\",\"publisher\":{\"@id\":\"https:\/\/www.diasporaportuguesa.org\/#organization\"},\"potentialAction\":[{\"@type\":\"SearchAction\",\"target\":{\"@type\":\"EntryPoint\",\"urlTemplate\":\"https:\/\/www.diasporaportuguesa.org\/?s={search_term_string}\"},\"query-input\":\"required name=search_term_string\"}],\"inLanguage\":\"en-US\"},{\"@type\":\"Organization\",\"@id\":\"https:\/\/www.diasporaportuguesa.org\/#organization\",\"name\":\"Conselho da Di\u00e1spora Portuguesa\",\"url\":\"https:\/\/www.diasporaportuguesa.org\/\",\"logo\":{\"@type\":\"ImageObject\",\"inLanguage\":\"en-US\",\"@id\":\"https:\/\/www.diasporaportuguesa.org\/#\/schema\/logo\/image\/\",\"url\":\"https:\/\/www.diasporaportuguesa.org\/wp-content\/uploads\/2022\/11\/conselho-diaspora-portuguesa.png\",\"contentUrl\":\"https:\/\/www.diasporaportuguesa.org\/wp-content\/uploads\/2022\/11\/conselho-diaspora-portuguesa.png\",\"width\":735,\"height\":216,\"caption\":\"Conselho da Di\u00e1spora Portuguesa\"},\"image\":{\"@id\":\"https:\/\/www.diasporaportuguesa.org\/#\/schema\/logo\/image\/\"},\"sameAs\":[\"https:\/\/twitter.com\/CdDiaspora\",\"https:\/\/www.linkedin.com\/company\/conselho-da-diaspora-portuguesa\/\",\"https:\/\/www.youtube.com\/channel\/UCEI8qERhtqzV1UgdITBo6rw\/videos\"]}]}<\/script>\n<!-- \/ Yoast SEO plugin. -->","yoast_head_json":{"title":"Filipe de S\u00e1 Pessoa - Conselho da Di\u00e1spora Portuguesa","robots":{"index":"index","follow":"follow","max-snippet":"max-snippet:-1","max-image-preview":"max-image-preview:large","max-video-preview":"max-video-preview:-1"},"canonical":"https:\/\/www.diasporaportuguesa.org\/en\/profile\/filipe-de-sa-pessoa\/","og_locale":"en_US","og_type":"article","og_title":"Filipe de S\u00e1 Pessoa - Conselho da Di\u00e1spora Portuguesa","og_description":"Since the end of 2022, Filipe de S\u00e1 Pessoa has been Head of Development at AXA Investment Managers, Europe&#8217;s largest real estate asset manager, managing large-scale real estate projects in Germany. He was born in 1982 in Lisbon, Portugal. He graduated in Architecture from the Lus\u00edada University of Lisbon in 2006. In 2007, he did...","og_url":"https:\/\/www.diasporaportuguesa.org\/en\/profile\/filipe-de-sa-pessoa\/","og_site_name":"Conselho da Di\u00e1spora Portuguesa","article_modified_time":"2026-02-07T22:44:29+00:00","og_image":[{"width":667,"height":843,"url":"https:\/\/www.diasporaportuguesa.org\/wp-content\/uploads\/2024\/06\/Filipe-de-Sa-Pessoa_Fotografia.jpg","type":"image\/jpeg"}],"twitter_card":"summary_large_image","twitter_site":"@CdDiaspora","twitter_misc":{"Est. reading time":"2 minutes"},"schema":{"@context":"https:\/\/schema.org","@graph":[{"@type":"WebPage","@id":"https:\/\/www.diasporaportuguesa.org\/en\/profile\/filipe-de-sa-pessoa\/","url":"https:\/\/www.diasporaportuguesa.org\/en\/profile\/filipe-de-sa-pessoa\/","name":"Filipe de S\u00e1 Pessoa - Conselho da Di\u00e1spora Portuguesa","isPartOf":{"@id":"https:\/\/www.diasporaportuguesa.org\/#website"},"datePublished":"2024-06-06T09:10:40+00:00","dateModified":"2026-02-07T22:44:29+00:00","breadcrumb":{"@id":"https:\/\/www.diasporaportuguesa.org\/en\/profile\/filipe-de-sa-pessoa\/#breadcrumb"},"inLanguage":"en-US","potentialAction":[{"@type":"ReadAction","target":["https:\/\/www.diasporaportuguesa.org\/en\/profile\/filipe-de-sa-pessoa\/"]}]},{"@type":"BreadcrumbList","@id":"https:\/\/www.diasporaportuguesa.org\/en\/profile\/filipe-de-sa-pessoa\/#breadcrumb","itemListElement":[{"@type":"ListItem","position":1,"name":"In\u00edcio","item":"https:\/\/www.diasporaportuguesa.org\/en\/"},{"@type":"ListItem","position":2,"name":"Filipe de S\u00e1 Pessoa"}]},{"@type":"WebSite","@id":"https:\/\/www.diasporaportuguesa.org\/#website","url":"https:\/\/www.diasporaportuguesa.org\/","name":"Conselho da Di\u00e1spora Portuguesa","description":"Conselho da Di\u00e1spora Portuguesa","publisher":{"@id":"https:\/\/www.diasporaportuguesa.org\/#organization"},"potentialAction":[{"@type":"SearchAction","target":{"@type":"EntryPoint","urlTemplate":"https:\/\/www.diasporaportuguesa.org\/?s={search_term_string}"},"query-input":"required name=search_term_string"}],"inLanguage":"en-US"},{"@type":"Organization","@id":"https:\/\/www.diasporaportuguesa.org\/#organization","name":"Conselho da Di\u00e1spora Portuguesa","url":"https:\/\/www.diasporaportuguesa.org\/","logo":{"@type":"ImageObject","inLanguage":"en-US","@id":"https:\/\/www.diasporaportuguesa.org\/#\/schema\/logo\/image\/","url":"https:\/\/www.diasporaportuguesa.org\/wp-content\/uploads\/2022\/11\/conselho-diaspora-portuguesa.png","contentUrl":"https:\/\/www.diasporaportuguesa.org\/wp-content\/uploads\/2022\/11\/conselho-diaspora-portuguesa.png","width":735,"height":216,"caption":"Conselho da Di\u00e1spora Portuguesa"},"image":{"@id":"https:\/\/www.diasporaportuguesa.org\/#\/schema\/logo\/image\/"},"sameAs":["https:\/\/twitter.com\/CdDiaspora","https:\/\/www.linkedin.com\/company\/conselho-da-diaspora-portuguesa\/","https:\/\/www.youtube.com\/channel\/UCEI8qERhtqzV1UgdITBo6rw\/videos"]}]}},"_links":{"self":[{"href":"https:\/\/www.diasporaportuguesa.org\/en\/wp-json\/wp\/v2\/perfis\/20183"}],"collection":[{"href":"https:\/\/www.diasporaportuguesa.org\/en\/wp-json\/wp\/v2\/perfis"}],"about":[{"href":"https:\/\/www.diasporaportuguesa.org\/en\/wp-json\/wp\/v2\/types\/perfis"}],"author":[{"embeddable":true,"href":"https:\/\/www.diasporaportuguesa.org\/en\/wp-json\/wp\/v2\/users\/10"}],"wp:featuredmedia":[{"embeddable":true,"href":"https:\/\/www.diasporaportuguesa.org\/en\/wp-json\/wp\/v2\/media\/20184"}],"wp:attachment":[{"href":"https:\/\/www.diasporaportuguesa.org\/en\/wp-json\/wp\/v2\/media?parent=20183"}],"wp:term":[{"taxonomy":"grupo","embeddable":true,"href":"https:\/\/www.diasporaportuguesa.org\/en\/wp-json\/wp\/v2\/grupo?post=20183"}],"curies":[{"name":"wp","href":"https:\/\/api.w.org\/{rel}","templated":true}]}}

Filipe de Sá Pessoa

<p>Since the end of 2022, Filipe de Sá Pessoa has been Head of Development at AXA Investment Managers, Europe&#8217;s largest real estate asset manager, managing large-scale real estate projects in Germany.</p>



<p>He was born in 1982 in Lisbon, Portugal. He graduated in Architecture from the Lusíada University of Lisbon in 2006. In 2007, he did an internship at João Paciência Arquitetos, working for the next three years with Eduardo Souto de Moura, first in Porto and then in Lisbon.</p>



<p>In 2011, he moved to London where he completed a Master&#8217;s degree in Real Estate Investment at Cass Business School. During this time, he became involved with the Cass Real Estate Club and met Gilberto Jordan, who introduced him to the Urban Land Institute (ULI).</p>



<p>In 2013, he moved to Hamburg and quickly rose to head of acquisitions for DC Developments in Germany, also becoming Managing Director of the DCR &amp; HDC Developments joint venture in Comporta, Portugal. In 2018, he was invited to lead real estate development at MPC Capital, where he developed one of Germany&#8217;s first sustainable real estate funds.</p>



<p>He is married, has two children and lives in Hamburg with his family, maintaining a strong bond with the local Portuguese community.</p>



<p>Filipe de Sá Pessoa has been a member of the Portuguese Diaspora Council since May 2024.</p>

<!-- This site is optimized with the Yoast SEO plugin v21.3 - https://yoast.com/wordpress/plugins/seo/ -->
<title>Filipe de Sá Pessoa - Conselho da Diáspora Portuguesa</title>
<meta name="robots" content="index, follow, max-snippet:-1, max-image-preview:large, max-video-preview:-1" />
<link rel="canonical" href="https://www.diasporaportuguesa.org/en/profile/filipe-de-sa-pessoa/" />
<meta property="og:locale" content="en_US" />
<meta property="og:type" content="article" />
<meta property="og:title" content="Filipe de Sá Pessoa - Conselho da Diáspora Portuguesa" />
<meta property="og:description" content="Since the end of 2022, Filipe de Sá Pessoa has been Head of Development at AXA Investment Managers, Europe&#8217;s largest real estate asset manager, managing large-scale real estate projects in Germany. He was born in 1982 in Lisbon, Portugal. He graduated in Architecture from the Lusíada University of Lisbon in 2006. In 2007, he did..." />
<meta property="og:url" content="https://www.diasporaportuguesa.org/en/profile/filipe-de-sa-pessoa/" />
<meta property="og:site_name" content="Conselho da Diáspora Portuguesa" />
<meta property="article:modified_time" content="2026-02-07T22:44:29+00:00" />
<meta property="og:image" content="https://www.diasporaportuguesa.org/wp-content/uploads/2024/06/Filipe-de-Sa-Pessoa_Fotografia.jpg" />
	<meta property="og:image:width" content="667" />
	<meta property="og:image:height" content="843" />
	<meta property="og:image:type" content="image/jpeg" />
<meta name="twitter:card" content="summary_large_image" />
<meta name="twitter:site" content="@CdDiaspora" />
<meta name="twitter:label1" content="Est. reading time" />
	<meta name="twitter:data1" content="2 minutes" />
<script type="application/ld+json" class="yoast-schema-graph">{"@context":"https://schema.org","@graph":[{"@type":"WebPage","@id":"https://www.diasporaportuguesa.org/en/profile/filipe-de-sa-pessoa/","url":"https://www.diasporaportuguesa.org/en/profile/filipe-de-sa-pessoa/","name":"Filipe de Sá Pessoa - Conselho da Diáspora Portuguesa","isPartOf":{"@id":"https://www.diasporaportuguesa.org/#website"},"datePublished":"2024-06-06T09:10:40+00:00","dateModified":"2026-02-07T22:44:29+00:00","breadcrumb":{"@id":"https://www.diasporaportuguesa.org/en/profile/filipe-de-sa-pessoa/#breadcrumb"},"inLanguage":"en-US","potentialAction":[{"@type":"ReadAction","target":["https://www.diasporaportuguesa.org/en/profile/filipe-de-sa-pessoa/"]}]},{"@type":"BreadcrumbList","@id":"https://www.diasporaportuguesa.org/en/profile/filipe-de-sa-pessoa/#breadcrumb","itemListElement":[{"@type":"ListItem","position":1,"name":"Início","item":"https://www.diasporaportuguesa.org/en/"},{"@type":"ListItem","position":2,"name":"Filipe de Sá Pessoa"}]},{"@type":"WebSite","@id":"https://www.diasporaportuguesa.org/#website","url":"https://www.diasporaportuguesa.org/","name":"Conselho da Diáspora Portuguesa","description":"Conselho da Diáspora Portuguesa","publisher":{"@id":"https://www.diasporaportuguesa.org/#organization"},"potentialAction":[{"@type":"SearchAction","target":{"@type":"EntryPoint","urlTemplate":"https://www.diasporaportuguesa.org/?s={search_term_string}"},"query-input":"required name=search_term_string"}],"inLanguage":"en-US"},{"@type":"Organization","@id":"https://www.diasporaportuguesa.org/#organization","name":"Conselho da Diáspora Portuguesa","url":"https://www.diasporaportuguesa.org/","logo":{"@type":"ImageObject","inLanguage":"en-US","@id":"https://www.diasporaportuguesa.org/#/schema/logo/image/","url":"https://www.diasporaportuguesa.org/wp-content/uploads/2022/11/conselho-diaspora-portuguesa.png","contentUrl":"https://www.diasporaportuguesa.org/wp-content/uploads/2022/11/conselho-diaspora-portuguesa.png","width":735,"height":216,"caption":"Conselho da Diáspora Portuguesa"},"image":{"@id":"https://www.diasporaportuguesa.org/#/schema/logo/image/"},"sameAs":["https://twitter.com/CdDiaspora","https://www.linkedin.com/company/conselho-da-diaspora-portuguesa/","https://www.youtube.com/channel/UCEI8qERhtqzV1UgdITBo6rw/videos"]}]}</script>
<!-- / Yoast SEO plugin. -->

Filipe de Sá Pessoa - Conselho da Diáspora Portuguesa

Since the end of 2022, Filipe de Sá Pessoa has been Head of Development at AXA Investment Managers, Europe&#8217;s largest real estate asset manager, managing large-scale real estate projects in Germany. He was born in 1982 in Lisbon, Portugal. He graduated in Architecture from the Lusíada University of Lisbon in 2006. In 2007, he did...

Conselho da Diáspora Portuguesa

Início
