{"id":20213,"date":"2024-06-07T13:31:22","date_gmt":"2024-06-07T13:31:22","guid":{"rendered":"https:\/\/www.diasporaportuguesa.org\/?post_type=perfis&#038;p=20213"},"modified":"2024-06-07T13:31:24","modified_gmt":"2024-06-07T13:31:24","slug":"joao-santos-rosa","status":"publish","type":"perfis","link":"https:\/\/www.diasporaportuguesa.org\/en\/profile\/joao-santos-rosa\/","title":{"rendered":"Jo\u00e3o Santos Rosa"},"content":{"rendered":"\n<p>Jo\u00e3o has over 20 years of experience in the energy sector, having held a variety of leadership roles in the Downstream, Upstream and Integrated Gas businesses, Corporate Strategy &amp; Portfolio, Finance, Mergers &amp; Acquisitions, and New Business Development.<\/p>\n\n\n\n<p>He has worked and lived in Europe, Oceania, Asia and North America. Joao holds a Licenciatura in Aerospace Engineering from Instituto Superior T\u00e9cnico, and a Global Executive MBA from INSEAD.<\/p>\n\n\n\n<p>Since 2024, Joao is the CEO of Shell Italy E&amp;P S.p.A. and Country Chairfor&nbsp; Shell Group of Companies in Italy based in Rome. In his current role he manages the integrated portfolio, brand and reputation of Shell in Italy, a country where Shell is present for over 100 years.<\/p>\n\n\n\n<p>Jo\u00e3o joined Shell in the UK in 2002 having worked in a variety of operational and commercial roles in the Downstream business. In 2006, he was appointed Regional Head of Business Development, based in London, responsible to develop and implement new fuels supply chains and marketing strategies for Shell&#8217;s European Premium fuels portfolio (V-Power, Shell Racing Fuels, Gas-to-Liquids).<\/p>\n\n\n\n<p>From 2009 to 2012, Jo\u00e3o assumed the position of Trading, Supply and Logistics Manager for Shell in Oceania based in Melbourne. He was responsible to manage the assets and supply chain (including trading, maritime, road and rail operations) in Australia and regional optimization of hydrocarbon imports\/exports with Asia. He was also the company representative in the National Fuels Supply Emergency Committee at Commonwealth and State level and has led Shell\u2019s emergency response to Cyclone Yaris (category 5 hurricane, like Katrina in USA), Brisbane floods (over 70 towns and 200,000 people affected) and Victoria\/NSW catastrophic fires.<\/p>\n\n\n\n<p>In 2012, he was appointed Senior Strategy Advisor based in The Hague accountable to support the CEO, CFO, Executive Committee and the Board to define the strategy and aspired portfolio for Shell. Later, as Group Portfolio Manager, he supported the Executive Committee and the Board in transformational portfolio decisions such as the BG acquisition in 2015.<\/p>\n\n\n\n<p>In 2016, Jo\u00e3o was appointed General Manager Commercial &amp; Business Development for the Deepwater division in USA and Mexico based in Houston, Texas. He was also member of the Country Leadership team. In late 2021, he became Global Vice President for Acquisitions, Divestments and New Business Development based in London and member of the Group M&amp;A Leadership team.<\/p>\n\n\n\n<p>Prior to 2002, Jo\u00e3o has worked in the IN+ Centre for Innovation Technology &amp; Policy Research, as a researcher in the European project Low NOxIII. He also collaborated with the Observat\u00f3rio de Prospectiva da Engenharia e Tecnologia (OPET), and was a founding member and President of the Portuguese Entrepreneurship Agency, a non-profit organization focused in promoting entrepreneurship and innovation.<\/p>\n\n\n\n<p>Jo\u00e3o Santos Rosa has been a member of the Portuguese Diaspora Council since May 2024.<\/p>\n","protected":false},"author":10,"featured_media":20212,"template":"","meta":[],"grupo":[281],"acf":[],"yoast_head":"<!-- This site is optimized with the Yoast SEO plugin v21.3 - https:\/\/yoast.com\/wordpress\/plugins\/seo\/ -->\n<title>Jo\u00e3o Santos Rosa - Conselho da Di\u00e1spora Portuguesa<\/title>\n<meta name=\"robots\" content=\"index, follow, max-snippet:-1, max-image-preview:large, max-video-preview:-1\" \/>\n<link rel=\"canonical\" href=\"https:\/\/www.diasporaportuguesa.org\/en\/profile\/joao-santos-rosa\/\" \/>\n<meta property=\"og:locale\" content=\"en_US\" \/>\n<meta property=\"og:type\" content=\"article\" \/>\n<meta property=\"og:title\" content=\"Jo\u00e3o Santos Rosa - Conselho da Di\u00e1spora Portuguesa\" \/>\n<meta property=\"og:description\" content=\"Jo\u00e3o has over 20 years of experience in the energy sector, having held a variety of leadership roles in the Downstream, Upstream and Integrated Gas businesses, Corporate Strategy &amp; Portfolio, Finance, Mergers &amp; Acquisitions, and New Business Development. He has worked and lived in Europe, Oceania, Asia and North America. Joao holds a Licenciatura in...\" \/>\n<meta property=\"og:url\" content=\"https:\/\/www.diasporaportuguesa.org\/en\/profile\/joao-santos-rosa\/\" \/>\n<meta property=\"og:site_name\" content=\"Conselho da Di\u00e1spora Portuguesa\" \/>\n<meta property=\"article:modified_time\" content=\"2024-06-07T13:31:24+00:00\" \/>\n<meta property=\"og:image\" content=\"https:\/\/www.diasporaportuguesa.org\/wp-content\/uploads\/2024\/06\/Fotografia_Joao-Santos-Rosa.jpg\" \/>\n\t<meta property=\"og:image:width\" content=\"1080\" \/>\n\t<meta property=\"og:image:height\" content=\"1173\" \/>\n\t<meta property=\"og:image:type\" content=\"image\/jpeg\" \/>\n<meta name=\"twitter:card\" content=\"summary_large_image\" \/>\n<meta name=\"twitter:site\" content=\"@CdDiaspora\" \/>\n<meta name=\"twitter:label1\" content=\"Est. reading time\" \/>\n\t<meta name=\"twitter:data1\" content=\"3 minutes\" \/>\n<script type=\"application\/ld+json\" class=\"yoast-schema-graph\">{\"@context\":\"https:\/\/schema.org\",\"@graph\":[{\"@type\":\"WebPage\",\"@id\":\"https:\/\/www.diasporaportuguesa.org\/en\/profile\/joao-santos-rosa\/\",\"url\":\"https:\/\/www.diasporaportuguesa.org\/en\/profile\/joao-santos-rosa\/\",\"name\":\"Jo\u00e3o Santos Rosa - Conselho da Di\u00e1spora Portuguesa\",\"isPartOf\":{\"@id\":\"https:\/\/www.diasporaportuguesa.org\/#website\"},\"datePublished\":\"2024-06-07T13:31:22+00:00\",\"dateModified\":\"2024-06-07T13:31:24+00:00\",\"breadcrumb\":{\"@id\":\"https:\/\/www.diasporaportuguesa.org\/en\/profile\/joao-santos-rosa\/#breadcrumb\"},\"inLanguage\":\"en-US\",\"potentialAction\":[{\"@type\":\"ReadAction\",\"target\":[\"https:\/\/www.diasporaportuguesa.org\/en\/profile\/joao-santos-rosa\/\"]}]},{\"@type\":\"BreadcrumbList\",\"@id\":\"https:\/\/www.diasporaportuguesa.org\/en\/profile\/joao-santos-rosa\/#breadcrumb\",\"itemListElement\":[{\"@type\":\"ListItem\",\"position\":1,\"name\":\"In\u00edcio\",\"item\":\"https:\/\/www.diasporaportuguesa.org\/en\/\"},{\"@type\":\"ListItem\",\"position\":2,\"name\":\"Jo\u00e3o Santos Rosa\"}]},{\"@type\":\"WebSite\",\"@id\":\"https:\/\/www.diasporaportuguesa.org\/#website\",\"url\":\"https:\/\/www.diasporaportuguesa.org\/\",\"name\":\"Conselho da Di\u00e1spora Portuguesa\",\"description\":\"Conselho da Di\u00e1spora Portuguesa\",\"publisher\":{\"@id\":\"https:\/\/www.diasporaportuguesa.org\/#organization\"},\"potentialAction\":[{\"@type\":\"SearchAction\",\"target\":{\"@type\":\"EntryPoint\",\"urlTemplate\":\"https:\/\/www.diasporaportuguesa.org\/?s={search_term_string}\"},\"query-input\":\"required name=search_term_string\"}],\"inLanguage\":\"en-US\"},{\"@type\":\"Organization\",\"@id\":\"https:\/\/www.diasporaportuguesa.org\/#organization\",\"name\":\"Conselho da Di\u00e1spora Portuguesa\",\"url\":\"https:\/\/www.diasporaportuguesa.org\/\",\"logo\":{\"@type\":\"ImageObject\",\"inLanguage\":\"en-US\",\"@id\":\"https:\/\/www.diasporaportuguesa.org\/#\/schema\/logo\/image\/\",\"url\":\"https:\/\/www.diasporaportuguesa.org\/wp-content\/uploads\/2022\/11\/conselho-diaspora-portuguesa.png\",\"contentUrl\":\"https:\/\/www.diasporaportuguesa.org\/wp-content\/uploads\/2022\/11\/conselho-diaspora-portuguesa.png\",\"width\":735,\"height\":216,\"caption\":\"Conselho da Di\u00e1spora Portuguesa\"},\"image\":{\"@id\":\"https:\/\/www.diasporaportuguesa.org\/#\/schema\/logo\/image\/\"},\"sameAs\":[\"https:\/\/twitter.com\/CdDiaspora\",\"https:\/\/www.linkedin.com\/company\/conselho-da-diaspora-portuguesa\/\",\"https:\/\/www.youtube.com\/channel\/UCEI8qERhtqzV1UgdITBo6rw\/videos\"]}]}<\/script>\n<!-- \/ Yoast SEO plugin. -->","yoast_head_json":{"title":"Jo\u00e3o Santos Rosa - Conselho da Di\u00e1spora Portuguesa","robots":{"index":"index","follow":"follow","max-snippet":"max-snippet:-1","max-image-preview":"max-image-preview:large","max-video-preview":"max-video-preview:-1"},"canonical":"https:\/\/www.diasporaportuguesa.org\/en\/profile\/joao-santos-rosa\/","og_locale":"en_US","og_type":"article","og_title":"Jo\u00e3o Santos Rosa - Conselho da Di\u00e1spora Portuguesa","og_description":"Jo\u00e3o has over 20 years of experience in the energy sector, having held a variety of leadership roles in the Downstream, Upstream and Integrated Gas businesses, Corporate Strategy &amp; Portfolio, Finance, Mergers &amp; Acquisitions, and New Business Development. He has worked and lived in Europe, Oceania, Asia and North America. Joao holds a Licenciatura in...","og_url":"https:\/\/www.diasporaportuguesa.org\/en\/profile\/joao-santos-rosa\/","og_site_name":"Conselho da Di\u00e1spora Portuguesa","article_modified_time":"2024-06-07T13:31:24+00:00","og_image":[{"width":1080,"height":1173,"url":"https:\/\/www.diasporaportuguesa.org\/wp-content\/uploads\/2024\/06\/Fotografia_Joao-Santos-Rosa.jpg","type":"image\/jpeg"}],"twitter_card":"summary_large_image","twitter_site":"@CdDiaspora","twitter_misc":{"Est. reading time":"3 minutes"},"schema":{"@context":"https:\/\/schema.org","@graph":[{"@type":"WebPage","@id":"https:\/\/www.diasporaportuguesa.org\/en\/profile\/joao-santos-rosa\/","url":"https:\/\/www.diasporaportuguesa.org\/en\/profile\/joao-santos-rosa\/","name":"Jo\u00e3o Santos Rosa - Conselho da Di\u00e1spora Portuguesa","isPartOf":{"@id":"https:\/\/www.diasporaportuguesa.org\/#website"},"datePublished":"2024-06-07T13:31:22+00:00","dateModified":"2024-06-07T13:31:24+00:00","breadcrumb":{"@id":"https:\/\/www.diasporaportuguesa.org\/en\/profile\/joao-santos-rosa\/#breadcrumb"},"inLanguage":"en-US","potentialAction":[{"@type":"ReadAction","target":["https:\/\/www.diasporaportuguesa.org\/en\/profile\/joao-santos-rosa\/"]}]},{"@type":"BreadcrumbList","@id":"https:\/\/www.diasporaportuguesa.org\/en\/profile\/joao-santos-rosa\/#breadcrumb","itemListElement":[{"@type":"ListItem","position":1,"name":"In\u00edcio","item":"https:\/\/www.diasporaportuguesa.org\/en\/"},{"@type":"ListItem","position":2,"name":"Jo\u00e3o Santos Rosa"}]},{"@type":"WebSite","@id":"https:\/\/www.diasporaportuguesa.org\/#website","url":"https:\/\/www.diasporaportuguesa.org\/","name":"Conselho da Di\u00e1spora Portuguesa","description":"Conselho da Di\u00e1spora Portuguesa","publisher":{"@id":"https:\/\/www.diasporaportuguesa.org\/#organization"},"potentialAction":[{"@type":"SearchAction","target":{"@type":"EntryPoint","urlTemplate":"https:\/\/www.diasporaportuguesa.org\/?s={search_term_string}"},"query-input":"required name=search_term_string"}],"inLanguage":"en-US"},{"@type":"Organization","@id":"https:\/\/www.diasporaportuguesa.org\/#organization","name":"Conselho da Di\u00e1spora Portuguesa","url":"https:\/\/www.diasporaportuguesa.org\/","logo":{"@type":"ImageObject","inLanguage":"en-US","@id":"https:\/\/www.diasporaportuguesa.org\/#\/schema\/logo\/image\/","url":"https:\/\/www.diasporaportuguesa.org\/wp-content\/uploads\/2022\/11\/conselho-diaspora-portuguesa.png","contentUrl":"https:\/\/www.diasporaportuguesa.org\/wp-content\/uploads\/2022\/11\/conselho-diaspora-portuguesa.png","width":735,"height":216,"caption":"Conselho da Di\u00e1spora Portuguesa"},"image":{"@id":"https:\/\/www.diasporaportuguesa.org\/#\/schema\/logo\/image\/"},"sameAs":["https:\/\/twitter.com\/CdDiaspora","https:\/\/www.linkedin.com\/company\/conselho-da-diaspora-portuguesa\/","https:\/\/www.youtube.com\/channel\/UCEI8qERhtqzV1UgdITBo6rw\/videos"]}]}},"_links":{"self":[{"href":"https:\/\/www.diasporaportuguesa.org\/en\/wp-json\/wp\/v2\/perfis\/20213"}],"collection":[{"href":"https:\/\/www.diasporaportuguesa.org\/en\/wp-json\/wp\/v2\/perfis"}],"about":[{"href":"https:\/\/www.diasporaportuguesa.org\/en\/wp-json\/wp\/v2\/types\/perfis"}],"author":[{"embeddable":true,"href":"https:\/\/www.diasporaportuguesa.org\/en\/wp-json\/wp\/v2\/users\/10"}],"wp:featuredmedia":[{"embeddable":true,"href":"https:\/\/www.diasporaportuguesa.org\/en\/wp-json\/wp\/v2\/media\/20212"}],"wp:attachment":[{"href":"https:\/\/www.diasporaportuguesa.org\/en\/wp-json\/wp\/v2\/media?parent=20213"}],"wp:term":[{"taxonomy":"grupo","embeddable":true,"href":"https:\/\/www.diasporaportuguesa.org\/en\/wp-json\/wp\/v2\/grupo?post=20213"}],"curies":[{"name":"wp","href":"https:\/\/api.w.org\/{rel}","templated":true}]}}

João Santos Rosa

<p>João has over 20 years of experience in the energy sector, having held a variety of leadership roles in the Downstream, Upstream and Integrated Gas businesses, Corporate Strategy &amp; Portfolio, Finance, Mergers &amp; Acquisitions, and New Business Development.</p>



<p>He has worked and lived in Europe, Oceania, Asia and North America. Joao holds a Licenciatura in Aerospace Engineering from Instituto Superior Técnico, and a Global Executive MBA from INSEAD.</p>



<p>Since 2024, Joao is the CEO of Shell Italy E&amp;P S.p.A. and Country Chairfor&nbsp; Shell Group of Companies in Italy based in Rome. In his current role he manages the integrated portfolio, brand and reputation of Shell in Italy, a country where Shell is present for over 100 years.</p>



<p>João joined Shell in the UK in 2002 having worked in a variety of operational and commercial roles in the Downstream business. In 2006, he was appointed Regional Head of Business Development, based in London, responsible to develop and implement new fuels supply chains and marketing strategies for Shell&#8217;s European Premium fuels portfolio (V-Power, Shell Racing Fuels, Gas-to-Liquids).</p>



<p>From 2009 to 2012, João assumed the position of Trading, Supply and Logistics Manager for Shell in Oceania based in Melbourne. He was responsible to manage the assets and supply chain (including trading, maritime, road and rail operations) in Australia and regional optimization of hydrocarbon imports/exports with Asia. He was also the company representative in the National Fuels Supply Emergency Committee at Commonwealth and State level and has led Shell’s emergency response to Cyclone Yaris (category 5 hurricane, like Katrina in USA), Brisbane floods (over 70 towns and 200,000 people affected) and Victoria/NSW catastrophic fires.</p>



<p>In 2012, he was appointed Senior Strategy Advisor based in The Hague accountable to support the CEO, CFO, Executive Committee and the Board to define the strategy and aspired portfolio for Shell. Later, as Group Portfolio Manager, he supported the Executive Committee and the Board in transformational portfolio decisions such as the BG acquisition in 2015.</p>



<p>In 2016, João was appointed General Manager Commercial &amp; Business Development for the Deepwater division in USA and Mexico based in Houston, Texas. He was also member of the Country Leadership team. In late 2021, he became Global Vice President for Acquisitions, Divestments and New Business Development based in London and member of the Group M&amp;A Leadership team.</p>



<p>Prior to 2002, João has worked in the IN+ Centre for Innovation Technology &amp; Policy Research, as a researcher in the European project Low NOxIII. He also collaborated with the Observatório de Prospectiva da Engenharia e Tecnologia (OPET), and was a founding member and President of the Portuguese Entrepreneurship Agency, a non-profit organization focused in promoting entrepreneurship and innovation.</p>



<p>João Santos Rosa has been a member of the Portuguese Diaspora Council since May 2024.</p>

<!-- This site is optimized with the Yoast SEO plugin v21.3 - https://yoast.com/wordpress/plugins/seo/ -->
<title>João Santos Rosa - Conselho da Diáspora Portuguesa</title>
<meta name="robots" content="index, follow, max-snippet:-1, max-image-preview:large, max-video-preview:-1" />
<link rel="canonical" href="https://www.diasporaportuguesa.org/en/profile/joao-santos-rosa/" />
<meta property="og:locale" content="en_US" />
<meta property="og:type" content="article" />
<meta property="og:title" content="João Santos Rosa - Conselho da Diáspora Portuguesa" />
<meta property="og:description" content="João has over 20 years of experience in the energy sector, having held a variety of leadership roles in the Downstream, Upstream and Integrated Gas businesses, Corporate Strategy &amp; Portfolio, Finance, Mergers &amp; Acquisitions, and New Business Development. He has worked and lived in Europe, Oceania, Asia and North America. Joao holds a Licenciatura in..." />
<meta property="og:url" content="https://www.diasporaportuguesa.org/en/profile/joao-santos-rosa/" />
<meta property="og:site_name" content="Conselho da Diáspora Portuguesa" />
<meta property="article:modified_time" content="2024-06-07T13:31:24+00:00" />
<meta property="og:image" content="https://www.diasporaportuguesa.org/wp-content/uploads/2024/06/Fotografia_Joao-Santos-Rosa.jpg" />
	<meta property="og:image:width" content="1080" />
	<meta property="og:image:height" content="1173" />
	<meta property="og:image:type" content="image/jpeg" />
<meta name="twitter:card" content="summary_large_image" />
<meta name="twitter:site" content="@CdDiaspora" />
<meta name="twitter:label1" content="Est. reading time" />
	<meta name="twitter:data1" content="3 minutes" />
<script type="application/ld+json" class="yoast-schema-graph">{"@context":"https://schema.org","@graph":[{"@type":"WebPage","@id":"https://www.diasporaportuguesa.org/en/profile/joao-santos-rosa/","url":"https://www.diasporaportuguesa.org/en/profile/joao-santos-rosa/","name":"João Santos Rosa - Conselho da Diáspora Portuguesa","isPartOf":{"@id":"https://www.diasporaportuguesa.org/#website"},"datePublished":"2024-06-07T13:31:22+00:00","dateModified":"2024-06-07T13:31:24+00:00","breadcrumb":{"@id":"https://www.diasporaportuguesa.org/en/profile/joao-santos-rosa/#breadcrumb"},"inLanguage":"en-US","potentialAction":[{"@type":"ReadAction","target":["https://www.diasporaportuguesa.org/en/profile/joao-santos-rosa/"]}]},{"@type":"BreadcrumbList","@id":"https://www.diasporaportuguesa.org/en/profile/joao-santos-rosa/#breadcrumb","itemListElement":[{"@type":"ListItem","position":1,"name":"Início","item":"https://www.diasporaportuguesa.org/en/"},{"@type":"ListItem","position":2,"name":"João Santos Rosa"}]},{"@type":"WebSite","@id":"https://www.diasporaportuguesa.org/#website","url":"https://www.diasporaportuguesa.org/","name":"Conselho da Diáspora Portuguesa","description":"Conselho da Diáspora Portuguesa","publisher":{"@id":"https://www.diasporaportuguesa.org/#organization"},"potentialAction":[{"@type":"SearchAction","target":{"@type":"EntryPoint","urlTemplate":"https://www.diasporaportuguesa.org/?s={search_term_string}"},"query-input":"required name=search_term_string"}],"inLanguage":"en-US"},{"@type":"Organization","@id":"https://www.diasporaportuguesa.org/#organization","name":"Conselho da Diáspora Portuguesa","url":"https://www.diasporaportuguesa.org/","logo":{"@type":"ImageObject","inLanguage":"en-US","@id":"https://www.diasporaportuguesa.org/#/schema/logo/image/","url":"https://www.diasporaportuguesa.org/wp-content/uploads/2022/11/conselho-diaspora-portuguesa.png","contentUrl":"https://www.diasporaportuguesa.org/wp-content/uploads/2022/11/conselho-diaspora-portuguesa.png","width":735,"height":216,"caption":"Conselho da Diáspora Portuguesa"},"image":{"@id":"https://www.diasporaportuguesa.org/#/schema/logo/image/"},"sameAs":["https://twitter.com/CdDiaspora","https://www.linkedin.com/company/conselho-da-diaspora-portuguesa/","https://www.youtube.com/channel/UCEI8qERhtqzV1UgdITBo6rw/videos"]}]}</script>
<!-- / Yoast SEO plugin. -->

João Santos Rosa - Conselho da Diáspora Portuguesa

João has over 20 years of experience in the energy sector, having held a variety of leadership roles in the Downstream, Upstream and Integrated Gas businesses, Corporate Strategy &amp; Portfolio, Finance, Mergers &amp; Acquisitions, and New Business Development. He has worked and lived in Europe, Oceania, Asia and North America. Joao holds a Licenciatura in...

Conselho da Diáspora Portuguesa

Início
