{"id":20225,"date":"2024-06-07T14:08:27","date_gmt":"2024-06-07T14:08:27","guid":{"rendered":"https:\/\/www.diasporaportuguesa.org\/?post_type=perfis&#038;p=20225"},"modified":"2024-06-07T14:08:42","modified_gmt":"2024-06-07T14:08:42","slug":"luis-rasquilha","status":"publish","type":"perfis","link":"https:\/\/www.diasporaportuguesa.org\/en\/profile\/luis-rasquilha\/","title":{"rendered":"Lu\u00eds Rasquilha"},"content":{"rendered":"\n<p>Lu\u00eds Rasquilha is the CEO of INOVA TrendsInnovation Ecosystem, which encompasses Global Trends Research, Inova Consulting, Inova Business School, Inova Online, Inova Publishing, Strategy, and N.O.M.A. He is a board member and Non-Executive Director (NED) of Mercur and NTT Data in Brazil. He serves as a guest lecturer at FIA, Funda\u00e7\u00e3o Dom Cabral, Hospital Albert Einstein, ESALQ\/USP, PUC RS, and INOVA Business School. A columnist for MIT Sloan Review Brasil and Executive Digest in Portugal, he is the author and co-author of 25 books on Management, Trends &amp; Innovation, Marketing &amp; Communication.<\/p>\n\n\n\n<p>His specialties include Strategy, Future, Trends, and Innovation, and he is certified in Strategy by Harvard Business School. Lu\u00eds has extensive professional experience, having worked for companies such as BCP, Publicis, Ogilvy, Dentsu, ETIC, Multipublica\u00e7\u00f5es, AYR Consulting, and Inova. He has also taught at institutions such as INP, IPAM, ISCTE, ISG, ESHTE, and various Polytechnic Institutes (Set\u00fabal, Leiria, and Viseu). Born in Lisbon in 1975, he graduated in 1997 in Public Relations and Advertising and continued his education with an additional 17 courses at European, Brazilian, and American schools.<\/p>\n\n\n\n<p>Lu\u00eds Rasquilha has been a member of the Portuguese Diaspora Council since May 2024.<\/p>\n","protected":false},"author":10,"featured_media":20224,"template":"","meta":[],"grupo":[281],"acf":[],"yoast_head":"<!-- This site is optimized with the Yoast SEO plugin v21.3 - https:\/\/yoast.com\/wordpress\/plugins\/seo\/ -->\n<title>Lu\u00eds Rasquilha - Conselho da Di\u00e1spora Portuguesa<\/title>\n<meta name=\"robots\" content=\"index, follow, max-snippet:-1, max-image-preview:large, max-video-preview:-1\" \/>\n<link rel=\"canonical\" href=\"https:\/\/www.diasporaportuguesa.org\/en\/profile\/luis-rasquilha\/\" \/>\n<meta property=\"og:locale\" content=\"en_US\" \/>\n<meta property=\"og:type\" content=\"article\" \/>\n<meta property=\"og:title\" content=\"Lu\u00eds Rasquilha - Conselho da Di\u00e1spora Portuguesa\" \/>\n<meta property=\"og:description\" content=\"Lu\u00eds Rasquilha is the CEO of INOVA TrendsInnovation Ecosystem, which encompasses Global Trends Research, Inova Consulting, Inova Business School, Inova Online, Inova Publishing, Strategy, and N.O.M.A. He is a board member and Non-Executive Director (NED) of Mercur and NTT Data in Brazil. He serves as a guest lecturer at FIA, Funda\u00e7\u00e3o Dom Cabral, Hospital Albert...\" \/>\n<meta property=\"og:url\" content=\"https:\/\/www.diasporaportuguesa.org\/en\/profile\/luis-rasquilha\/\" \/>\n<meta property=\"og:site_name\" content=\"Conselho da Di\u00e1spora Portuguesa\" \/>\n<meta property=\"article:modified_time\" content=\"2024-06-07T14:08:42+00:00\" \/>\n<meta property=\"og:image\" content=\"https:\/\/www.diasporaportuguesa.org\/wp-content\/uploads\/2024\/06\/Luis-Rasquilha_Fotografia.jpeg\" \/>\n\t<meta property=\"og:image:width\" content=\"800\" \/>\n\t<meta property=\"og:image:height\" content=\"800\" \/>\n\t<meta property=\"og:image:type\" content=\"image\/jpeg\" \/>\n<meta name=\"twitter:card\" content=\"summary_large_image\" \/>\n<meta name=\"twitter:site\" content=\"@CdDiaspora\" \/>\n<meta name=\"twitter:label1\" content=\"Est. reading time\" \/>\n\t<meta name=\"twitter:data1\" content=\"2 minutes\" \/>\n<script type=\"application\/ld+json\" class=\"yoast-schema-graph\">{\"@context\":\"https:\/\/schema.org\",\"@graph\":[{\"@type\":\"WebPage\",\"@id\":\"https:\/\/www.diasporaportuguesa.org\/en\/profile\/luis-rasquilha\/\",\"url\":\"https:\/\/www.diasporaportuguesa.org\/en\/profile\/luis-rasquilha\/\",\"name\":\"Lu\u00eds Rasquilha - Conselho da Di\u00e1spora Portuguesa\",\"isPartOf\":{\"@id\":\"https:\/\/www.diasporaportuguesa.org\/#website\"},\"datePublished\":\"2024-06-07T14:08:27+00:00\",\"dateModified\":\"2024-06-07T14:08:42+00:00\",\"breadcrumb\":{\"@id\":\"https:\/\/www.diasporaportuguesa.org\/en\/profile\/luis-rasquilha\/#breadcrumb\"},\"inLanguage\":\"en-US\",\"potentialAction\":[{\"@type\":\"ReadAction\",\"target\":[\"https:\/\/www.diasporaportuguesa.org\/en\/profile\/luis-rasquilha\/\"]}]},{\"@type\":\"BreadcrumbList\",\"@id\":\"https:\/\/www.diasporaportuguesa.org\/en\/profile\/luis-rasquilha\/#breadcrumb\",\"itemListElement\":[{\"@type\":\"ListItem\",\"position\":1,\"name\":\"In\u00edcio\",\"item\":\"https:\/\/www.diasporaportuguesa.org\/en\/\"},{\"@type\":\"ListItem\",\"position\":2,\"name\":\"Lu\u00eds Rasquilha\"}]},{\"@type\":\"WebSite\",\"@id\":\"https:\/\/www.diasporaportuguesa.org\/#website\",\"url\":\"https:\/\/www.diasporaportuguesa.org\/\",\"name\":\"Conselho da Di\u00e1spora Portuguesa\",\"description\":\"Conselho da Di\u00e1spora Portuguesa\",\"publisher\":{\"@id\":\"https:\/\/www.diasporaportuguesa.org\/#organization\"},\"potentialAction\":[{\"@type\":\"SearchAction\",\"target\":{\"@type\":\"EntryPoint\",\"urlTemplate\":\"https:\/\/www.diasporaportuguesa.org\/?s={search_term_string}\"},\"query-input\":\"required name=search_term_string\"}],\"inLanguage\":\"en-US\"},{\"@type\":\"Organization\",\"@id\":\"https:\/\/www.diasporaportuguesa.org\/#organization\",\"name\":\"Conselho da Di\u00e1spora Portuguesa\",\"url\":\"https:\/\/www.diasporaportuguesa.org\/\",\"logo\":{\"@type\":\"ImageObject\",\"inLanguage\":\"en-US\",\"@id\":\"https:\/\/www.diasporaportuguesa.org\/#\/schema\/logo\/image\/\",\"url\":\"https:\/\/www.diasporaportuguesa.org\/wp-content\/uploads\/2022\/11\/conselho-diaspora-portuguesa.png\",\"contentUrl\":\"https:\/\/www.diasporaportuguesa.org\/wp-content\/uploads\/2022\/11\/conselho-diaspora-portuguesa.png\",\"width\":735,\"height\":216,\"caption\":\"Conselho da Di\u00e1spora Portuguesa\"},\"image\":{\"@id\":\"https:\/\/www.diasporaportuguesa.org\/#\/schema\/logo\/image\/\"},\"sameAs\":[\"https:\/\/twitter.com\/CdDiaspora\",\"https:\/\/www.linkedin.com\/company\/conselho-da-diaspora-portuguesa\/\",\"https:\/\/www.youtube.com\/channel\/UCEI8qERhtqzV1UgdITBo6rw\/videos\"]}]}<\/script>\n<!-- \/ Yoast SEO plugin. -->","yoast_head_json":{"title":"Lu\u00eds Rasquilha - Conselho da Di\u00e1spora Portuguesa","robots":{"index":"index","follow":"follow","max-snippet":"max-snippet:-1","max-image-preview":"max-image-preview:large","max-video-preview":"max-video-preview:-1"},"canonical":"https:\/\/www.diasporaportuguesa.org\/en\/profile\/luis-rasquilha\/","og_locale":"en_US","og_type":"article","og_title":"Lu\u00eds Rasquilha - Conselho da Di\u00e1spora Portuguesa","og_description":"Lu\u00eds Rasquilha is the CEO of INOVA TrendsInnovation Ecosystem, which encompasses Global Trends Research, Inova Consulting, Inova Business School, Inova Online, Inova Publishing, Strategy, and N.O.M.A. He is a board member and Non-Executive Director (NED) of Mercur and NTT Data in Brazil. He serves as a guest lecturer at FIA, Funda\u00e7\u00e3o Dom Cabral, Hospital Albert...","og_url":"https:\/\/www.diasporaportuguesa.org\/en\/profile\/luis-rasquilha\/","og_site_name":"Conselho da Di\u00e1spora Portuguesa","article_modified_time":"2024-06-07T14:08:42+00:00","og_image":[{"width":800,"height":800,"url":"https:\/\/www.diasporaportuguesa.org\/wp-content\/uploads\/2024\/06\/Luis-Rasquilha_Fotografia.jpeg","type":"image\/jpeg"}],"twitter_card":"summary_large_image","twitter_site":"@CdDiaspora","twitter_misc":{"Est. reading time":"2 minutes"},"schema":{"@context":"https:\/\/schema.org","@graph":[{"@type":"WebPage","@id":"https:\/\/www.diasporaportuguesa.org\/en\/profile\/luis-rasquilha\/","url":"https:\/\/www.diasporaportuguesa.org\/en\/profile\/luis-rasquilha\/","name":"Lu\u00eds Rasquilha - Conselho da Di\u00e1spora Portuguesa","isPartOf":{"@id":"https:\/\/www.diasporaportuguesa.org\/#website"},"datePublished":"2024-06-07T14:08:27+00:00","dateModified":"2024-06-07T14:08:42+00:00","breadcrumb":{"@id":"https:\/\/www.diasporaportuguesa.org\/en\/profile\/luis-rasquilha\/#breadcrumb"},"inLanguage":"en-US","potentialAction":[{"@type":"ReadAction","target":["https:\/\/www.diasporaportuguesa.org\/en\/profile\/luis-rasquilha\/"]}]},{"@type":"BreadcrumbList","@id":"https:\/\/www.diasporaportuguesa.org\/en\/profile\/luis-rasquilha\/#breadcrumb","itemListElement":[{"@type":"ListItem","position":1,"name":"In\u00edcio","item":"https:\/\/www.diasporaportuguesa.org\/en\/"},{"@type":"ListItem","position":2,"name":"Lu\u00eds Rasquilha"}]},{"@type":"WebSite","@id":"https:\/\/www.diasporaportuguesa.org\/#website","url":"https:\/\/www.diasporaportuguesa.org\/","name":"Conselho da Di\u00e1spora Portuguesa","description":"Conselho da Di\u00e1spora Portuguesa","publisher":{"@id":"https:\/\/www.diasporaportuguesa.org\/#organization"},"potentialAction":[{"@type":"SearchAction","target":{"@type":"EntryPoint","urlTemplate":"https:\/\/www.diasporaportuguesa.org\/?s={search_term_string}"},"query-input":"required name=search_term_string"}],"inLanguage":"en-US"},{"@type":"Organization","@id":"https:\/\/www.diasporaportuguesa.org\/#organization","name":"Conselho da Di\u00e1spora Portuguesa","url":"https:\/\/www.diasporaportuguesa.org\/","logo":{"@type":"ImageObject","inLanguage":"en-US","@id":"https:\/\/www.diasporaportuguesa.org\/#\/schema\/logo\/image\/","url":"https:\/\/www.diasporaportuguesa.org\/wp-content\/uploads\/2022\/11\/conselho-diaspora-portuguesa.png","contentUrl":"https:\/\/www.diasporaportuguesa.org\/wp-content\/uploads\/2022\/11\/conselho-diaspora-portuguesa.png","width":735,"height":216,"caption":"Conselho da Di\u00e1spora Portuguesa"},"image":{"@id":"https:\/\/www.diasporaportuguesa.org\/#\/schema\/logo\/image\/"},"sameAs":["https:\/\/twitter.com\/CdDiaspora","https:\/\/www.linkedin.com\/company\/conselho-da-diaspora-portuguesa\/","https:\/\/www.youtube.com\/channel\/UCEI8qERhtqzV1UgdITBo6rw\/videos"]}]}},"_links":{"self":[{"href":"https:\/\/www.diasporaportuguesa.org\/en\/wp-json\/wp\/v2\/perfis\/20225"}],"collection":[{"href":"https:\/\/www.diasporaportuguesa.org\/en\/wp-json\/wp\/v2\/perfis"}],"about":[{"href":"https:\/\/www.diasporaportuguesa.org\/en\/wp-json\/wp\/v2\/types\/perfis"}],"author":[{"embeddable":true,"href":"https:\/\/www.diasporaportuguesa.org\/en\/wp-json\/wp\/v2\/users\/10"}],"wp:featuredmedia":[{"embeddable":true,"href":"https:\/\/www.diasporaportuguesa.org\/en\/wp-json\/wp\/v2\/media\/20224"}],"wp:attachment":[{"href":"https:\/\/www.diasporaportuguesa.org\/en\/wp-json\/wp\/v2\/media?parent=20225"}],"wp:term":[{"taxonomy":"grupo","embeddable":true,"href":"https:\/\/www.diasporaportuguesa.org\/en\/wp-json\/wp\/v2\/grupo?post=20225"}],"curies":[{"name":"wp","href":"https:\/\/api.w.org\/{rel}","templated":true}]}}

Luís Rasquilha

<p>Luís Rasquilha is the CEO of INOVA TrendsInnovation Ecosystem, which encompasses Global Trends Research, Inova Consulting, Inova Business School, Inova Online, Inova Publishing, Strategy, and N.O.M.A. He is a board member and Non-Executive Director (NED) of Mercur and NTT Data in Brazil. He serves as a guest lecturer at FIA, Fundação Dom Cabral, Hospital Albert Einstein, ESALQ/USP, PUC RS, and INOVA Business School. A columnist for MIT Sloan Review Brasil and Executive Digest in Portugal, he is the author and co-author of 25 books on Management, Trends &amp; Innovation, Marketing &amp; Communication.</p>



<p>His specialties include Strategy, Future, Trends, and Innovation, and he is certified in Strategy by Harvard Business School. Luís has extensive professional experience, having worked for companies such as BCP, Publicis, Ogilvy, Dentsu, ETIC, Multipublicações, AYR Consulting, and Inova. He has also taught at institutions such as INP, IPAM, ISCTE, ISG, ESHTE, and various Polytechnic Institutes (Setúbal, Leiria, and Viseu). Born in Lisbon in 1975, he graduated in 1997 in Public Relations and Advertising and continued his education with an additional 17 courses at European, Brazilian, and American schools.</p>



<p>Luís Rasquilha has been a member of the Portuguese Diaspora Council since May 2024.</p>

<!-- This site is optimized with the Yoast SEO plugin v21.3 - https://yoast.com/wordpress/plugins/seo/ -->
<title>Luís Rasquilha - Conselho da Diáspora Portuguesa</title>
<meta name="robots" content="index, follow, max-snippet:-1, max-image-preview:large, max-video-preview:-1" />
<link rel="canonical" href="https://www.diasporaportuguesa.org/en/profile/luis-rasquilha/" />
<meta property="og:locale" content="en_US" />
<meta property="og:type" content="article" />
<meta property="og:title" content="Luís Rasquilha - Conselho da Diáspora Portuguesa" />
<meta property="og:description" content="Luís Rasquilha is the CEO of INOVA TrendsInnovation Ecosystem, which encompasses Global Trends Research, Inova Consulting, Inova Business School, Inova Online, Inova Publishing, Strategy, and N.O.M.A. He is a board member and Non-Executive Director (NED) of Mercur and NTT Data in Brazil. He serves as a guest lecturer at FIA, Fundação Dom Cabral, Hospital Albert..." />
<meta property="og:url" content="https://www.diasporaportuguesa.org/en/profile/luis-rasquilha/" />
<meta property="og:site_name" content="Conselho da Diáspora Portuguesa" />
<meta property="article:modified_time" content="2024-06-07T14:08:42+00:00" />
<meta property="og:image" content="https://www.diasporaportuguesa.org/wp-content/uploads/2024/06/Luis-Rasquilha_Fotografia.jpeg" />
	<meta property="og:image:width" content="800" />
	<meta property="og:image:height" content="800" />
	<meta property="og:image:type" content="image/jpeg" />
<meta name="twitter:card" content="summary_large_image" />
<meta name="twitter:site" content="@CdDiaspora" />
<meta name="twitter:label1" content="Est. reading time" />
	<meta name="twitter:data1" content="2 minutes" />
<script type="application/ld+json" class="yoast-schema-graph">{"@context":"https://schema.org","@graph":[{"@type":"WebPage","@id":"https://www.diasporaportuguesa.org/en/profile/luis-rasquilha/","url":"https://www.diasporaportuguesa.org/en/profile/luis-rasquilha/","name":"Luís Rasquilha - Conselho da Diáspora Portuguesa","isPartOf":{"@id":"https://www.diasporaportuguesa.org/#website"},"datePublished":"2024-06-07T14:08:27+00:00","dateModified":"2024-06-07T14:08:42+00:00","breadcrumb":{"@id":"https://www.diasporaportuguesa.org/en/profile/luis-rasquilha/#breadcrumb"},"inLanguage":"en-US","potentialAction":[{"@type":"ReadAction","target":["https://www.diasporaportuguesa.org/en/profile/luis-rasquilha/"]}]},{"@type":"BreadcrumbList","@id":"https://www.diasporaportuguesa.org/en/profile/luis-rasquilha/#breadcrumb","itemListElement":[{"@type":"ListItem","position":1,"name":"Início","item":"https://www.diasporaportuguesa.org/en/"},{"@type":"ListItem","position":2,"name":"Luís Rasquilha"}]},{"@type":"WebSite","@id":"https://www.diasporaportuguesa.org/#website","url":"https://www.diasporaportuguesa.org/","name":"Conselho da Diáspora Portuguesa","description":"Conselho da Diáspora Portuguesa","publisher":{"@id":"https://www.diasporaportuguesa.org/#organization"},"potentialAction":[{"@type":"SearchAction","target":{"@type":"EntryPoint","urlTemplate":"https://www.diasporaportuguesa.org/?s={search_term_string}"},"query-input":"required name=search_term_string"}],"inLanguage":"en-US"},{"@type":"Organization","@id":"https://www.diasporaportuguesa.org/#organization","name":"Conselho da Diáspora Portuguesa","url":"https://www.diasporaportuguesa.org/","logo":{"@type":"ImageObject","inLanguage":"en-US","@id":"https://www.diasporaportuguesa.org/#/schema/logo/image/","url":"https://www.diasporaportuguesa.org/wp-content/uploads/2022/11/conselho-diaspora-portuguesa.png","contentUrl":"https://www.diasporaportuguesa.org/wp-content/uploads/2022/11/conselho-diaspora-portuguesa.png","width":735,"height":216,"caption":"Conselho da Diáspora Portuguesa"},"image":{"@id":"https://www.diasporaportuguesa.org/#/schema/logo/image/"},"sameAs":["https://twitter.com/CdDiaspora","https://www.linkedin.com/company/conselho-da-diaspora-portuguesa/","https://www.youtube.com/channel/UCEI8qERhtqzV1UgdITBo6rw/videos"]}]}</script>
<!-- / Yoast SEO plugin. -->

Luís Rasquilha - Conselho da Diáspora Portuguesa

Luís Rasquilha is the CEO of INOVA TrendsInnovation Ecosystem, which encompasses Global Trends Research, Inova Consulting, Inova Business School, Inova Online, Inova Publishing, Strategy, and N.O.M.A. He is a board member and Non-Executive Director (NED) of Mercur and NTT Data in Brazil. He serves as a guest lecturer at FIA, Fundação Dom Cabral, Hospital Albert...

Conselho da Diáspora Portuguesa

Início
