{"id":22552,"date":"2024-09-26T13:18:51","date_gmt":"2024-09-26T13:18:51","guid":{"rendered":"https:\/\/www.diasporaportuguesa.org\/?post_type=perfis&#038;p=22552"},"modified":"2024-09-26T13:20:15","modified_gmt":"2024-09-26T13:20:15","slug":"joao-quelhas-da-costa","status":"publish","type":"perfis","link":"https:\/\/www.diasporaportuguesa.org\/en\/profile\/joao-quelhas-da-costa\/","title":{"rendered":"Jo\u00e3o Quelhas da Costa"},"content":{"rendered":"\n<p>Jo\u00e3o Quelhas da Costa, is General Manager of Mabe International, the international business unit of Controladora Mabe SA de CV (JV General Electric Appliances), a Mexican multinational manufacturer of household appliances, leader in the Americas, with annual revenues of over $6.5Bi USD.<\/p>\n\n\n\n<p>He has more than 20 years&#8217; professional experience in international business management and development, product management, marketing and operations in multinational companies, as well as in the areas of international strategy and cooperation, foreign trade promotion and investment attraction.<\/p>\n\n\n\n<p>In addition to other roles at Mabe, such as Head of Commercial Strategy &amp; Product Management or GM EMEA, Jo\u00e3o Quelhas has also worked at other organizations such as CNN International Commercial, the Institute for International Strategic Studies (IEEI) or the Arab-Portuguese Chamber of Commerce and Industry (CCIAP). After living in Lisbon, London and Dubai, he has been living in Mexico since 2019.<\/p>\n\n\n\n<p>Jo\u00e3o Quelhas da Costa has been a member of the Portuguese Diaspora Council since September 2024.<\/p>\n","protected":false},"author":10,"featured_media":0,"template":"","meta":[],"grupo":[281],"acf":[],"yoast_head":"<!-- This site is optimized with the Yoast SEO plugin v21.3 - https:\/\/yoast.com\/wordpress\/plugins\/seo\/ -->\n<title>Jo\u00e3o Quelhas da Costa - Conselho da Di\u00e1spora Portuguesa<\/title>\n<meta name=\"robots\" content=\"index, follow, max-snippet:-1, max-image-preview:large, max-video-preview:-1\" \/>\n<link rel=\"canonical\" href=\"https:\/\/www.diasporaportuguesa.org\/en\/profile\/joao-quelhas-da-costa\/\" \/>\n<meta property=\"og:locale\" content=\"en_US\" \/>\n<meta property=\"og:type\" content=\"article\" \/>\n<meta property=\"og:title\" content=\"Jo\u00e3o Quelhas da Costa - Conselho da Di\u00e1spora Portuguesa\" \/>\n<meta property=\"og:description\" content=\"Jo\u00e3o Quelhas da Costa, is General Manager of Mabe International, the international business unit of Controladora Mabe SA de CV (JV General Electric Appliances), a Mexican multinational manufacturer of household appliances, leader in the Americas, with annual revenues of over $6.5Bi USD. He has more than 20 years&#8217; professional experience in international business management and...\" \/>\n<meta property=\"og:url\" content=\"https:\/\/www.diasporaportuguesa.org\/en\/profile\/joao-quelhas-da-costa\/\" \/>\n<meta property=\"og:site_name\" content=\"Conselho da Di\u00e1spora Portuguesa\" \/>\n<meta property=\"article:modified_time\" content=\"2024-09-26T13:20:15+00:00\" \/>\n<meta name=\"twitter:card\" content=\"summary_large_image\" \/>\n<meta name=\"twitter:site\" content=\"@CdDiaspora\" \/>\n<meta name=\"twitter:label1\" content=\"Est. reading time\" \/>\n\t<meta name=\"twitter:data1\" content=\"1 minute\" \/>\n<script type=\"application\/ld+json\" class=\"yoast-schema-graph\">{\"@context\":\"https:\/\/schema.org\",\"@graph\":[{\"@type\":\"WebPage\",\"@id\":\"https:\/\/www.diasporaportuguesa.org\/en\/profile\/joao-quelhas-da-costa\/\",\"url\":\"https:\/\/www.diasporaportuguesa.org\/en\/profile\/joao-quelhas-da-costa\/\",\"name\":\"Jo\u00e3o Quelhas da Costa - Conselho da Di\u00e1spora Portuguesa\",\"isPartOf\":{\"@id\":\"https:\/\/www.diasporaportuguesa.org\/#website\"},\"datePublished\":\"2024-09-26T13:18:51+00:00\",\"dateModified\":\"2024-09-26T13:20:15+00:00\",\"breadcrumb\":{\"@id\":\"https:\/\/www.diasporaportuguesa.org\/en\/profile\/joao-quelhas-da-costa\/#breadcrumb\"},\"inLanguage\":\"en-US\",\"potentialAction\":[{\"@type\":\"ReadAction\",\"target\":[\"https:\/\/www.diasporaportuguesa.org\/en\/profile\/joao-quelhas-da-costa\/\"]}]},{\"@type\":\"BreadcrumbList\",\"@id\":\"https:\/\/www.diasporaportuguesa.org\/en\/profile\/joao-quelhas-da-costa\/#breadcrumb\",\"itemListElement\":[{\"@type\":\"ListItem\",\"position\":1,\"name\":\"In\u00edcio\",\"item\":\"https:\/\/www.diasporaportuguesa.org\/en\/\"},{\"@type\":\"ListItem\",\"position\":2,\"name\":\"Jo\u00e3o Quelhas da Costa\"}]},{\"@type\":\"WebSite\",\"@id\":\"https:\/\/www.diasporaportuguesa.org\/#website\",\"url\":\"https:\/\/www.diasporaportuguesa.org\/\",\"name\":\"Conselho da Di\u00e1spora Portuguesa\",\"description\":\"Conselho da Di\u00e1spora Portuguesa\",\"publisher\":{\"@id\":\"https:\/\/www.diasporaportuguesa.org\/#organization\"},\"potentialAction\":[{\"@type\":\"SearchAction\",\"target\":{\"@type\":\"EntryPoint\",\"urlTemplate\":\"https:\/\/www.diasporaportuguesa.org\/?s={search_term_string}\"},\"query-input\":\"required name=search_term_string\"}],\"inLanguage\":\"en-US\"},{\"@type\":\"Organization\",\"@id\":\"https:\/\/www.diasporaportuguesa.org\/#organization\",\"name\":\"Conselho da Di\u00e1spora Portuguesa\",\"url\":\"https:\/\/www.diasporaportuguesa.org\/\",\"logo\":{\"@type\":\"ImageObject\",\"inLanguage\":\"en-US\",\"@id\":\"https:\/\/www.diasporaportuguesa.org\/#\/schema\/logo\/image\/\",\"url\":\"https:\/\/www.diasporaportuguesa.org\/wp-content\/uploads\/2022\/11\/conselho-diaspora-portuguesa.png\",\"contentUrl\":\"https:\/\/www.diasporaportuguesa.org\/wp-content\/uploads\/2022\/11\/conselho-diaspora-portuguesa.png\",\"width\":735,\"height\":216,\"caption\":\"Conselho da Di\u00e1spora Portuguesa\"},\"image\":{\"@id\":\"https:\/\/www.diasporaportuguesa.org\/#\/schema\/logo\/image\/\"},\"sameAs\":[\"https:\/\/twitter.com\/CdDiaspora\",\"https:\/\/www.linkedin.com\/company\/conselho-da-diaspora-portuguesa\/\",\"https:\/\/www.youtube.com\/channel\/UCEI8qERhtqzV1UgdITBo6rw\/videos\"]}]}<\/script>\n<!-- \/ Yoast SEO plugin. -->","yoast_head_json":{"title":"Jo\u00e3o Quelhas da Costa - Conselho da Di\u00e1spora Portuguesa","robots":{"index":"index","follow":"follow","max-snippet":"max-snippet:-1","max-image-preview":"max-image-preview:large","max-video-preview":"max-video-preview:-1"},"canonical":"https:\/\/www.diasporaportuguesa.org\/en\/profile\/joao-quelhas-da-costa\/","og_locale":"en_US","og_type":"article","og_title":"Jo\u00e3o Quelhas da Costa - Conselho da Di\u00e1spora Portuguesa","og_description":"Jo\u00e3o Quelhas da Costa, is General Manager of Mabe International, the international business unit of Controladora Mabe SA de CV (JV General Electric Appliances), a Mexican multinational manufacturer of household appliances, leader in the Americas, with annual revenues of over $6.5Bi USD. He has more than 20 years&#8217; professional experience in international business management and...","og_url":"https:\/\/www.diasporaportuguesa.org\/en\/profile\/joao-quelhas-da-costa\/","og_site_name":"Conselho da Di\u00e1spora Portuguesa","article_modified_time":"2024-09-26T13:20:15+00:00","twitter_card":"summary_large_image","twitter_site":"@CdDiaspora","twitter_misc":{"Est. reading time":"1 minute"},"schema":{"@context":"https:\/\/schema.org","@graph":[{"@type":"WebPage","@id":"https:\/\/www.diasporaportuguesa.org\/en\/profile\/joao-quelhas-da-costa\/","url":"https:\/\/www.diasporaportuguesa.org\/en\/profile\/joao-quelhas-da-costa\/","name":"Jo\u00e3o Quelhas da Costa - Conselho da Di\u00e1spora Portuguesa","isPartOf":{"@id":"https:\/\/www.diasporaportuguesa.org\/#website"},"datePublished":"2024-09-26T13:18:51+00:00","dateModified":"2024-09-26T13:20:15+00:00","breadcrumb":{"@id":"https:\/\/www.diasporaportuguesa.org\/en\/profile\/joao-quelhas-da-costa\/#breadcrumb"},"inLanguage":"en-US","potentialAction":[{"@type":"ReadAction","target":["https:\/\/www.diasporaportuguesa.org\/en\/profile\/joao-quelhas-da-costa\/"]}]},{"@type":"BreadcrumbList","@id":"https:\/\/www.diasporaportuguesa.org\/en\/profile\/joao-quelhas-da-costa\/#breadcrumb","itemListElement":[{"@type":"ListItem","position":1,"name":"In\u00edcio","item":"https:\/\/www.diasporaportuguesa.org\/en\/"},{"@type":"ListItem","position":2,"name":"Jo\u00e3o Quelhas da Costa"}]},{"@type":"WebSite","@id":"https:\/\/www.diasporaportuguesa.org\/#website","url":"https:\/\/www.diasporaportuguesa.org\/","name":"Conselho da Di\u00e1spora Portuguesa","description":"Conselho da Di\u00e1spora Portuguesa","publisher":{"@id":"https:\/\/www.diasporaportuguesa.org\/#organization"},"potentialAction":[{"@type":"SearchAction","target":{"@type":"EntryPoint","urlTemplate":"https:\/\/www.diasporaportuguesa.org\/?s={search_term_string}"},"query-input":"required name=search_term_string"}],"inLanguage":"en-US"},{"@type":"Organization","@id":"https:\/\/www.diasporaportuguesa.org\/#organization","name":"Conselho da Di\u00e1spora Portuguesa","url":"https:\/\/www.diasporaportuguesa.org\/","logo":{"@type":"ImageObject","inLanguage":"en-US","@id":"https:\/\/www.diasporaportuguesa.org\/#\/schema\/logo\/image\/","url":"https:\/\/www.diasporaportuguesa.org\/wp-content\/uploads\/2022\/11\/conselho-diaspora-portuguesa.png","contentUrl":"https:\/\/www.diasporaportuguesa.org\/wp-content\/uploads\/2022\/11\/conselho-diaspora-portuguesa.png","width":735,"height":216,"caption":"Conselho da Di\u00e1spora Portuguesa"},"image":{"@id":"https:\/\/www.diasporaportuguesa.org\/#\/schema\/logo\/image\/"},"sameAs":["https:\/\/twitter.com\/CdDiaspora","https:\/\/www.linkedin.com\/company\/conselho-da-diaspora-portuguesa\/","https:\/\/www.youtube.com\/channel\/UCEI8qERhtqzV1UgdITBo6rw\/videos"]}]}},"_links":{"self":[{"href":"https:\/\/www.diasporaportuguesa.org\/en\/wp-json\/wp\/v2\/perfis\/22552"}],"collection":[{"href":"https:\/\/www.diasporaportuguesa.org\/en\/wp-json\/wp\/v2\/perfis"}],"about":[{"href":"https:\/\/www.diasporaportuguesa.org\/en\/wp-json\/wp\/v2\/types\/perfis"}],"author":[{"embeddable":true,"href":"https:\/\/www.diasporaportuguesa.org\/en\/wp-json\/wp\/v2\/users\/10"}],"wp:attachment":[{"href":"https:\/\/www.diasporaportuguesa.org\/en\/wp-json\/wp\/v2\/media?parent=22552"}],"wp:term":[{"taxonomy":"grupo","embeddable":true,"href":"https:\/\/www.diasporaportuguesa.org\/en\/wp-json\/wp\/v2\/grupo?post=22552"}],"curies":[{"name":"wp","href":"https:\/\/api.w.org\/{rel}","templated":true}]}}

João Quelhas da Costa

<p>João Quelhas da Costa, is General Manager of Mabe International, the international business unit of Controladora Mabe SA de CV (JV General Electric Appliances), a Mexican multinational manufacturer of household appliances, leader in the Americas, with annual revenues of over $6.5Bi USD.</p>



<p>He has more than 20 years&#8217; professional experience in international business management and development, product management, marketing and operations in multinational companies, as well as in the areas of international strategy and cooperation, foreign trade promotion and investment attraction.</p>



<p>In addition to other roles at Mabe, such as Head of Commercial Strategy &amp; Product Management or GM EMEA, João Quelhas has also worked at other organizations such as CNN International Commercial, the Institute for International Strategic Studies (IEEI) or the Arab-Portuguese Chamber of Commerce and Industry (CCIAP). After living in Lisbon, London and Dubai, he has been living in Mexico since 2019.</p>



<p>João Quelhas da Costa has been a member of the Portuguese Diaspora Council since September 2024.</p>

<!-- This site is optimized with the Yoast SEO plugin v21.3 - https://yoast.com/wordpress/plugins/seo/ -->
<title>João Quelhas da Costa - Conselho da Diáspora Portuguesa</title>
<meta name="robots" content="index, follow, max-snippet:-1, max-image-preview:large, max-video-preview:-1" />
<link rel="canonical" href="https://www.diasporaportuguesa.org/en/profile/joao-quelhas-da-costa/" />
<meta property="og:locale" content="en_US" />
<meta property="og:type" content="article" />
<meta property="og:title" content="João Quelhas da Costa - Conselho da Diáspora Portuguesa" />
<meta property="og:description" content="João Quelhas da Costa, is General Manager of Mabe International, the international business unit of Controladora Mabe SA de CV (JV General Electric Appliances), a Mexican multinational manufacturer of household appliances, leader in the Americas, with annual revenues of over $6.5Bi USD. He has more than 20 years&#8217; professional experience in international business management and..." />
<meta property="og:url" content="https://www.diasporaportuguesa.org/en/profile/joao-quelhas-da-costa/" />
<meta property="og:site_name" content="Conselho da Diáspora Portuguesa" />
<meta property="article:modified_time" content="2024-09-26T13:20:15+00:00" />
<meta name="twitter:card" content="summary_large_image" />
<meta name="twitter:site" content="@CdDiaspora" />
<meta name="twitter:label1" content="Est. reading time" />
	<meta name="twitter:data1" content="1 minute" />
<script type="application/ld+json" class="yoast-schema-graph">{"@context":"https://schema.org","@graph":[{"@type":"WebPage","@id":"https://www.diasporaportuguesa.org/en/profile/joao-quelhas-da-costa/","url":"https://www.diasporaportuguesa.org/en/profile/joao-quelhas-da-costa/","name":"João Quelhas da Costa - Conselho da Diáspora Portuguesa","isPartOf":{"@id":"https://www.diasporaportuguesa.org/#website"},"datePublished":"2024-09-26T13:18:51+00:00","dateModified":"2024-09-26T13:20:15+00:00","breadcrumb":{"@id":"https://www.diasporaportuguesa.org/en/profile/joao-quelhas-da-costa/#breadcrumb"},"inLanguage":"en-US","potentialAction":[{"@type":"ReadAction","target":["https://www.diasporaportuguesa.org/en/profile/joao-quelhas-da-costa/"]}]},{"@type":"BreadcrumbList","@id":"https://www.diasporaportuguesa.org/en/profile/joao-quelhas-da-costa/#breadcrumb","itemListElement":[{"@type":"ListItem","position":1,"name":"Início","item":"https://www.diasporaportuguesa.org/en/"},{"@type":"ListItem","position":2,"name":"João Quelhas da Costa"}]},{"@type":"WebSite","@id":"https://www.diasporaportuguesa.org/#website","url":"https://www.diasporaportuguesa.org/","name":"Conselho da Diáspora Portuguesa","description":"Conselho da Diáspora Portuguesa","publisher":{"@id":"https://www.diasporaportuguesa.org/#organization"},"potentialAction":[{"@type":"SearchAction","target":{"@type":"EntryPoint","urlTemplate":"https://www.diasporaportuguesa.org/?s={search_term_string}"},"query-input":"required name=search_term_string"}],"inLanguage":"en-US"},{"@type":"Organization","@id":"https://www.diasporaportuguesa.org/#organization","name":"Conselho da Diáspora Portuguesa","url":"https://www.diasporaportuguesa.org/","logo":{"@type":"ImageObject","inLanguage":"en-US","@id":"https://www.diasporaportuguesa.org/#/schema/logo/image/","url":"https://www.diasporaportuguesa.org/wp-content/uploads/2022/11/conselho-diaspora-portuguesa.png","contentUrl":"https://www.diasporaportuguesa.org/wp-content/uploads/2022/11/conselho-diaspora-portuguesa.png","width":735,"height":216,"caption":"Conselho da Diáspora Portuguesa"},"image":{"@id":"https://www.diasporaportuguesa.org/#/schema/logo/image/"},"sameAs":["https://twitter.com/CdDiaspora","https://www.linkedin.com/company/conselho-da-diaspora-portuguesa/","https://www.youtube.com/channel/UCEI8qERhtqzV1UgdITBo6rw/videos"]}]}</script>
<!-- / Yoast SEO plugin. -->

João Quelhas da Costa - Conselho da Diáspora Portuguesa

João Quelhas da Costa, is General Manager of Mabe International, the international business unit of Controladora Mabe SA de CV (JV General Electric Appliances), a Mexican multinational manufacturer of household appliances, leader in the Americas, with annual revenues of over $6.5Bi USD. He has more than 20 years&#8217; professional experience in international business management and...

Conselho da Diáspora Portuguesa

Início
