{"id":23017,"date":"2024-12-06T11:46:37","date_gmt":"2024-12-06T11:46:37","guid":{"rendered":"https:\/\/www.diasporaportuguesa.org\/?post_type=perfis&#038;p=23017"},"modified":"2024-12-06T11:46:38","modified_gmt":"2024-12-06T11:46:38","slug":"andre-pinto","status":"publish","type":"perfis","link":"https:\/\/www.diasporaportuguesa.org\/en\/profile\/andre-pinto\/","title":{"rendered":"Andr\u00e9 Pinto"},"content":{"rendered":"\n<p>Andr\u00e9 Pinto, 46, is a Portuguese executive with a distinguished international career in the strategy consultancy sector. He has lived in Rio de Janeiro, Brazil, since 2012 and outside Portugal since 2005. He is married to Elena, a Spanish national, and the father of three children: Marcos, Miguel and In\u00eas.<\/p>\n\n\n\n<p>With a degree in Mechanical Engineering from the Instituto Superior T\u00e9cnico in Lisbon, Andr\u00e9 also completed an MBA at the IESE Business School in Barcelona. He is currently Managing Director and Senior Partner at Boston Consulting Group (BCG), where he has over 17 years&#8217; experience. He leads strategic projects in various areas, particularly in the energy sector, with an emphasis on sustainability, renewable energies and clean solutions. Throughout his career, he has worked in various regions, including Lisbon, Malmo, London, Barcelona, Madrid, Santiago de Chile and currently in Rio de Janeiro. Before joining BCG, he gained professional experience at Tetra Pak.<\/p>\n\n\n\n<p>Outside the professional environment, Andr\u00e9 is a tennis, surfing and photography enthusiast and is a Getty Images contributor. His passion for travelling and exploring new cultures is reflected in both his personal life and his professional career.<\/p>\n\n\n\n<p>As an investor, Andr\u00e9 is involved in two main projects:<\/p>\n\n\n\n<p>He is a partner in a blockchain technology start-up focused on mapping carbon in production chains.<\/p>\n\n\n\n<p>He is also a partner in a company dedicated to financing projects to generate carbon certificates in partnership with indigenous communities.<\/p>\n\n\n\n<p>This is a summary of his journey and interests, both professional and personal.<\/p>\n\n\n\n<p>Andr\u00e9 Pinto has been a member of the Portuguese Diaspora Council since December 2024.<\/p>\n","protected":false},"author":10,"featured_media":23016,"template":"","meta":[],"grupo":[],"acf":[],"yoast_head":"<!-- This site is optimized with the Yoast SEO plugin v21.3 - https:\/\/yoast.com\/wordpress\/plugins\/seo\/ -->\n<title>Andr\u00e9 Pinto - Conselho da Di\u00e1spora Portuguesa<\/title>\n<meta name=\"robots\" content=\"index, follow, max-snippet:-1, max-image-preview:large, max-video-preview:-1\" \/>\n<link rel=\"canonical\" href=\"https:\/\/www.diasporaportuguesa.org\/en\/profile\/andre-pinto\/\" \/>\n<meta property=\"og:locale\" content=\"en_US\" \/>\n<meta property=\"og:type\" content=\"article\" \/>\n<meta property=\"og:title\" content=\"Andr\u00e9 Pinto - Conselho da Di\u00e1spora Portuguesa\" \/>\n<meta property=\"og:description\" content=\"Andr\u00e9 Pinto, 46, is a Portuguese executive with a distinguished international career in the strategy consultancy sector. He has lived in Rio de Janeiro, Brazil, since 2012 and outside Portugal since 2005. He is married to Elena, a Spanish national, and the father of three children: Marcos, Miguel and In\u00eas. With a degree in Mechanical...\" \/>\n<meta property=\"og:url\" content=\"https:\/\/www.diasporaportuguesa.org\/en\/profile\/andre-pinto\/\" \/>\n<meta property=\"og:site_name\" content=\"Conselho da Di\u00e1spora Portuguesa\" \/>\n<meta property=\"article:modified_time\" content=\"2024-12-06T11:46:38+00:00\" \/>\n<meta property=\"og:image\" content=\"https:\/\/www.diasporaportuguesa.org\/wp-content\/uploads\/2024\/12\/Andre-Pinto.jpg\" \/>\n\t<meta property=\"og:image:width\" content=\"554\" \/>\n\t<meta property=\"og:image:height\" content=\"546\" \/>\n\t<meta property=\"og:image:type\" content=\"image\/jpeg\" \/>\n<meta name=\"twitter:card\" content=\"summary_large_image\" \/>\n<meta name=\"twitter:site\" content=\"@CdDiaspora\" \/>\n<meta name=\"twitter:label1\" content=\"Est. reading time\" \/>\n\t<meta name=\"twitter:data1\" content=\"2 minutes\" \/>\n<script type=\"application\/ld+json\" class=\"yoast-schema-graph\">{\"@context\":\"https:\/\/schema.org\",\"@graph\":[{\"@type\":\"WebPage\",\"@id\":\"https:\/\/www.diasporaportuguesa.org\/en\/profile\/andre-pinto\/\",\"url\":\"https:\/\/www.diasporaportuguesa.org\/en\/profile\/andre-pinto\/\",\"name\":\"Andr\u00e9 Pinto - Conselho da Di\u00e1spora Portuguesa\",\"isPartOf\":{\"@id\":\"https:\/\/www.diasporaportuguesa.org\/#website\"},\"datePublished\":\"2024-12-06T11:46:37+00:00\",\"dateModified\":\"2024-12-06T11:46:38+00:00\",\"breadcrumb\":{\"@id\":\"https:\/\/www.diasporaportuguesa.org\/en\/profile\/andre-pinto\/#breadcrumb\"},\"inLanguage\":\"en-US\",\"potentialAction\":[{\"@type\":\"ReadAction\",\"target\":[\"https:\/\/www.diasporaportuguesa.org\/en\/profile\/andre-pinto\/\"]}]},{\"@type\":\"BreadcrumbList\",\"@id\":\"https:\/\/www.diasporaportuguesa.org\/en\/profile\/andre-pinto\/#breadcrumb\",\"itemListElement\":[{\"@type\":\"ListItem\",\"position\":1,\"name\":\"In\u00edcio\",\"item\":\"https:\/\/www.diasporaportuguesa.org\/en\/\"},{\"@type\":\"ListItem\",\"position\":2,\"name\":\"Andr\u00e9 Pinto\"}]},{\"@type\":\"WebSite\",\"@id\":\"https:\/\/www.diasporaportuguesa.org\/#website\",\"url\":\"https:\/\/www.diasporaportuguesa.org\/\",\"name\":\"Conselho da Di\u00e1spora Portuguesa\",\"description\":\"Conselho da Di\u00e1spora Portuguesa\",\"publisher\":{\"@id\":\"https:\/\/www.diasporaportuguesa.org\/#organization\"},\"potentialAction\":[{\"@type\":\"SearchAction\",\"target\":{\"@type\":\"EntryPoint\",\"urlTemplate\":\"https:\/\/www.diasporaportuguesa.org\/?s={search_term_string}\"},\"query-input\":\"required name=search_term_string\"}],\"inLanguage\":\"en-US\"},{\"@type\":\"Organization\",\"@id\":\"https:\/\/www.diasporaportuguesa.org\/#organization\",\"name\":\"Conselho da Di\u00e1spora Portuguesa\",\"url\":\"https:\/\/www.diasporaportuguesa.org\/\",\"logo\":{\"@type\":\"ImageObject\",\"inLanguage\":\"en-US\",\"@id\":\"https:\/\/www.diasporaportuguesa.org\/#\/schema\/logo\/image\/\",\"url\":\"https:\/\/www.diasporaportuguesa.org\/wp-content\/uploads\/2022\/11\/conselho-diaspora-portuguesa.png\",\"contentUrl\":\"https:\/\/www.diasporaportuguesa.org\/wp-content\/uploads\/2022\/11\/conselho-diaspora-portuguesa.png\",\"width\":735,\"height\":216,\"caption\":\"Conselho da Di\u00e1spora Portuguesa\"},\"image\":{\"@id\":\"https:\/\/www.diasporaportuguesa.org\/#\/schema\/logo\/image\/\"},\"sameAs\":[\"https:\/\/twitter.com\/CdDiaspora\",\"https:\/\/www.linkedin.com\/company\/conselho-da-diaspora-portuguesa\/\",\"https:\/\/www.youtube.com\/channel\/UCEI8qERhtqzV1UgdITBo6rw\/videos\"]}]}<\/script>\n<!-- \/ Yoast SEO plugin. -->","yoast_head_json":{"title":"Andr\u00e9 Pinto - Conselho da Di\u00e1spora Portuguesa","robots":{"index":"index","follow":"follow","max-snippet":"max-snippet:-1","max-image-preview":"max-image-preview:large","max-video-preview":"max-video-preview:-1"},"canonical":"https:\/\/www.diasporaportuguesa.org\/en\/profile\/andre-pinto\/","og_locale":"en_US","og_type":"article","og_title":"Andr\u00e9 Pinto - Conselho da Di\u00e1spora Portuguesa","og_description":"Andr\u00e9 Pinto, 46, is a Portuguese executive with a distinguished international career in the strategy consultancy sector. He has lived in Rio de Janeiro, Brazil, since 2012 and outside Portugal since 2005. He is married to Elena, a Spanish national, and the father of three children: Marcos, Miguel and In\u00eas. With a degree in Mechanical...","og_url":"https:\/\/www.diasporaportuguesa.org\/en\/profile\/andre-pinto\/","og_site_name":"Conselho da Di\u00e1spora Portuguesa","article_modified_time":"2024-12-06T11:46:38+00:00","og_image":[{"width":554,"height":546,"url":"https:\/\/www.diasporaportuguesa.org\/wp-content\/uploads\/2024\/12\/Andre-Pinto.jpg","type":"image\/jpeg"}],"twitter_card":"summary_large_image","twitter_site":"@CdDiaspora","twitter_misc":{"Est. reading time":"2 minutes"},"schema":{"@context":"https:\/\/schema.org","@graph":[{"@type":"WebPage","@id":"https:\/\/www.diasporaportuguesa.org\/en\/profile\/andre-pinto\/","url":"https:\/\/www.diasporaportuguesa.org\/en\/profile\/andre-pinto\/","name":"Andr\u00e9 Pinto - Conselho da Di\u00e1spora Portuguesa","isPartOf":{"@id":"https:\/\/www.diasporaportuguesa.org\/#website"},"datePublished":"2024-12-06T11:46:37+00:00","dateModified":"2024-12-06T11:46:38+00:00","breadcrumb":{"@id":"https:\/\/www.diasporaportuguesa.org\/en\/profile\/andre-pinto\/#breadcrumb"},"inLanguage":"en-US","potentialAction":[{"@type":"ReadAction","target":["https:\/\/www.diasporaportuguesa.org\/en\/profile\/andre-pinto\/"]}]},{"@type":"BreadcrumbList","@id":"https:\/\/www.diasporaportuguesa.org\/en\/profile\/andre-pinto\/#breadcrumb","itemListElement":[{"@type":"ListItem","position":1,"name":"In\u00edcio","item":"https:\/\/www.diasporaportuguesa.org\/en\/"},{"@type":"ListItem","position":2,"name":"Andr\u00e9 Pinto"}]},{"@type":"WebSite","@id":"https:\/\/www.diasporaportuguesa.org\/#website","url":"https:\/\/www.diasporaportuguesa.org\/","name":"Conselho da Di\u00e1spora Portuguesa","description":"Conselho da Di\u00e1spora Portuguesa","publisher":{"@id":"https:\/\/www.diasporaportuguesa.org\/#organization"},"potentialAction":[{"@type":"SearchAction","target":{"@type":"EntryPoint","urlTemplate":"https:\/\/www.diasporaportuguesa.org\/?s={search_term_string}"},"query-input":"required name=search_term_string"}],"inLanguage":"en-US"},{"@type":"Organization","@id":"https:\/\/www.diasporaportuguesa.org\/#organization","name":"Conselho da Di\u00e1spora Portuguesa","url":"https:\/\/www.diasporaportuguesa.org\/","logo":{"@type":"ImageObject","inLanguage":"en-US","@id":"https:\/\/www.diasporaportuguesa.org\/#\/schema\/logo\/image\/","url":"https:\/\/www.diasporaportuguesa.org\/wp-content\/uploads\/2022\/11\/conselho-diaspora-portuguesa.png","contentUrl":"https:\/\/www.diasporaportuguesa.org\/wp-content\/uploads\/2022\/11\/conselho-diaspora-portuguesa.png","width":735,"height":216,"caption":"Conselho da Di\u00e1spora Portuguesa"},"image":{"@id":"https:\/\/www.diasporaportuguesa.org\/#\/schema\/logo\/image\/"},"sameAs":["https:\/\/twitter.com\/CdDiaspora","https:\/\/www.linkedin.com\/company\/conselho-da-diaspora-portuguesa\/","https:\/\/www.youtube.com\/channel\/UCEI8qERhtqzV1UgdITBo6rw\/videos"]}]}},"_links":{"self":[{"href":"https:\/\/www.diasporaportuguesa.org\/en\/wp-json\/wp\/v2\/perfis\/23017"}],"collection":[{"href":"https:\/\/www.diasporaportuguesa.org\/en\/wp-json\/wp\/v2\/perfis"}],"about":[{"href":"https:\/\/www.diasporaportuguesa.org\/en\/wp-json\/wp\/v2\/types\/perfis"}],"author":[{"embeddable":true,"href":"https:\/\/www.diasporaportuguesa.org\/en\/wp-json\/wp\/v2\/users\/10"}],"wp:featuredmedia":[{"embeddable":true,"href":"https:\/\/www.diasporaportuguesa.org\/en\/wp-json\/wp\/v2\/media\/23016"}],"wp:attachment":[{"href":"https:\/\/www.diasporaportuguesa.org\/en\/wp-json\/wp\/v2\/media?parent=23017"}],"wp:term":[{"taxonomy":"grupo","embeddable":true,"href":"https:\/\/www.diasporaportuguesa.org\/en\/wp-json\/wp\/v2\/grupo?post=23017"}],"curies":[{"name":"wp","href":"https:\/\/api.w.org\/{rel}","templated":true}]}}

André Pinto

<p>André Pinto, 46, is a Portuguese executive with a distinguished international career in the strategy consultancy sector. He has lived in Rio de Janeiro, Brazil, since 2012 and outside Portugal since 2005. He is married to Elena, a Spanish national, and the father of three children: Marcos, Miguel and Inês.</p>



<p>With a degree in Mechanical Engineering from the Instituto Superior Técnico in Lisbon, André also completed an MBA at the IESE Business School in Barcelona. He is currently Managing Director and Senior Partner at Boston Consulting Group (BCG), where he has over 17 years&#8217; experience. He leads strategic projects in various areas, particularly in the energy sector, with an emphasis on sustainability, renewable energies and clean solutions. Throughout his career, he has worked in various regions, including Lisbon, Malmo, London, Barcelona, Madrid, Santiago de Chile and currently in Rio de Janeiro. Before joining BCG, he gained professional experience at Tetra Pak.</p>



<p>Outside the professional environment, André is a tennis, surfing and photography enthusiast and is a Getty Images contributor. His passion for travelling and exploring new cultures is reflected in both his personal life and his professional career.</p>



<p>As an investor, André is involved in two main projects:</p>



<p>He is a partner in a blockchain technology start-up focused on mapping carbon in production chains.</p>



<p>He is also a partner in a company dedicated to financing projects to generate carbon certificates in partnership with indigenous communities.</p>



<p>This is a summary of his journey and interests, both professional and personal.</p>



<p>André Pinto has been a member of the Portuguese Diaspora Council since December 2024.</p>

<!-- This site is optimized with the Yoast SEO plugin v21.3 - https://yoast.com/wordpress/plugins/seo/ -->
<title>André Pinto - Conselho da Diáspora Portuguesa</title>
<meta name="robots" content="index, follow, max-snippet:-1, max-image-preview:large, max-video-preview:-1" />
<link rel="canonical" href="https://www.diasporaportuguesa.org/en/profile/andre-pinto/" />
<meta property="og:locale" content="en_US" />
<meta property="og:type" content="article" />
<meta property="og:title" content="André Pinto - Conselho da Diáspora Portuguesa" />
<meta property="og:description" content="André Pinto, 46, is a Portuguese executive with a distinguished international career in the strategy consultancy sector. He has lived in Rio de Janeiro, Brazil, since 2012 and outside Portugal since 2005. He is married to Elena, a Spanish national, and the father of three children: Marcos, Miguel and Inês. With a degree in Mechanical..." />
<meta property="og:url" content="https://www.diasporaportuguesa.org/en/profile/andre-pinto/" />
<meta property="og:site_name" content="Conselho da Diáspora Portuguesa" />
<meta property="article:modified_time" content="2024-12-06T11:46:38+00:00" />
<meta property="og:image" content="https://www.diasporaportuguesa.org/wp-content/uploads/2024/12/Andre-Pinto.jpg" />
	<meta property="og:image:width" content="554" />
	<meta property="og:image:height" content="546" />
	<meta property="og:image:type" content="image/jpeg" />
<meta name="twitter:card" content="summary_large_image" />
<meta name="twitter:site" content="@CdDiaspora" />
<meta name="twitter:label1" content="Est. reading time" />
	<meta name="twitter:data1" content="2 minutes" />
<script type="application/ld+json" class="yoast-schema-graph">{"@context":"https://schema.org","@graph":[{"@type":"WebPage","@id":"https://www.diasporaportuguesa.org/en/profile/andre-pinto/","url":"https://www.diasporaportuguesa.org/en/profile/andre-pinto/","name":"André Pinto - Conselho da Diáspora Portuguesa","isPartOf":{"@id":"https://www.diasporaportuguesa.org/#website"},"datePublished":"2024-12-06T11:46:37+00:00","dateModified":"2024-12-06T11:46:38+00:00","breadcrumb":{"@id":"https://www.diasporaportuguesa.org/en/profile/andre-pinto/#breadcrumb"},"inLanguage":"en-US","potentialAction":[{"@type":"ReadAction","target":["https://www.diasporaportuguesa.org/en/profile/andre-pinto/"]}]},{"@type":"BreadcrumbList","@id":"https://www.diasporaportuguesa.org/en/profile/andre-pinto/#breadcrumb","itemListElement":[{"@type":"ListItem","position":1,"name":"Início","item":"https://www.diasporaportuguesa.org/en/"},{"@type":"ListItem","position":2,"name":"André Pinto"}]},{"@type":"WebSite","@id":"https://www.diasporaportuguesa.org/#website","url":"https://www.diasporaportuguesa.org/","name":"Conselho da Diáspora Portuguesa","description":"Conselho da Diáspora Portuguesa","publisher":{"@id":"https://www.diasporaportuguesa.org/#organization"},"potentialAction":[{"@type":"SearchAction","target":{"@type":"EntryPoint","urlTemplate":"https://www.diasporaportuguesa.org/?s={search_term_string}"},"query-input":"required name=search_term_string"}],"inLanguage":"en-US"},{"@type":"Organization","@id":"https://www.diasporaportuguesa.org/#organization","name":"Conselho da Diáspora Portuguesa","url":"https://www.diasporaportuguesa.org/","logo":{"@type":"ImageObject","inLanguage":"en-US","@id":"https://www.diasporaportuguesa.org/#/schema/logo/image/","url":"https://www.diasporaportuguesa.org/wp-content/uploads/2022/11/conselho-diaspora-portuguesa.png","contentUrl":"https://www.diasporaportuguesa.org/wp-content/uploads/2022/11/conselho-diaspora-portuguesa.png","width":735,"height":216,"caption":"Conselho da Diáspora Portuguesa"},"image":{"@id":"https://www.diasporaportuguesa.org/#/schema/logo/image/"},"sameAs":["https://twitter.com/CdDiaspora","https://www.linkedin.com/company/conselho-da-diaspora-portuguesa/","https://www.youtube.com/channel/UCEI8qERhtqzV1UgdITBo6rw/videos"]}]}</script>
<!-- / Yoast SEO plugin. -->

André Pinto - Conselho da Diáspora Portuguesa

André Pinto, 46, is a Portuguese executive with a distinguished international career in the strategy consultancy sector. He has lived in Rio de Janeiro, Brazil, since 2012 and outside Portugal since 2005. He is married to Elena, a Spanish national, and the father of three children: Marcos, Miguel and Inês. With a degree in Mechanical...

Conselho da Diáspora Portuguesa

Início
