{"id":24964,"date":"2025-06-02T16:54:30","date_gmt":"2025-06-02T16:54:30","guid":{"rendered":"https:\/\/www.diasporaportuguesa.org\/?post_type=perfis&#038;p=24964"},"modified":"2025-06-03T10:47:10","modified_gmt":"2025-06-03T10:47:10","slug":"joao-araujo","status":"publish","type":"perfis","link":"https:\/\/www.diasporaportuguesa.org\/en\/profile\/joao-araujo\/","title":{"rendered":"Jo\u00e3o Ara\u00fajo"},"content":{"rendered":"\n<p>Jo\u00e3o Ara\u00fajo is a Partner and Director of Digital Business, Platforms, and Customer Experience at Ita\u00fa Unibanco, the largest financial group in Latin America. He leads the bank\u2019s digital channels and generative AI initiatives for retail customers.<\/p>\n\n\n\n<p>He holds a degree in Management from the Catholic University of Portugal (2007), an MBA from Harvard Business School (2010\u20132012), completed an Executive Education program at INSEAD, Fontainebleau (2019), and a program in Artificial Intelligence at Stanford Graduate School of Business, California (2023).<\/p>\n\n\n\n<p>Jo\u00e3o began his career at The Boston Consulting Group (2007\u20132012), working across multiple sectors and geographies, with a focus on Europe and Mozambique.<\/p>\n\n\n\n<p>He is co-author of the book Strategy for the Portuguese-speaking Market (Universidade Cat\u00f3lica Editora, 2014).<\/p>\n\n\n\n<p>Jo\u00e3o Ara\u00fajo has been Portugal&#8217;s World Advisor since May 2025.<\/p>\n","protected":false},"author":15,"featured_media":24965,"template":"","meta":[],"grupo":[281],"acf":[],"yoast_head":"<!-- This site is optimized with the Yoast SEO plugin v21.3 - https:\/\/yoast.com\/wordpress\/plugins\/seo\/ -->\n<title>Jo\u00e3o Ara\u00fajo - Conselho da Di\u00e1spora Portuguesa<\/title>\n<meta name=\"robots\" content=\"index, follow, max-snippet:-1, max-image-preview:large, max-video-preview:-1\" \/>\n<link rel=\"canonical\" href=\"https:\/\/www.diasporaportuguesa.org\/en\/profile\/joao-araujo\/\" \/>\n<meta property=\"og:locale\" content=\"en_US\" \/>\n<meta property=\"og:type\" content=\"article\" \/>\n<meta property=\"og:title\" content=\"Jo\u00e3o Ara\u00fajo - Conselho da Di\u00e1spora Portuguesa\" \/>\n<meta property=\"og:description\" content=\"Jo\u00e3o Ara\u00fajo is a Partner and Director of Digital Business, Platforms, and Customer Experience at Ita\u00fa Unibanco, the largest financial group in Latin America. He leads the bank\u2019s digital channels and generative AI initiatives for retail customers. He holds a degree in Management from the Catholic University of Portugal (2007), an MBA from Harvard Business...\" \/>\n<meta property=\"og:url\" content=\"https:\/\/www.diasporaportuguesa.org\/en\/profile\/joao-araujo\/\" \/>\n<meta property=\"og:site_name\" content=\"Conselho da Di\u00e1spora Portuguesa\" \/>\n<meta property=\"article:modified_time\" content=\"2025-06-03T10:47:10+00:00\" \/>\n<meta property=\"og:image\" content=\"https:\/\/www.diasporaportuguesa.org\/wp-content\/uploads\/2025\/06\/WhatsApp-Image-2025-06-02-at-17.20.04-1.jpeg\" \/>\n\t<meta property=\"og:image:width\" content=\"800\" \/>\n\t<meta property=\"og:image:height\" content=\"800\" \/>\n\t<meta property=\"og:image:type\" content=\"image\/jpeg\" \/>\n<meta name=\"twitter:card\" content=\"summary_large_image\" \/>\n<meta name=\"twitter:site\" content=\"@CdDiaspora\" \/>\n<meta name=\"twitter:label1\" content=\"Est. reading time\" \/>\n\t<meta name=\"twitter:data1\" content=\"1 minute\" \/>\n<script type=\"application\/ld+json\" class=\"yoast-schema-graph\">{\"@context\":\"https:\/\/schema.org\",\"@graph\":[{\"@type\":\"WebPage\",\"@id\":\"https:\/\/www.diasporaportuguesa.org\/en\/profile\/joao-araujo\/\",\"url\":\"https:\/\/www.diasporaportuguesa.org\/en\/profile\/joao-araujo\/\",\"name\":\"Jo\u00e3o Ara\u00fajo - Conselho da Di\u00e1spora Portuguesa\",\"isPartOf\":{\"@id\":\"https:\/\/www.diasporaportuguesa.org\/#website\"},\"datePublished\":\"2025-06-02T16:54:30+00:00\",\"dateModified\":\"2025-06-03T10:47:10+00:00\",\"breadcrumb\":{\"@id\":\"https:\/\/www.diasporaportuguesa.org\/en\/profile\/joao-araujo\/#breadcrumb\"},\"inLanguage\":\"en-US\",\"potentialAction\":[{\"@type\":\"ReadAction\",\"target\":[\"https:\/\/www.diasporaportuguesa.org\/en\/profile\/joao-araujo\/\"]}]},{\"@type\":\"BreadcrumbList\",\"@id\":\"https:\/\/www.diasporaportuguesa.org\/en\/profile\/joao-araujo\/#breadcrumb\",\"itemListElement\":[{\"@type\":\"ListItem\",\"position\":1,\"name\":\"In\u00edcio\",\"item\":\"https:\/\/www.diasporaportuguesa.org\/en\/\"},{\"@type\":\"ListItem\",\"position\":2,\"name\":\"Jo\u00e3o Ara\u00fajo\"}]},{\"@type\":\"WebSite\",\"@id\":\"https:\/\/www.diasporaportuguesa.org\/#website\",\"url\":\"https:\/\/www.diasporaportuguesa.org\/\",\"name\":\"Conselho da Di\u00e1spora Portuguesa\",\"description\":\"Conselho da Di\u00e1spora Portuguesa\",\"publisher\":{\"@id\":\"https:\/\/www.diasporaportuguesa.org\/#organization\"},\"potentialAction\":[{\"@type\":\"SearchAction\",\"target\":{\"@type\":\"EntryPoint\",\"urlTemplate\":\"https:\/\/www.diasporaportuguesa.org\/?s={search_term_string}\"},\"query-input\":\"required name=search_term_string\"}],\"inLanguage\":\"en-US\"},{\"@type\":\"Organization\",\"@id\":\"https:\/\/www.diasporaportuguesa.org\/#organization\",\"name\":\"Conselho da Di\u00e1spora Portuguesa\",\"url\":\"https:\/\/www.diasporaportuguesa.org\/\",\"logo\":{\"@type\":\"ImageObject\",\"inLanguage\":\"en-US\",\"@id\":\"https:\/\/www.diasporaportuguesa.org\/#\/schema\/logo\/image\/\",\"url\":\"https:\/\/www.diasporaportuguesa.org\/wp-content\/uploads\/2022\/11\/conselho-diaspora-portuguesa.png\",\"contentUrl\":\"https:\/\/www.diasporaportuguesa.org\/wp-content\/uploads\/2022\/11\/conselho-diaspora-portuguesa.png\",\"width\":735,\"height\":216,\"caption\":\"Conselho da Di\u00e1spora Portuguesa\"},\"image\":{\"@id\":\"https:\/\/www.diasporaportuguesa.org\/#\/schema\/logo\/image\/\"},\"sameAs\":[\"https:\/\/twitter.com\/CdDiaspora\",\"https:\/\/www.linkedin.com\/company\/conselho-da-diaspora-portuguesa\/\",\"https:\/\/www.youtube.com\/channel\/UCEI8qERhtqzV1UgdITBo6rw\/videos\"]}]}<\/script>\n<!-- \/ Yoast SEO plugin. -->","yoast_head_json":{"title":"Jo\u00e3o Ara\u00fajo - Conselho da Di\u00e1spora Portuguesa","robots":{"index":"index","follow":"follow","max-snippet":"max-snippet:-1","max-image-preview":"max-image-preview:large","max-video-preview":"max-video-preview:-1"},"canonical":"https:\/\/www.diasporaportuguesa.org\/en\/profile\/joao-araujo\/","og_locale":"en_US","og_type":"article","og_title":"Jo\u00e3o Ara\u00fajo - Conselho da Di\u00e1spora Portuguesa","og_description":"Jo\u00e3o Ara\u00fajo is a Partner and Director of Digital Business, Platforms, and Customer Experience at Ita\u00fa Unibanco, the largest financial group in Latin America. He leads the bank\u2019s digital channels and generative AI initiatives for retail customers. He holds a degree in Management from the Catholic University of Portugal (2007), an MBA from Harvard Business...","og_url":"https:\/\/www.diasporaportuguesa.org\/en\/profile\/joao-araujo\/","og_site_name":"Conselho da Di\u00e1spora Portuguesa","article_modified_time":"2025-06-03T10:47:10+00:00","og_image":[{"width":800,"height":800,"url":"https:\/\/www.diasporaportuguesa.org\/wp-content\/uploads\/2025\/06\/WhatsApp-Image-2025-06-02-at-17.20.04-1.jpeg","type":"image\/jpeg"}],"twitter_card":"summary_large_image","twitter_site":"@CdDiaspora","twitter_misc":{"Est. reading time":"1 minute"},"schema":{"@context":"https:\/\/schema.org","@graph":[{"@type":"WebPage","@id":"https:\/\/www.diasporaportuguesa.org\/en\/profile\/joao-araujo\/","url":"https:\/\/www.diasporaportuguesa.org\/en\/profile\/joao-araujo\/","name":"Jo\u00e3o Ara\u00fajo - Conselho da Di\u00e1spora Portuguesa","isPartOf":{"@id":"https:\/\/www.diasporaportuguesa.org\/#website"},"datePublished":"2025-06-02T16:54:30+00:00","dateModified":"2025-06-03T10:47:10+00:00","breadcrumb":{"@id":"https:\/\/www.diasporaportuguesa.org\/en\/profile\/joao-araujo\/#breadcrumb"},"inLanguage":"en-US","potentialAction":[{"@type":"ReadAction","target":["https:\/\/www.diasporaportuguesa.org\/en\/profile\/joao-araujo\/"]}]},{"@type":"BreadcrumbList","@id":"https:\/\/www.diasporaportuguesa.org\/en\/profile\/joao-araujo\/#breadcrumb","itemListElement":[{"@type":"ListItem","position":1,"name":"In\u00edcio","item":"https:\/\/www.diasporaportuguesa.org\/en\/"},{"@type":"ListItem","position":2,"name":"Jo\u00e3o Ara\u00fajo"}]},{"@type":"WebSite","@id":"https:\/\/www.diasporaportuguesa.org\/#website","url":"https:\/\/www.diasporaportuguesa.org\/","name":"Conselho da Di\u00e1spora Portuguesa","description":"Conselho da Di\u00e1spora Portuguesa","publisher":{"@id":"https:\/\/www.diasporaportuguesa.org\/#organization"},"potentialAction":[{"@type":"SearchAction","target":{"@type":"EntryPoint","urlTemplate":"https:\/\/www.diasporaportuguesa.org\/?s={search_term_string}"},"query-input":"required name=search_term_string"}],"inLanguage":"en-US"},{"@type":"Organization","@id":"https:\/\/www.diasporaportuguesa.org\/#organization","name":"Conselho da Di\u00e1spora Portuguesa","url":"https:\/\/www.diasporaportuguesa.org\/","logo":{"@type":"ImageObject","inLanguage":"en-US","@id":"https:\/\/www.diasporaportuguesa.org\/#\/schema\/logo\/image\/","url":"https:\/\/www.diasporaportuguesa.org\/wp-content\/uploads\/2022\/11\/conselho-diaspora-portuguesa.png","contentUrl":"https:\/\/www.diasporaportuguesa.org\/wp-content\/uploads\/2022\/11\/conselho-diaspora-portuguesa.png","width":735,"height":216,"caption":"Conselho da Di\u00e1spora Portuguesa"},"image":{"@id":"https:\/\/www.diasporaportuguesa.org\/#\/schema\/logo\/image\/"},"sameAs":["https:\/\/twitter.com\/CdDiaspora","https:\/\/www.linkedin.com\/company\/conselho-da-diaspora-portuguesa\/","https:\/\/www.youtube.com\/channel\/UCEI8qERhtqzV1UgdITBo6rw\/videos"]}]}},"_links":{"self":[{"href":"https:\/\/www.diasporaportuguesa.org\/en\/wp-json\/wp\/v2\/perfis\/24964"}],"collection":[{"href":"https:\/\/www.diasporaportuguesa.org\/en\/wp-json\/wp\/v2\/perfis"}],"about":[{"href":"https:\/\/www.diasporaportuguesa.org\/en\/wp-json\/wp\/v2\/types\/perfis"}],"author":[{"embeddable":true,"href":"https:\/\/www.diasporaportuguesa.org\/en\/wp-json\/wp\/v2\/users\/15"}],"wp:featuredmedia":[{"embeddable":true,"href":"https:\/\/www.diasporaportuguesa.org\/en\/wp-json\/wp\/v2\/media\/24965"}],"wp:attachment":[{"href":"https:\/\/www.diasporaportuguesa.org\/en\/wp-json\/wp\/v2\/media?parent=24964"}],"wp:term":[{"taxonomy":"grupo","embeddable":true,"href":"https:\/\/www.diasporaportuguesa.org\/en\/wp-json\/wp\/v2\/grupo?post=24964"}],"curies":[{"name":"wp","href":"https:\/\/api.w.org\/{rel}","templated":true}]}}

João Araújo

<p>João Araújo is a Partner and Director of Digital Business, Platforms, and Customer Experience at Itaú Unibanco, the largest financial group in Latin America. He leads the bank’s digital channels and generative AI initiatives for retail customers.</p>



<p>He holds a degree in Management from the Catholic University of Portugal (2007), an MBA from Harvard Business School (2010–2012), completed an Executive Education program at INSEAD, Fontainebleau (2019), and a program in Artificial Intelligence at Stanford Graduate School of Business, California (2023).</p>



<p>João began his career at The Boston Consulting Group (2007–2012), working across multiple sectors and geographies, with a focus on Europe and Mozambique.</p>



<p>He is co-author of the book Strategy for the Portuguese-speaking Market (Universidade Católica Editora, 2014).</p>



<p>João Araújo has been Portugal&#8217;s World Advisor since May 2025.</p>

<!-- This site is optimized with the Yoast SEO plugin v21.3 - https://yoast.com/wordpress/plugins/seo/ -->
<title>João Araújo - Conselho da Diáspora Portuguesa</title>
<meta name="robots" content="index, follow, max-snippet:-1, max-image-preview:large, max-video-preview:-1" />
<link rel="canonical" href="https://www.diasporaportuguesa.org/en/profile/joao-araujo/" />
<meta property="og:locale" content="en_US" />
<meta property="og:type" content="article" />
<meta property="og:title" content="João Araújo - Conselho da Diáspora Portuguesa" />
<meta property="og:description" content="João Araújo is a Partner and Director of Digital Business, Platforms, and Customer Experience at Itaú Unibanco, the largest financial group in Latin America. He leads the bank’s digital channels and generative AI initiatives for retail customers. He holds a degree in Management from the Catholic University of Portugal (2007), an MBA from Harvard Business..." />
<meta property="og:url" content="https://www.diasporaportuguesa.org/en/profile/joao-araujo/" />
<meta property="og:site_name" content="Conselho da Diáspora Portuguesa" />
<meta property="article:modified_time" content="2025-06-03T10:47:10+00:00" />
<meta property="og:image" content="https://www.diasporaportuguesa.org/wp-content/uploads/2025/06/WhatsApp-Image-2025-06-02-at-17.20.04-1.jpeg" />
	<meta property="og:image:width" content="800" />
	<meta property="og:image:height" content="800" />
	<meta property="og:image:type" content="image/jpeg" />
<meta name="twitter:card" content="summary_large_image" />
<meta name="twitter:site" content="@CdDiaspora" />
<meta name="twitter:label1" content="Est. reading time" />
	<meta name="twitter:data1" content="1 minute" />
<script type="application/ld+json" class="yoast-schema-graph">{"@context":"https://schema.org","@graph":[{"@type":"WebPage","@id":"https://www.diasporaportuguesa.org/en/profile/joao-araujo/","url":"https://www.diasporaportuguesa.org/en/profile/joao-araujo/","name":"João Araújo - Conselho da Diáspora Portuguesa","isPartOf":{"@id":"https://www.diasporaportuguesa.org/#website"},"datePublished":"2025-06-02T16:54:30+00:00","dateModified":"2025-06-03T10:47:10+00:00","breadcrumb":{"@id":"https://www.diasporaportuguesa.org/en/profile/joao-araujo/#breadcrumb"},"inLanguage":"en-US","potentialAction":[{"@type":"ReadAction","target":["https://www.diasporaportuguesa.org/en/profile/joao-araujo/"]}]},{"@type":"BreadcrumbList","@id":"https://www.diasporaportuguesa.org/en/profile/joao-araujo/#breadcrumb","itemListElement":[{"@type":"ListItem","position":1,"name":"Início","item":"https://www.diasporaportuguesa.org/en/"},{"@type":"ListItem","position":2,"name":"João Araújo"}]},{"@type":"WebSite","@id":"https://www.diasporaportuguesa.org/#website","url":"https://www.diasporaportuguesa.org/","name":"Conselho da Diáspora Portuguesa","description":"Conselho da Diáspora Portuguesa","publisher":{"@id":"https://www.diasporaportuguesa.org/#organization"},"potentialAction":[{"@type":"SearchAction","target":{"@type":"EntryPoint","urlTemplate":"https://www.diasporaportuguesa.org/?s={search_term_string}"},"query-input":"required name=search_term_string"}],"inLanguage":"en-US"},{"@type":"Organization","@id":"https://www.diasporaportuguesa.org/#organization","name":"Conselho da Diáspora Portuguesa","url":"https://www.diasporaportuguesa.org/","logo":{"@type":"ImageObject","inLanguage":"en-US","@id":"https://www.diasporaportuguesa.org/#/schema/logo/image/","url":"https://www.diasporaportuguesa.org/wp-content/uploads/2022/11/conselho-diaspora-portuguesa.png","contentUrl":"https://www.diasporaportuguesa.org/wp-content/uploads/2022/11/conselho-diaspora-portuguesa.png","width":735,"height":216,"caption":"Conselho da Diáspora Portuguesa"},"image":{"@id":"https://www.diasporaportuguesa.org/#/schema/logo/image/"},"sameAs":["https://twitter.com/CdDiaspora","https://www.linkedin.com/company/conselho-da-diaspora-portuguesa/","https://www.youtube.com/channel/UCEI8qERhtqzV1UgdITBo6rw/videos"]}]}</script>
<!-- / Yoast SEO plugin. -->

João Araújo - Conselho da Diáspora Portuguesa

João Araújo is a Partner and Director of Digital Business, Platforms, and Customer Experience at Itaú Unibanco, the largest financial group in Latin America. He leads the bank’s digital channels and generative AI initiatives for retail customers. He holds a degree in Management from the Catholic University of Portugal (2007), an MBA from Harvard Business...

Conselho da Diáspora Portuguesa

Início
