{"id":25047,"date":"2025-06-27T09:15:07","date_gmt":"2025-06-27T09:15:07","guid":{"rendered":"https:\/\/www.diasporaportuguesa.org\/?post_type=perfis&#038;p=25047"},"modified":"2025-06-27T09:39:35","modified_gmt":"2025-06-27T09:39:35","slug":"miguel-gutierrez","status":"publish","type":"perfis","link":"https:\/\/www.diasporaportuguesa.org\/en\/profile\/miguel-gutierrez\/","title":{"rendered":"Miguel Gutierrez"},"content":{"rendered":"\n<p>Born on August 28, 1988, in Seville, Spain, to a Portuguese mother from Le\u00e7a da Veiga, Miguel Angel Mart\u00edn Guti\u00e9rrez moved to Almada, Portugal, in 1993 \u2014 a city that would shape his sociocultural interests and strong community engagement. From a young age, he became involved in informal community associations, expressing himself through Hip-Hop and traditional Portuguese music, collaborating since 2003 with artists such as Sam The Kid, Chullage, and Dino D&#8217;Santiago.<\/p>\n\n\n\n<p>Throughout his musical career, he has worked with acclaimed national and international artists including MARO, legendary producer Quincy Jones, and Wyclef Jean, performing on international stages like SXSW in Texas in 2012.<\/p>\n\n\n\n<p>In 2014, after a brief stint with Emirates Airlines, he pursued social entrepreneurship by joining a Pakistani family office in Dubai. He was involved in major projects such as the Palazzo Versace Dubai Hotel and the Global Sustainability Network \u2014 an organization aligned with the United Nations focused on SDG 8 (decent work and economic growth), fighting modern slavery and human trafficking. In this role, he worked alongside global leaders from academia, business, philanthropy, government, media, and religion.<\/p>\n\n\n\n<p>Following the COVID-19 pandemic, he played a key role in bringing the global GirlGamer eSports tournament to the Middle East. Currently, he is focused on helping companies expand internationally, particularly in Dubai. He is also producing an orchestral album and serves on several advisory boards, including the Dubai Government\u2019s DMCC, the Portuguese Business Council in Dubai, and The Men Collaborative by Rema DuPont (focused on men\u2019s mental health in the USA).<\/p>\n\n\n\n<p>Miguel Gutierrez has been Portugal&#8217;s World Advisor since june 2025.<\/p>\n","protected":false},"author":15,"featured_media":25048,"template":"","meta":[],"grupo":[281],"acf":[],"yoast_head":"<!-- This site is optimized with the Yoast SEO plugin v21.3 - https:\/\/yoast.com\/wordpress\/plugins\/seo\/ -->\n<title>Miguel Gutierrez - Conselho da Di\u00e1spora Portuguesa<\/title>\n<meta name=\"robots\" content=\"index, follow, max-snippet:-1, max-image-preview:large, max-video-preview:-1\" \/>\n<link rel=\"canonical\" href=\"https:\/\/www.diasporaportuguesa.org\/en\/profile\/miguel-gutierrez\/\" \/>\n<meta property=\"og:locale\" content=\"en_US\" \/>\n<meta property=\"og:type\" content=\"article\" \/>\n<meta property=\"og:title\" content=\"Miguel Gutierrez - Conselho da Di\u00e1spora Portuguesa\" \/>\n<meta property=\"og:description\" content=\"Born on August 28, 1988, in Seville, Spain, to a Portuguese mother from Le\u00e7a da Veiga, Miguel Angel Mart\u00edn Guti\u00e9rrez moved to Almada, Portugal, in 1993 \u2014 a city that would shape his sociocultural interests and strong community engagement. From a young age, he became involved in informal community associations, expressing himself through Hip-Hop and...\" \/>\n<meta property=\"og:url\" content=\"https:\/\/www.diasporaportuguesa.org\/en\/profile\/miguel-gutierrez\/\" \/>\n<meta property=\"og:site_name\" content=\"Conselho da Di\u00e1spora Portuguesa\" \/>\n<meta property=\"article:modified_time\" content=\"2025-06-27T09:39:35+00:00\" \/>\n<meta property=\"og:image\" content=\"https:\/\/www.diasporaportuguesa.org\/wp-content\/uploads\/2025\/06\/Miguel-Gutierrez-MANDALUS.png\" \/>\n\t<meta property=\"og:image:width\" content=\"1160\" \/>\n\t<meta property=\"og:image:height\" content=\"1159\" \/>\n\t<meta property=\"og:image:type\" content=\"image\/png\" \/>\n<meta name=\"twitter:card\" content=\"summary_large_image\" \/>\n<meta name=\"twitter:site\" content=\"@CdDiaspora\" \/>\n<meta name=\"twitter:label1\" content=\"Est. reading time\" \/>\n\t<meta name=\"twitter:data1\" content=\"2 minutes\" \/>\n<script type=\"application\/ld+json\" class=\"yoast-schema-graph\">{\"@context\":\"https:\/\/schema.org\",\"@graph\":[{\"@type\":\"WebPage\",\"@id\":\"https:\/\/www.diasporaportuguesa.org\/en\/profile\/miguel-gutierrez\/\",\"url\":\"https:\/\/www.diasporaportuguesa.org\/en\/profile\/miguel-gutierrez\/\",\"name\":\"Miguel Gutierrez - Conselho da Di\u00e1spora Portuguesa\",\"isPartOf\":{\"@id\":\"https:\/\/www.diasporaportuguesa.org\/#website\"},\"datePublished\":\"2025-06-27T09:15:07+00:00\",\"dateModified\":\"2025-06-27T09:39:35+00:00\",\"breadcrumb\":{\"@id\":\"https:\/\/www.diasporaportuguesa.org\/en\/profile\/miguel-gutierrez\/#breadcrumb\"},\"inLanguage\":\"en-US\",\"potentialAction\":[{\"@type\":\"ReadAction\",\"target\":[\"https:\/\/www.diasporaportuguesa.org\/en\/profile\/miguel-gutierrez\/\"]}]},{\"@type\":\"BreadcrumbList\",\"@id\":\"https:\/\/www.diasporaportuguesa.org\/en\/profile\/miguel-gutierrez\/#breadcrumb\",\"itemListElement\":[{\"@type\":\"ListItem\",\"position\":1,\"name\":\"In\u00edcio\",\"item\":\"https:\/\/www.diasporaportuguesa.org\/en\/\"},{\"@type\":\"ListItem\",\"position\":2,\"name\":\"Miguel Gutierrez\"}]},{\"@type\":\"WebSite\",\"@id\":\"https:\/\/www.diasporaportuguesa.org\/#website\",\"url\":\"https:\/\/www.diasporaportuguesa.org\/\",\"name\":\"Conselho da Di\u00e1spora Portuguesa\",\"description\":\"Conselho da Di\u00e1spora Portuguesa\",\"publisher\":{\"@id\":\"https:\/\/www.diasporaportuguesa.org\/#organization\"},\"potentialAction\":[{\"@type\":\"SearchAction\",\"target\":{\"@type\":\"EntryPoint\",\"urlTemplate\":\"https:\/\/www.diasporaportuguesa.org\/?s={search_term_string}\"},\"query-input\":\"required name=search_term_string\"}],\"inLanguage\":\"en-US\"},{\"@type\":\"Organization\",\"@id\":\"https:\/\/www.diasporaportuguesa.org\/#organization\",\"name\":\"Conselho da Di\u00e1spora Portuguesa\",\"url\":\"https:\/\/www.diasporaportuguesa.org\/\",\"logo\":{\"@type\":\"ImageObject\",\"inLanguage\":\"en-US\",\"@id\":\"https:\/\/www.diasporaportuguesa.org\/#\/schema\/logo\/image\/\",\"url\":\"https:\/\/www.diasporaportuguesa.org\/wp-content\/uploads\/2022\/11\/conselho-diaspora-portuguesa.png\",\"contentUrl\":\"https:\/\/www.diasporaportuguesa.org\/wp-content\/uploads\/2022\/11\/conselho-diaspora-portuguesa.png\",\"width\":735,\"height\":216,\"caption\":\"Conselho da Di\u00e1spora Portuguesa\"},\"image\":{\"@id\":\"https:\/\/www.diasporaportuguesa.org\/#\/schema\/logo\/image\/\"},\"sameAs\":[\"https:\/\/twitter.com\/CdDiaspora\",\"https:\/\/www.linkedin.com\/company\/conselho-da-diaspora-portuguesa\/\",\"https:\/\/www.youtube.com\/channel\/UCEI8qERhtqzV1UgdITBo6rw\/videos\"]}]}<\/script>\n<!-- \/ Yoast SEO plugin. -->","yoast_head_json":{"title":"Miguel Gutierrez - Conselho da Di\u00e1spora Portuguesa","robots":{"index":"index","follow":"follow","max-snippet":"max-snippet:-1","max-image-preview":"max-image-preview:large","max-video-preview":"max-video-preview:-1"},"canonical":"https:\/\/www.diasporaportuguesa.org\/en\/profile\/miguel-gutierrez\/","og_locale":"en_US","og_type":"article","og_title":"Miguel Gutierrez - Conselho da Di\u00e1spora Portuguesa","og_description":"Born on August 28, 1988, in Seville, Spain, to a Portuguese mother from Le\u00e7a da Veiga, Miguel Angel Mart\u00edn Guti\u00e9rrez moved to Almada, Portugal, in 1993 \u2014 a city that would shape his sociocultural interests and strong community engagement. From a young age, he became involved in informal community associations, expressing himself through Hip-Hop and...","og_url":"https:\/\/www.diasporaportuguesa.org\/en\/profile\/miguel-gutierrez\/","og_site_name":"Conselho da Di\u00e1spora Portuguesa","article_modified_time":"2025-06-27T09:39:35+00:00","og_image":[{"width":1160,"height":1159,"url":"https:\/\/www.diasporaportuguesa.org\/wp-content\/uploads\/2025\/06\/Miguel-Gutierrez-MANDALUS.png","type":"image\/png"}],"twitter_card":"summary_large_image","twitter_site":"@CdDiaspora","twitter_misc":{"Est. reading time":"2 minutes"},"schema":{"@context":"https:\/\/schema.org","@graph":[{"@type":"WebPage","@id":"https:\/\/www.diasporaportuguesa.org\/en\/profile\/miguel-gutierrez\/","url":"https:\/\/www.diasporaportuguesa.org\/en\/profile\/miguel-gutierrez\/","name":"Miguel Gutierrez - Conselho da Di\u00e1spora Portuguesa","isPartOf":{"@id":"https:\/\/www.diasporaportuguesa.org\/#website"},"datePublished":"2025-06-27T09:15:07+00:00","dateModified":"2025-06-27T09:39:35+00:00","breadcrumb":{"@id":"https:\/\/www.diasporaportuguesa.org\/en\/profile\/miguel-gutierrez\/#breadcrumb"},"inLanguage":"en-US","potentialAction":[{"@type":"ReadAction","target":["https:\/\/www.diasporaportuguesa.org\/en\/profile\/miguel-gutierrez\/"]}]},{"@type":"BreadcrumbList","@id":"https:\/\/www.diasporaportuguesa.org\/en\/profile\/miguel-gutierrez\/#breadcrumb","itemListElement":[{"@type":"ListItem","position":1,"name":"In\u00edcio","item":"https:\/\/www.diasporaportuguesa.org\/en\/"},{"@type":"ListItem","position":2,"name":"Miguel Gutierrez"}]},{"@type":"WebSite","@id":"https:\/\/www.diasporaportuguesa.org\/#website","url":"https:\/\/www.diasporaportuguesa.org\/","name":"Conselho da Di\u00e1spora Portuguesa","description":"Conselho da Di\u00e1spora Portuguesa","publisher":{"@id":"https:\/\/www.diasporaportuguesa.org\/#organization"},"potentialAction":[{"@type":"SearchAction","target":{"@type":"EntryPoint","urlTemplate":"https:\/\/www.diasporaportuguesa.org\/?s={search_term_string}"},"query-input":"required name=search_term_string"}],"inLanguage":"en-US"},{"@type":"Organization","@id":"https:\/\/www.diasporaportuguesa.org\/#organization","name":"Conselho da Di\u00e1spora Portuguesa","url":"https:\/\/www.diasporaportuguesa.org\/","logo":{"@type":"ImageObject","inLanguage":"en-US","@id":"https:\/\/www.diasporaportuguesa.org\/#\/schema\/logo\/image\/","url":"https:\/\/www.diasporaportuguesa.org\/wp-content\/uploads\/2022\/11\/conselho-diaspora-portuguesa.png","contentUrl":"https:\/\/www.diasporaportuguesa.org\/wp-content\/uploads\/2022\/11\/conselho-diaspora-portuguesa.png","width":735,"height":216,"caption":"Conselho da Di\u00e1spora Portuguesa"},"image":{"@id":"https:\/\/www.diasporaportuguesa.org\/#\/schema\/logo\/image\/"},"sameAs":["https:\/\/twitter.com\/CdDiaspora","https:\/\/www.linkedin.com\/company\/conselho-da-diaspora-portuguesa\/","https:\/\/www.youtube.com\/channel\/UCEI8qERhtqzV1UgdITBo6rw\/videos"]}]}},"_links":{"self":[{"href":"https:\/\/www.diasporaportuguesa.org\/en\/wp-json\/wp\/v2\/perfis\/25047"}],"collection":[{"href":"https:\/\/www.diasporaportuguesa.org\/en\/wp-json\/wp\/v2\/perfis"}],"about":[{"href":"https:\/\/www.diasporaportuguesa.org\/en\/wp-json\/wp\/v2\/types\/perfis"}],"author":[{"embeddable":true,"href":"https:\/\/www.diasporaportuguesa.org\/en\/wp-json\/wp\/v2\/users\/15"}],"wp:featuredmedia":[{"embeddable":true,"href":"https:\/\/www.diasporaportuguesa.org\/en\/wp-json\/wp\/v2\/media\/25048"}],"wp:attachment":[{"href":"https:\/\/www.diasporaportuguesa.org\/en\/wp-json\/wp\/v2\/media?parent=25047"}],"wp:term":[{"taxonomy":"grupo","embeddable":true,"href":"https:\/\/www.diasporaportuguesa.org\/en\/wp-json\/wp\/v2\/grupo?post=25047"}],"curies":[{"name":"wp","href":"https:\/\/api.w.org\/{rel}","templated":true}]}}

<p>Born on August 28, 1988, in Seville, Spain, to a Portuguese mother from Leça da Veiga, Miguel Angel Martín Gutiérrez moved to Almada, Portugal, in 1993 — a city that would shape his sociocultural interests and strong community engagement. From a young age, he became involved in informal community associations, expressing himself through Hip-Hop and traditional Portuguese music, collaborating since 2003 with artists such as Sam The Kid, Chullage, and Dino D&#8217;Santiago.</p>



<p>Throughout his musical career, he has worked with acclaimed national and international artists including MARO, legendary producer Quincy Jones, and Wyclef Jean, performing on international stages like SXSW in Texas in 2012.</p>



<p>In 2014, after a brief stint with Emirates Airlines, he pursued social entrepreneurship by joining a Pakistani family office in Dubai. He was involved in major projects such as the Palazzo Versace Dubai Hotel and the Global Sustainability Network — an organization aligned with the United Nations focused on SDG 8 (decent work and economic growth), fighting modern slavery and human trafficking. In this role, he worked alongside global leaders from academia, business, philanthropy, government, media, and religion.</p>



<p>Following the COVID-19 pandemic, he played a key role in bringing the global GirlGamer eSports tournament to the Middle East. Currently, he is focused on helping companies expand internationally, particularly in Dubai. He is also producing an orchestral album and serves on several advisory boards, including the Dubai Government’s DMCC, the Portuguese Business Council in Dubai, and The Men Collaborative by Rema DuPont (focused on men’s mental health in the USA).</p>



<p>Miguel Gutierrez has been Portugal&#8217;s World Advisor since june 2025.</p>

<!-- This site is optimized with the Yoast SEO plugin v21.3 - https://yoast.com/wordpress/plugins/seo/ -->
<title>Miguel Gutierrez - Conselho da Diáspora Portuguesa</title>
<meta name="robots" content="index, follow, max-snippet:-1, max-image-preview:large, max-video-preview:-1" />
<link rel="canonical" href="https://www.diasporaportuguesa.org/en/profile/miguel-gutierrez/" />
<meta property="og:locale" content="en_US" />
<meta property="og:type" content="article" />
<meta property="og:title" content="Miguel Gutierrez - Conselho da Diáspora Portuguesa" />
<meta property="og:description" content="Born on August 28, 1988, in Seville, Spain, to a Portuguese mother from Leça da Veiga, Miguel Angel Martín Gutiérrez moved to Almada, Portugal, in 1993 — a city that would shape his sociocultural interests and strong community engagement. From a young age, he became involved in informal community associations, expressing himself through Hip-Hop and..." />
<meta property="og:url" content="https://www.diasporaportuguesa.org/en/profile/miguel-gutierrez/" />
<meta property="og:site_name" content="Conselho da Diáspora Portuguesa" />
<meta property="article:modified_time" content="2025-06-27T09:39:35+00:00" />
<meta property="og:image" content="https://www.diasporaportuguesa.org/wp-content/uploads/2025/06/Miguel-Gutierrez-MANDALUS.png" />
	<meta property="og:image:width" content="1160" />
	<meta property="og:image:height" content="1159" />
	<meta property="og:image:type" content="image/png" />
<meta name="twitter:card" content="summary_large_image" />
<meta name="twitter:site" content="@CdDiaspora" />
<meta name="twitter:label1" content="Est. reading time" />
	<meta name="twitter:data1" content="2 minutes" />
<script type="application/ld+json" class="yoast-schema-graph">{"@context":"https://schema.org","@graph":[{"@type":"WebPage","@id":"https://www.diasporaportuguesa.org/en/profile/miguel-gutierrez/","url":"https://www.diasporaportuguesa.org/en/profile/miguel-gutierrez/","name":"Miguel Gutierrez - Conselho da Diáspora Portuguesa","isPartOf":{"@id":"https://www.diasporaportuguesa.org/#website"},"datePublished":"2025-06-27T09:15:07+00:00","dateModified":"2025-06-27T09:39:35+00:00","breadcrumb":{"@id":"https://www.diasporaportuguesa.org/en/profile/miguel-gutierrez/#breadcrumb"},"inLanguage":"en-US","potentialAction":[{"@type":"ReadAction","target":["https://www.diasporaportuguesa.org/en/profile/miguel-gutierrez/"]}]},{"@type":"BreadcrumbList","@id":"https://www.diasporaportuguesa.org/en/profile/miguel-gutierrez/#breadcrumb","itemListElement":[{"@type":"ListItem","position":1,"name":"Início","item":"https://www.diasporaportuguesa.org/en/"},{"@type":"ListItem","position":2,"name":"Miguel Gutierrez"}]},{"@type":"WebSite","@id":"https://www.diasporaportuguesa.org/#website","url":"https://www.diasporaportuguesa.org/","name":"Conselho da Diáspora Portuguesa","description":"Conselho da Diáspora Portuguesa","publisher":{"@id":"https://www.diasporaportuguesa.org/#organization"},"potentialAction":[{"@type":"SearchAction","target":{"@type":"EntryPoint","urlTemplate":"https://www.diasporaportuguesa.org/?s={search_term_string}"},"query-input":"required name=search_term_string"}],"inLanguage":"en-US"},{"@type":"Organization","@id":"https://www.diasporaportuguesa.org/#organization","name":"Conselho da Diáspora Portuguesa","url":"https://www.diasporaportuguesa.org/","logo":{"@type":"ImageObject","inLanguage":"en-US","@id":"https://www.diasporaportuguesa.org/#/schema/logo/image/","url":"https://www.diasporaportuguesa.org/wp-content/uploads/2022/11/conselho-diaspora-portuguesa.png","contentUrl":"https://www.diasporaportuguesa.org/wp-content/uploads/2022/11/conselho-diaspora-portuguesa.png","width":735,"height":216,"caption":"Conselho da Diáspora Portuguesa"},"image":{"@id":"https://www.diasporaportuguesa.org/#/schema/logo/image/"},"sameAs":["https://twitter.com/CdDiaspora","https://www.linkedin.com/company/conselho-da-diaspora-portuguesa/","https://www.youtube.com/channel/UCEI8qERhtqzV1UgdITBo6rw/videos"]}]}</script>
<!-- / Yoast SEO plugin. -->

Miguel Gutierrez - Conselho da Diáspora Portuguesa

Born on August 28, 1988, in Seville, Spain, to a Portuguese mother from Leça da Veiga, Miguel Angel Martín Gutiérrez moved to Almada, Portugal, in 1993 — a city that would shape his sociocultural interests and strong community engagement. From a young age, he became involved in informal community associations, expressing himself through Hip-Hop and...

Conselho da Diáspora Portuguesa

Início
