{"id":25069,"date":"2025-06-27T15:17:40","date_gmt":"2025-06-27T15:17:40","guid":{"rendered":"https:\/\/www.diasporaportuguesa.org\/?post_type=perfis&#038;p=25069"},"modified":"2025-06-27T15:17:42","modified_gmt":"2025-06-27T15:17:42","slug":"carlos-costa-andrade","status":"publish","type":"perfis","link":"https:\/\/www.diasporaportuguesa.org\/en\/profile\/carlos-costa-andrade\/","title":{"rendered":"Carlos Costa Andrade"},"content":{"rendered":"\n<p>Carlos Costa Andrade has been a partner at Ur\u00eda Men\u00e9ndez since 2005, focusing his practice on Capital Markets, Mergers and Acquisitions, and Corporate Governance.<\/p>\n\n\n\n<p>Prior to joining Ur\u00eda Men\u00e9ndez, he began his career at Palma Carlos &amp; Associados and went on to lead the legal division of the Issuers, Offerings, and Markets Department at the Lisbon Stock Exchange.<\/p>\n\n\n\n<p>He is a regular contributor to expert forums on the Portuguese capital markets, promoted by institutions such as the Bank of Portugal, the Portuguese Securities Market Commission (CMVM), Euronext Lisbon \u2013 Sociedade Gestora de Mercados Regulamentados, S.A., and the Portuguese Institute for Corporate Governance.<\/p>\n\n\n\n<p>His expertise also extends internationally. He served as a member of the Fixed Income and Equities Committee of BM&amp;F Bovespa (Brazil) and played a key role in coordinating the legislative reform that enabled the introduction of Structured Operations Certificates, in close collaboration with the Central Bank of Brazil, the Brazilian Securities Commission (CVM), and BM&amp;F Bovespa.<\/p>\n\n\n\n<p>Carlos Costa Andrade has been Portugal&#8217;s World Advisor since june 2025.<\/p>\n","protected":false},"author":15,"featured_media":25070,"template":"","meta":[],"grupo":[281],"acf":[],"yoast_head":"<!-- This site is optimized with the Yoast SEO plugin v21.3 - https:\/\/yoast.com\/wordpress\/plugins\/seo\/ -->\n<title>Carlos Costa Andrade - Conselho da Di\u00e1spora Portuguesa<\/title>\n<meta name=\"robots\" content=\"index, follow, max-snippet:-1, max-image-preview:large, max-video-preview:-1\" \/>\n<link rel=\"canonical\" href=\"https:\/\/www.diasporaportuguesa.org\/en\/profile\/carlos-costa-andrade\/\" \/>\n<meta property=\"og:locale\" content=\"en_US\" \/>\n<meta property=\"og:type\" content=\"article\" \/>\n<meta property=\"og:title\" content=\"Carlos Costa Andrade - Conselho da Di\u00e1spora Portuguesa\" \/>\n<meta property=\"og:description\" content=\"Carlos Costa Andrade has been a partner at Ur\u00eda Men\u00e9ndez since 2005, focusing his practice on Capital Markets, Mergers and Acquisitions, and Corporate Governance. Prior to joining Ur\u00eda Men\u00e9ndez, he began his career at Palma Carlos &amp; Associados and went on to lead the legal division of the Issuers, Offerings, and Markets Department at the...\" \/>\n<meta property=\"og:url\" content=\"https:\/\/www.diasporaportuguesa.org\/en\/profile\/carlos-costa-andrade\/\" \/>\n<meta property=\"og:site_name\" content=\"Conselho da Di\u00e1spora Portuguesa\" \/>\n<meta property=\"article:modified_time\" content=\"2025-06-27T15:17:42+00:00\" \/>\n<meta property=\"og:image\" content=\"https:\/\/www.diasporaportuguesa.org\/wp-content\/uploads\/2025\/06\/CAC.png\" \/>\n\t<meta property=\"og:image:width\" content=\"624\" \/>\n\t<meta property=\"og:image:height\" content=\"780\" \/>\n\t<meta property=\"og:image:type\" content=\"image\/png\" \/>\n<meta name=\"twitter:card\" content=\"summary_large_image\" \/>\n<meta name=\"twitter:site\" content=\"@CdDiaspora\" \/>\n<meta name=\"twitter:label1\" content=\"Est. reading time\" \/>\n\t<meta name=\"twitter:data1\" content=\"1 minute\" \/>\n<script type=\"application\/ld+json\" class=\"yoast-schema-graph\">{\"@context\":\"https:\/\/schema.org\",\"@graph\":[{\"@type\":\"WebPage\",\"@id\":\"https:\/\/www.diasporaportuguesa.org\/en\/profile\/carlos-costa-andrade\/\",\"url\":\"https:\/\/www.diasporaportuguesa.org\/en\/profile\/carlos-costa-andrade\/\",\"name\":\"Carlos Costa Andrade - Conselho da Di\u00e1spora Portuguesa\",\"isPartOf\":{\"@id\":\"https:\/\/www.diasporaportuguesa.org\/#website\"},\"datePublished\":\"2025-06-27T15:17:40+00:00\",\"dateModified\":\"2025-06-27T15:17:42+00:00\",\"breadcrumb\":{\"@id\":\"https:\/\/www.diasporaportuguesa.org\/en\/profile\/carlos-costa-andrade\/#breadcrumb\"},\"inLanguage\":\"en-US\",\"potentialAction\":[{\"@type\":\"ReadAction\",\"target\":[\"https:\/\/www.diasporaportuguesa.org\/en\/profile\/carlos-costa-andrade\/\"]}]},{\"@type\":\"BreadcrumbList\",\"@id\":\"https:\/\/www.diasporaportuguesa.org\/en\/profile\/carlos-costa-andrade\/#breadcrumb\",\"itemListElement\":[{\"@type\":\"ListItem\",\"position\":1,\"name\":\"In\u00edcio\",\"item\":\"https:\/\/www.diasporaportuguesa.org\/en\/\"},{\"@type\":\"ListItem\",\"position\":2,\"name\":\"Carlos Costa Andrade\"}]},{\"@type\":\"WebSite\",\"@id\":\"https:\/\/www.diasporaportuguesa.org\/#website\",\"url\":\"https:\/\/www.diasporaportuguesa.org\/\",\"name\":\"Conselho da Di\u00e1spora Portuguesa\",\"description\":\"Conselho da Di\u00e1spora Portuguesa\",\"publisher\":{\"@id\":\"https:\/\/www.diasporaportuguesa.org\/#organization\"},\"potentialAction\":[{\"@type\":\"SearchAction\",\"target\":{\"@type\":\"EntryPoint\",\"urlTemplate\":\"https:\/\/www.diasporaportuguesa.org\/?s={search_term_string}\"},\"query-input\":\"required name=search_term_string\"}],\"inLanguage\":\"en-US\"},{\"@type\":\"Organization\",\"@id\":\"https:\/\/www.diasporaportuguesa.org\/#organization\",\"name\":\"Conselho da Di\u00e1spora Portuguesa\",\"url\":\"https:\/\/www.diasporaportuguesa.org\/\",\"logo\":{\"@type\":\"ImageObject\",\"inLanguage\":\"en-US\",\"@id\":\"https:\/\/www.diasporaportuguesa.org\/#\/schema\/logo\/image\/\",\"url\":\"https:\/\/www.diasporaportuguesa.org\/wp-content\/uploads\/2022\/11\/conselho-diaspora-portuguesa.png\",\"contentUrl\":\"https:\/\/www.diasporaportuguesa.org\/wp-content\/uploads\/2022\/11\/conselho-diaspora-portuguesa.png\",\"width\":735,\"height\":216,\"caption\":\"Conselho da Di\u00e1spora Portuguesa\"},\"image\":{\"@id\":\"https:\/\/www.diasporaportuguesa.org\/#\/schema\/logo\/image\/\"},\"sameAs\":[\"https:\/\/twitter.com\/CdDiaspora\",\"https:\/\/www.linkedin.com\/company\/conselho-da-diaspora-portuguesa\/\",\"https:\/\/www.youtube.com\/channel\/UCEI8qERhtqzV1UgdITBo6rw\/videos\"]}]}<\/script>\n<!-- \/ Yoast SEO plugin. -->","yoast_head_json":{"title":"Carlos Costa Andrade - Conselho da Di\u00e1spora Portuguesa","robots":{"index":"index","follow":"follow","max-snippet":"max-snippet:-1","max-image-preview":"max-image-preview:large","max-video-preview":"max-video-preview:-1"},"canonical":"https:\/\/www.diasporaportuguesa.org\/en\/profile\/carlos-costa-andrade\/","og_locale":"en_US","og_type":"article","og_title":"Carlos Costa Andrade - Conselho da Di\u00e1spora Portuguesa","og_description":"Carlos Costa Andrade has been a partner at Ur\u00eda Men\u00e9ndez since 2005, focusing his practice on Capital Markets, Mergers and Acquisitions, and Corporate Governance. Prior to joining Ur\u00eda Men\u00e9ndez, he began his career at Palma Carlos &amp; Associados and went on to lead the legal division of the Issuers, Offerings, and Markets Department at the...","og_url":"https:\/\/www.diasporaportuguesa.org\/en\/profile\/carlos-costa-andrade\/","og_site_name":"Conselho da Di\u00e1spora Portuguesa","article_modified_time":"2025-06-27T15:17:42+00:00","og_image":[{"width":624,"height":780,"url":"https:\/\/www.diasporaportuguesa.org\/wp-content\/uploads\/2025\/06\/CAC.png","type":"image\/png"}],"twitter_card":"summary_large_image","twitter_site":"@CdDiaspora","twitter_misc":{"Est. reading time":"1 minute"},"schema":{"@context":"https:\/\/schema.org","@graph":[{"@type":"WebPage","@id":"https:\/\/www.diasporaportuguesa.org\/en\/profile\/carlos-costa-andrade\/","url":"https:\/\/www.diasporaportuguesa.org\/en\/profile\/carlos-costa-andrade\/","name":"Carlos Costa Andrade - Conselho da Di\u00e1spora Portuguesa","isPartOf":{"@id":"https:\/\/www.diasporaportuguesa.org\/#website"},"datePublished":"2025-06-27T15:17:40+00:00","dateModified":"2025-06-27T15:17:42+00:00","breadcrumb":{"@id":"https:\/\/www.diasporaportuguesa.org\/en\/profile\/carlos-costa-andrade\/#breadcrumb"},"inLanguage":"en-US","potentialAction":[{"@type":"ReadAction","target":["https:\/\/www.diasporaportuguesa.org\/en\/profile\/carlos-costa-andrade\/"]}]},{"@type":"BreadcrumbList","@id":"https:\/\/www.diasporaportuguesa.org\/en\/profile\/carlos-costa-andrade\/#breadcrumb","itemListElement":[{"@type":"ListItem","position":1,"name":"In\u00edcio","item":"https:\/\/www.diasporaportuguesa.org\/en\/"},{"@type":"ListItem","position":2,"name":"Carlos Costa Andrade"}]},{"@type":"WebSite","@id":"https:\/\/www.diasporaportuguesa.org\/#website","url":"https:\/\/www.diasporaportuguesa.org\/","name":"Conselho da Di\u00e1spora Portuguesa","description":"Conselho da Di\u00e1spora Portuguesa","publisher":{"@id":"https:\/\/www.diasporaportuguesa.org\/#organization"},"potentialAction":[{"@type":"SearchAction","target":{"@type":"EntryPoint","urlTemplate":"https:\/\/www.diasporaportuguesa.org\/?s={search_term_string}"},"query-input":"required name=search_term_string"}],"inLanguage":"en-US"},{"@type":"Organization","@id":"https:\/\/www.diasporaportuguesa.org\/#organization","name":"Conselho da Di\u00e1spora Portuguesa","url":"https:\/\/www.diasporaportuguesa.org\/","logo":{"@type":"ImageObject","inLanguage":"en-US","@id":"https:\/\/www.diasporaportuguesa.org\/#\/schema\/logo\/image\/","url":"https:\/\/www.diasporaportuguesa.org\/wp-content\/uploads\/2022\/11\/conselho-diaspora-portuguesa.png","contentUrl":"https:\/\/www.diasporaportuguesa.org\/wp-content\/uploads\/2022\/11\/conselho-diaspora-portuguesa.png","width":735,"height":216,"caption":"Conselho da Di\u00e1spora Portuguesa"},"image":{"@id":"https:\/\/www.diasporaportuguesa.org\/#\/schema\/logo\/image\/"},"sameAs":["https:\/\/twitter.com\/CdDiaspora","https:\/\/www.linkedin.com\/company\/conselho-da-diaspora-portuguesa\/","https:\/\/www.youtube.com\/channel\/UCEI8qERhtqzV1UgdITBo6rw\/videos"]}]}},"_links":{"self":[{"href":"https:\/\/www.diasporaportuguesa.org\/en\/wp-json\/wp\/v2\/perfis\/25069"}],"collection":[{"href":"https:\/\/www.diasporaportuguesa.org\/en\/wp-json\/wp\/v2\/perfis"}],"about":[{"href":"https:\/\/www.diasporaportuguesa.org\/en\/wp-json\/wp\/v2\/types\/perfis"}],"author":[{"embeddable":true,"href":"https:\/\/www.diasporaportuguesa.org\/en\/wp-json\/wp\/v2\/users\/15"}],"wp:featuredmedia":[{"embeddable":true,"href":"https:\/\/www.diasporaportuguesa.org\/en\/wp-json\/wp\/v2\/media\/25070"}],"wp:attachment":[{"href":"https:\/\/www.diasporaportuguesa.org\/en\/wp-json\/wp\/v2\/media?parent=25069"}],"wp:term":[{"taxonomy":"grupo","embeddable":true,"href":"https:\/\/www.diasporaportuguesa.org\/en\/wp-json\/wp\/v2\/grupo?post=25069"}],"curies":[{"name":"wp","href":"https:\/\/api.w.org\/{rel}","templated":true}]}}

<p>Carlos Costa Andrade has been a partner at Uría Menéndez since 2005, focusing his practice on Capital Markets, Mergers and Acquisitions, and Corporate Governance.</p>



<p>Prior to joining Uría Menéndez, he began his career at Palma Carlos &amp; Associados and went on to lead the legal division of the Issuers, Offerings, and Markets Department at the Lisbon Stock Exchange.</p>



<p>He is a regular contributor to expert forums on the Portuguese capital markets, promoted by institutions such as the Bank of Portugal, the Portuguese Securities Market Commission (CMVM), Euronext Lisbon – Sociedade Gestora de Mercados Regulamentados, S.A., and the Portuguese Institute for Corporate Governance.</p>



<p>His expertise also extends internationally. He served as a member of the Fixed Income and Equities Committee of BM&amp;F Bovespa (Brazil) and played a key role in coordinating the legislative reform that enabled the introduction of Structured Operations Certificates, in close collaboration with the Central Bank of Brazil, the Brazilian Securities Commission (CVM), and BM&amp;F Bovespa.</p>



<p>Carlos Costa Andrade has been Portugal&#8217;s World Advisor since june 2025.</p>

<!-- This site is optimized with the Yoast SEO plugin v21.3 - https://yoast.com/wordpress/plugins/seo/ -->
<title>Carlos Costa Andrade - Conselho da Diáspora Portuguesa</title>
<meta name="robots" content="index, follow, max-snippet:-1, max-image-preview:large, max-video-preview:-1" />
<link rel="canonical" href="https://www.diasporaportuguesa.org/en/profile/carlos-costa-andrade/" />
<meta property="og:locale" content="en_US" />
<meta property="og:type" content="article" />
<meta property="og:title" content="Carlos Costa Andrade - Conselho da Diáspora Portuguesa" />
<meta property="og:description" content="Carlos Costa Andrade has been a partner at Uría Menéndez since 2005, focusing his practice on Capital Markets, Mergers and Acquisitions, and Corporate Governance. Prior to joining Uría Menéndez, he began his career at Palma Carlos &amp; Associados and went on to lead the legal division of the Issuers, Offerings, and Markets Department at the..." />
<meta property="og:url" content="https://www.diasporaportuguesa.org/en/profile/carlos-costa-andrade/" />
<meta property="og:site_name" content="Conselho da Diáspora Portuguesa" />
<meta property="article:modified_time" content="2025-06-27T15:17:42+00:00" />
<meta property="og:image" content="https://www.diasporaportuguesa.org/wp-content/uploads/2025/06/CAC.png" />
	<meta property="og:image:width" content="624" />
	<meta property="og:image:height" content="780" />
	<meta property="og:image:type" content="image/png" />
<meta name="twitter:card" content="summary_large_image" />
<meta name="twitter:site" content="@CdDiaspora" />
<meta name="twitter:label1" content="Est. reading time" />
	<meta name="twitter:data1" content="1 minute" />
<script type="application/ld+json" class="yoast-schema-graph">{"@context":"https://schema.org","@graph":[{"@type":"WebPage","@id":"https://www.diasporaportuguesa.org/en/profile/carlos-costa-andrade/","url":"https://www.diasporaportuguesa.org/en/profile/carlos-costa-andrade/","name":"Carlos Costa Andrade - Conselho da Diáspora Portuguesa","isPartOf":{"@id":"https://www.diasporaportuguesa.org/#website"},"datePublished":"2025-06-27T15:17:40+00:00","dateModified":"2025-06-27T15:17:42+00:00","breadcrumb":{"@id":"https://www.diasporaportuguesa.org/en/profile/carlos-costa-andrade/#breadcrumb"},"inLanguage":"en-US","potentialAction":[{"@type":"ReadAction","target":["https://www.diasporaportuguesa.org/en/profile/carlos-costa-andrade/"]}]},{"@type":"BreadcrumbList","@id":"https://www.diasporaportuguesa.org/en/profile/carlos-costa-andrade/#breadcrumb","itemListElement":[{"@type":"ListItem","position":1,"name":"Início","item":"https://www.diasporaportuguesa.org/en/"},{"@type":"ListItem","position":2,"name":"Carlos Costa Andrade"}]},{"@type":"WebSite","@id":"https://www.diasporaportuguesa.org/#website","url":"https://www.diasporaportuguesa.org/","name":"Conselho da Diáspora Portuguesa","description":"Conselho da Diáspora Portuguesa","publisher":{"@id":"https://www.diasporaportuguesa.org/#organization"},"potentialAction":[{"@type":"SearchAction","target":{"@type":"EntryPoint","urlTemplate":"https://www.diasporaportuguesa.org/?s={search_term_string}"},"query-input":"required name=search_term_string"}],"inLanguage":"en-US"},{"@type":"Organization","@id":"https://www.diasporaportuguesa.org/#organization","name":"Conselho da Diáspora Portuguesa","url":"https://www.diasporaportuguesa.org/","logo":{"@type":"ImageObject","inLanguage":"en-US","@id":"https://www.diasporaportuguesa.org/#/schema/logo/image/","url":"https://www.diasporaportuguesa.org/wp-content/uploads/2022/11/conselho-diaspora-portuguesa.png","contentUrl":"https://www.diasporaportuguesa.org/wp-content/uploads/2022/11/conselho-diaspora-portuguesa.png","width":735,"height":216,"caption":"Conselho da Diáspora Portuguesa"},"image":{"@id":"https://www.diasporaportuguesa.org/#/schema/logo/image/"},"sameAs":["https://twitter.com/CdDiaspora","https://www.linkedin.com/company/conselho-da-diaspora-portuguesa/","https://www.youtube.com/channel/UCEI8qERhtqzV1UgdITBo6rw/videos"]}]}</script>
<!-- / Yoast SEO plugin. -->

Carlos Costa Andrade - Conselho da Diáspora Portuguesa

Carlos Costa Andrade has been a partner at Uría Menéndez since 2005, focusing his practice on Capital Markets, Mergers and Acquisitions, and Corporate Governance. Prior to joining Uría Menéndez, he began his career at Palma Carlos &amp; Associados and went on to lead the legal division of the Issuers, Offerings, and Markets Department at the...

Conselho da Diáspora Portuguesa

Início
