{"id":25729,"date":"2025-11-24T10:06:59","date_gmt":"2025-11-24T10:06:59","guid":{"rendered":"https:\/\/www.diasporaportuguesa.org\/?post_type=perfis&#038;p=25729"},"modified":"2026-02-24T11:36:17","modified_gmt":"2026-02-24T11:36:17","slug":"andre-patrao","status":"publish","type":"perfis","link":"https:\/\/www.diasporaportuguesa.org\/en\/profile\/andre-patrao\/","title":{"rendered":"Andr\u00e9 Patr\u00e3o"},"content":{"rendered":"\n<p>Andr\u00e9 Patr\u00e3o is Assistant Professor of History and Theory of the Built Environment in the Department of Art History at Emory University.<\/p>\n\n\n\n<p>His research has primarily focused on significant moments of exchange between architects and philosophers from the early 20th century to today. Studying the contexts that enabled these interactions, the intellectual ruptures they triggered, the methodological processes that brought them about, and ultimately their effects upon both disciplines, his investigations have shown the consequential ways in which architecture and philosophy have shaped one another. His most recent work tackles contemporary issues of the built environment more broadly understood, within a framework that combines ethics, aesthetics, and political philosophy.<br><br>Prior to joining Emory in Spring 2025, Andr\u00e9 taught at ETH Z\u00fcrich, Yale University and at the \u00c9cole Polytechnique F\u00e9d\u00e9rale de Lausanne (EPFL). He is part of the Editorial Board of Kh\u014drein: Journal for Architecture and Philosophy, and a collaborator with the International Society for the Philosophy of Architecture. His work has been published in academic journals and other outlets such as Architecture Philosophy, Architecture and Culture, ARENA Journal of Architectural Research, Drawing Matter, Lingua, Kh\u014drein, and Log.<\/p>\n\n\n\n<p>Andr\u00e9 Patr\u00e3o has been a Young Advisor at the Portuguese Diaspora Council since July 2024.<\/p>\n","protected":false},"author":17,"featured_media":26804,"template":"","meta":[],"grupo":[329],"acf":[],"yoast_head":"<!-- This site is optimized with the Yoast SEO plugin v21.3 - https:\/\/yoast.com\/wordpress\/plugins\/seo\/ -->\n<title>Andr\u00e9 Patr\u00e3o - Conselho da Di\u00e1spora Portuguesa<\/title>\n<meta name=\"robots\" content=\"index, follow, max-snippet:-1, max-image-preview:large, max-video-preview:-1\" \/>\n<link rel=\"canonical\" href=\"https:\/\/www.diasporaportuguesa.org\/en\/profile\/andre-patrao\/\" \/>\n<meta property=\"og:locale\" content=\"en_US\" \/>\n<meta property=\"og:type\" content=\"article\" \/>\n<meta property=\"og:title\" content=\"Andr\u00e9 Patr\u00e3o - Conselho da Di\u00e1spora Portuguesa\" \/>\n<meta property=\"og:description\" content=\"Andr\u00e9 Patr\u00e3o is Assistant Professor of History and Theory of the Built Environment in the Department of Art History at Emory University. His research has primarily focused on significant moments of exchange between architects and philosophers from the early 20th century to today. Studying the contexts that enabled these interactions, the intellectual ruptures they triggered,...\" \/>\n<meta property=\"og:url\" content=\"https:\/\/www.diasporaportuguesa.org\/en\/profile\/andre-patrao\/\" \/>\n<meta property=\"og:site_name\" content=\"Conselho da Di\u00e1spora Portuguesa\" \/>\n<meta property=\"article:modified_time\" content=\"2026-02-24T11:36:17+00:00\" \/>\n<meta property=\"og:image\" content=\"https:\/\/www.diasporaportuguesa.org\/wp-content\/uploads\/2024\/09\/1764027424579.jpeg\" \/>\n\t<meta property=\"og:image:width\" content=\"800\" \/>\n\t<meta property=\"og:image:height\" content=\"800\" \/>\n\t<meta property=\"og:image:type\" content=\"image\/jpeg\" \/>\n<meta name=\"twitter:card\" content=\"summary_large_image\" \/>\n<meta name=\"twitter:site\" content=\"@CdDiaspora\" \/>\n<meta name=\"twitter:label1\" content=\"Est. reading time\" \/>\n\t<meta name=\"twitter:data1\" content=\"2 minutes\" \/>\n<script type=\"application\/ld+json\" class=\"yoast-schema-graph\">{\"@context\":\"https:\/\/schema.org\",\"@graph\":[{\"@type\":\"WebPage\",\"@id\":\"https:\/\/www.diasporaportuguesa.org\/en\/profile\/andre-patrao\/\",\"url\":\"https:\/\/www.diasporaportuguesa.org\/en\/profile\/andre-patrao\/\",\"name\":\"Andr\u00e9 Patr\u00e3o - Conselho da Di\u00e1spora Portuguesa\",\"isPartOf\":{\"@id\":\"https:\/\/www.diasporaportuguesa.org\/#website\"},\"datePublished\":\"2025-11-24T10:06:59+00:00\",\"dateModified\":\"2026-02-24T11:36:17+00:00\",\"breadcrumb\":{\"@id\":\"https:\/\/www.diasporaportuguesa.org\/en\/profile\/andre-patrao\/#breadcrumb\"},\"inLanguage\":\"en-US\",\"potentialAction\":[{\"@type\":\"ReadAction\",\"target\":[\"https:\/\/www.diasporaportuguesa.org\/en\/profile\/andre-patrao\/\"]}]},{\"@type\":\"BreadcrumbList\",\"@id\":\"https:\/\/www.diasporaportuguesa.org\/en\/profile\/andre-patrao\/#breadcrumb\",\"itemListElement\":[{\"@type\":\"ListItem\",\"position\":1,\"name\":\"In\u00edcio\",\"item\":\"https:\/\/www.diasporaportuguesa.org\/en\/\"},{\"@type\":\"ListItem\",\"position\":2,\"name\":\"Andr\u00e9 Patr\u00e3o\"}]},{\"@type\":\"WebSite\",\"@id\":\"https:\/\/www.diasporaportuguesa.org\/#website\",\"url\":\"https:\/\/www.diasporaportuguesa.org\/\",\"name\":\"Conselho da Di\u00e1spora Portuguesa\",\"description\":\"Conselho da Di\u00e1spora Portuguesa\",\"publisher\":{\"@id\":\"https:\/\/www.diasporaportuguesa.org\/#organization\"},\"potentialAction\":[{\"@type\":\"SearchAction\",\"target\":{\"@type\":\"EntryPoint\",\"urlTemplate\":\"https:\/\/www.diasporaportuguesa.org\/?s={search_term_string}\"},\"query-input\":\"required name=search_term_string\"}],\"inLanguage\":\"en-US\"},{\"@type\":\"Organization\",\"@id\":\"https:\/\/www.diasporaportuguesa.org\/#organization\",\"name\":\"Conselho da Di\u00e1spora Portuguesa\",\"url\":\"https:\/\/www.diasporaportuguesa.org\/\",\"logo\":{\"@type\":\"ImageObject\",\"inLanguage\":\"en-US\",\"@id\":\"https:\/\/www.diasporaportuguesa.org\/#\/schema\/logo\/image\/\",\"url\":\"https:\/\/www.diasporaportuguesa.org\/wp-content\/uploads\/2022\/11\/conselho-diaspora-portuguesa.png\",\"contentUrl\":\"https:\/\/www.diasporaportuguesa.org\/wp-content\/uploads\/2022\/11\/conselho-diaspora-portuguesa.png\",\"width\":735,\"height\":216,\"caption\":\"Conselho da Di\u00e1spora Portuguesa\"},\"image\":{\"@id\":\"https:\/\/www.diasporaportuguesa.org\/#\/schema\/logo\/image\/\"},\"sameAs\":[\"https:\/\/twitter.com\/CdDiaspora\",\"https:\/\/www.linkedin.com\/company\/conselho-da-diaspora-portuguesa\/\",\"https:\/\/www.youtube.com\/channel\/UCEI8qERhtqzV1UgdITBo6rw\/videos\"]}]}<\/script>\n<!-- \/ Yoast SEO plugin. -->","yoast_head_json":{"title":"Andr\u00e9 Patr\u00e3o - Conselho da Di\u00e1spora Portuguesa","robots":{"index":"index","follow":"follow","max-snippet":"max-snippet:-1","max-image-preview":"max-image-preview:large","max-video-preview":"max-video-preview:-1"},"canonical":"https:\/\/www.diasporaportuguesa.org\/en\/profile\/andre-patrao\/","og_locale":"en_US","og_type":"article","og_title":"Andr\u00e9 Patr\u00e3o - Conselho da Di\u00e1spora Portuguesa","og_description":"Andr\u00e9 Patr\u00e3o is Assistant Professor of History and Theory of the Built Environment in the Department of Art History at Emory University. His research has primarily focused on significant moments of exchange between architects and philosophers from the early 20th century to today. Studying the contexts that enabled these interactions, the intellectual ruptures they triggered,...","og_url":"https:\/\/www.diasporaportuguesa.org\/en\/profile\/andre-patrao\/","og_site_name":"Conselho da Di\u00e1spora Portuguesa","article_modified_time":"2026-02-24T11:36:17+00:00","og_image":[{"width":800,"height":800,"url":"https:\/\/www.diasporaportuguesa.org\/wp-content\/uploads\/2024\/09\/1764027424579.jpeg","type":"image\/jpeg"}],"twitter_card":"summary_large_image","twitter_site":"@CdDiaspora","twitter_misc":{"Est. reading time":"2 minutes"},"schema":{"@context":"https:\/\/schema.org","@graph":[{"@type":"WebPage","@id":"https:\/\/www.diasporaportuguesa.org\/en\/profile\/andre-patrao\/","url":"https:\/\/www.diasporaportuguesa.org\/en\/profile\/andre-patrao\/","name":"Andr\u00e9 Patr\u00e3o - Conselho da Di\u00e1spora Portuguesa","isPartOf":{"@id":"https:\/\/www.diasporaportuguesa.org\/#website"},"datePublished":"2025-11-24T10:06:59+00:00","dateModified":"2026-02-24T11:36:17+00:00","breadcrumb":{"@id":"https:\/\/www.diasporaportuguesa.org\/en\/profile\/andre-patrao\/#breadcrumb"},"inLanguage":"en-US","potentialAction":[{"@type":"ReadAction","target":["https:\/\/www.diasporaportuguesa.org\/en\/profile\/andre-patrao\/"]}]},{"@type":"BreadcrumbList","@id":"https:\/\/www.diasporaportuguesa.org\/en\/profile\/andre-patrao\/#breadcrumb","itemListElement":[{"@type":"ListItem","position":1,"name":"In\u00edcio","item":"https:\/\/www.diasporaportuguesa.org\/en\/"},{"@type":"ListItem","position":2,"name":"Andr\u00e9 Patr\u00e3o"}]},{"@type":"WebSite","@id":"https:\/\/www.diasporaportuguesa.org\/#website","url":"https:\/\/www.diasporaportuguesa.org\/","name":"Conselho da Di\u00e1spora Portuguesa","description":"Conselho da Di\u00e1spora Portuguesa","publisher":{"@id":"https:\/\/www.diasporaportuguesa.org\/#organization"},"potentialAction":[{"@type":"SearchAction","target":{"@type":"EntryPoint","urlTemplate":"https:\/\/www.diasporaportuguesa.org\/?s={search_term_string}"},"query-input":"required name=search_term_string"}],"inLanguage":"en-US"},{"@type":"Organization","@id":"https:\/\/www.diasporaportuguesa.org\/#organization","name":"Conselho da Di\u00e1spora Portuguesa","url":"https:\/\/www.diasporaportuguesa.org\/","logo":{"@type":"ImageObject","inLanguage":"en-US","@id":"https:\/\/www.diasporaportuguesa.org\/#\/schema\/logo\/image\/","url":"https:\/\/www.diasporaportuguesa.org\/wp-content\/uploads\/2022\/11\/conselho-diaspora-portuguesa.png","contentUrl":"https:\/\/www.diasporaportuguesa.org\/wp-content\/uploads\/2022\/11\/conselho-diaspora-portuguesa.png","width":735,"height":216,"caption":"Conselho da Di\u00e1spora Portuguesa"},"image":{"@id":"https:\/\/www.diasporaportuguesa.org\/#\/schema\/logo\/image\/"},"sameAs":["https:\/\/twitter.com\/CdDiaspora","https:\/\/www.linkedin.com\/company\/conselho-da-diaspora-portuguesa\/","https:\/\/www.youtube.com\/channel\/UCEI8qERhtqzV1UgdITBo6rw\/videos"]}]}},"_links":{"self":[{"href":"https:\/\/www.diasporaportuguesa.org\/en\/wp-json\/wp\/v2\/perfis\/25729"}],"collection":[{"href":"https:\/\/www.diasporaportuguesa.org\/en\/wp-json\/wp\/v2\/perfis"}],"about":[{"href":"https:\/\/www.diasporaportuguesa.org\/en\/wp-json\/wp\/v2\/types\/perfis"}],"author":[{"embeddable":true,"href":"https:\/\/www.diasporaportuguesa.org\/en\/wp-json\/wp\/v2\/users\/17"}],"wp:featuredmedia":[{"embeddable":true,"href":"https:\/\/www.diasporaportuguesa.org\/en\/wp-json\/wp\/v2\/media\/26804"}],"wp:attachment":[{"href":"https:\/\/www.diasporaportuguesa.org\/en\/wp-json\/wp\/v2\/media?parent=25729"}],"wp:term":[{"taxonomy":"grupo","embeddable":true,"href":"https:\/\/www.diasporaportuguesa.org\/en\/wp-json\/wp\/v2\/grupo?post=25729"}],"curies":[{"name":"wp","href":"https:\/\/api.w.org\/{rel}","templated":true}]}}

André Patrão

<p>André Patrão is Assistant Professor of History and Theory of the Built Environment in the Department of Art History at Emory University.</p>



<p>His research has primarily focused on significant moments of exchange between architects and philosophers from the early 20th century to today. Studying the contexts that enabled these interactions, the intellectual ruptures they triggered, the methodological processes that brought them about, and ultimately their effects upon both disciplines, his investigations have shown the consequential ways in which architecture and philosophy have shaped one another. His most recent work tackles contemporary issues of the built environment more broadly understood, within a framework that combines ethics, aesthetics, and political philosophy.<br><br>Prior to joining Emory in Spring 2025, André taught at ETH Zürich, Yale University and at the École Polytechnique Fédérale de Lausanne (EPFL). He is part of the Editorial Board of Khōrein: Journal for Architecture and Philosophy, and a collaborator with the International Society for the Philosophy of Architecture. His work has been published in academic journals and other outlets such as Architecture Philosophy, Architecture and Culture, ARENA Journal of Architectural Research, Drawing Matter, Lingua, Khōrein, and Log.</p>



<p>André Patrão has been a Young Advisor at the Portuguese Diaspora Council since July 2024.</p>

<!-- This site is optimized with the Yoast SEO plugin v21.3 - https://yoast.com/wordpress/plugins/seo/ -->
<title>André Patrão - Conselho da Diáspora Portuguesa</title>
<meta name="robots" content="index, follow, max-snippet:-1, max-image-preview:large, max-video-preview:-1" />
<link rel="canonical" href="https://www.diasporaportuguesa.org/en/profile/andre-patrao/" />
<meta property="og:locale" content="en_US" />
<meta property="og:type" content="article" />
<meta property="og:title" content="André Patrão - Conselho da Diáspora Portuguesa" />
<meta property="og:description" content="André Patrão is Assistant Professor of History and Theory of the Built Environment in the Department of Art History at Emory University. His research has primarily focused on significant moments of exchange between architects and philosophers from the early 20th century to today. Studying the contexts that enabled these interactions, the intellectual ruptures they triggered,..." />
<meta property="og:url" content="https://www.diasporaportuguesa.org/en/profile/andre-patrao/" />
<meta property="og:site_name" content="Conselho da Diáspora Portuguesa" />
<meta property="article:modified_time" content="2026-02-24T11:36:17+00:00" />
<meta property="og:image" content="https://www.diasporaportuguesa.org/wp-content/uploads/2024/09/1764027424579.jpeg" />
	<meta property="og:image:width" content="800" />
	<meta property="og:image:height" content="800" />
	<meta property="og:image:type" content="image/jpeg" />
<meta name="twitter:card" content="summary_large_image" />
<meta name="twitter:site" content="@CdDiaspora" />
<meta name="twitter:label1" content="Est. reading time" />
	<meta name="twitter:data1" content="2 minutes" />
<script type="application/ld+json" class="yoast-schema-graph">{"@context":"https://schema.org","@graph":[{"@type":"WebPage","@id":"https://www.diasporaportuguesa.org/en/profile/andre-patrao/","url":"https://www.diasporaportuguesa.org/en/profile/andre-patrao/","name":"André Patrão - Conselho da Diáspora Portuguesa","isPartOf":{"@id":"https://www.diasporaportuguesa.org/#website"},"datePublished":"2025-11-24T10:06:59+00:00","dateModified":"2026-02-24T11:36:17+00:00","breadcrumb":{"@id":"https://www.diasporaportuguesa.org/en/profile/andre-patrao/#breadcrumb"},"inLanguage":"en-US","potentialAction":[{"@type":"ReadAction","target":["https://www.diasporaportuguesa.org/en/profile/andre-patrao/"]}]},{"@type":"BreadcrumbList","@id":"https://www.diasporaportuguesa.org/en/profile/andre-patrao/#breadcrumb","itemListElement":[{"@type":"ListItem","position":1,"name":"Início","item":"https://www.diasporaportuguesa.org/en/"},{"@type":"ListItem","position":2,"name":"André Patrão"}]},{"@type":"WebSite","@id":"https://www.diasporaportuguesa.org/#website","url":"https://www.diasporaportuguesa.org/","name":"Conselho da Diáspora Portuguesa","description":"Conselho da Diáspora Portuguesa","publisher":{"@id":"https://www.diasporaportuguesa.org/#organization"},"potentialAction":[{"@type":"SearchAction","target":{"@type":"EntryPoint","urlTemplate":"https://www.diasporaportuguesa.org/?s={search_term_string}"},"query-input":"required name=search_term_string"}],"inLanguage":"en-US"},{"@type":"Organization","@id":"https://www.diasporaportuguesa.org/#organization","name":"Conselho da Diáspora Portuguesa","url":"https://www.diasporaportuguesa.org/","logo":{"@type":"ImageObject","inLanguage":"en-US","@id":"https://www.diasporaportuguesa.org/#/schema/logo/image/","url":"https://www.diasporaportuguesa.org/wp-content/uploads/2022/11/conselho-diaspora-portuguesa.png","contentUrl":"https://www.diasporaportuguesa.org/wp-content/uploads/2022/11/conselho-diaspora-portuguesa.png","width":735,"height":216,"caption":"Conselho da Diáspora Portuguesa"},"image":{"@id":"https://www.diasporaportuguesa.org/#/schema/logo/image/"},"sameAs":["https://twitter.com/CdDiaspora","https://www.linkedin.com/company/conselho-da-diaspora-portuguesa/","https://www.youtube.com/channel/UCEI8qERhtqzV1UgdITBo6rw/videos"]}]}</script>
<!-- / Yoast SEO plugin. -->

André Patrão - Conselho da Diáspora Portuguesa

André Patrão is Assistant Professor of History and Theory of the Built Environment in the Department of Art History at Emory University. His research has primarily focused on significant moments of exchange between architects and philosophers from the early 20th century to today. Studying the contexts that enabled these interactions, the intellectual ruptures they triggered,...

Conselho da Diáspora Portuguesa

Início
