{"id":25792,"date":"2025-12-15T23:16:18","date_gmt":"2025-12-15T23:16:18","guid":{"rendered":"https:\/\/www.diasporaportuguesa.org\/?post_type=perfis&#038;p=25792"},"modified":"2026-01-05T09:34:28","modified_gmt":"2026-01-05T09:34:28","slug":"fernando-macario","status":"publish","type":"perfis","link":"https:\/\/www.diasporaportuguesa.org\/en\/profile\/fernando-macario\/","title":{"rendered":"Fernando Mac\u00e1rio"},"content":{"rendered":"\n<p>Fernando Mac\u00e1rio is the Chief Medical Officer (CMO) of M42 in Abu Dhabi, where he is a member of the Executive Leadership Team. He leads clinical governance, medical strategy, and the development of value-based and artificial intelligence\u2013driven care models, with impact across multiple geographies. A nephrologist by training, he began his career at the Coimbra University Hospital Centre, where he worked for two decades in the Department of Nephrology and the Renal Transplant Unit.<\/p>\n\n\n\n<p>He served as a Senior Consultant in Nephrology at CHUC and clinically coordinated the Renal Transplant Unit for ten years. He held several scientific leadership roles, including President of the Portuguese Society of Transplantation, of which he is an Honorary Member. He was also a member of the Board of the Nephrology College of the Portuguese Medical Association and a consultant to the Directorate-General of Health. After joining Diaverum, he became National Medical Director, Iberian Medical Director, and later Global Chief Medical Officer, assuming responsibility for clinical governance and digital transformation across 24 countries.<\/p>\n\n\n\n<p>He graduated in Medicine from the University of Coimbra and completed the Managing Health Care Delivery program at Harvard Business School. The author of multiple publications and an organizer of international meetings in nephrology and transplantation, he has actively promoted Portuguese medical excellence abroad and strengthened ties between Portugal, the Middle East, and the global scientific community.<\/p>\n\n\n\n<p>Fernando Mac\u00e1rio has been Portugal\u2019s World Advisor since December 2025.<\/p>\n","protected":false},"author":17,"featured_media":25791,"template":"","meta":[],"grupo":[281],"acf":[],"yoast_head":"<!-- This site is optimized with the Yoast SEO plugin v21.3 - https:\/\/yoast.com\/wordpress\/plugins\/seo\/ -->\n<title>Fernando Mac\u00e1rio - Conselho da Di\u00e1spora Portuguesa<\/title>\n<meta name=\"robots\" content=\"index, follow, max-snippet:-1, max-image-preview:large, max-video-preview:-1\" \/>\n<link rel=\"canonical\" href=\"https:\/\/www.diasporaportuguesa.org\/en\/profile\/fernando-macario\/\" \/>\n<meta property=\"og:locale\" content=\"en_US\" \/>\n<meta property=\"og:type\" content=\"article\" \/>\n<meta property=\"og:title\" content=\"Fernando Mac\u00e1rio - Conselho da Di\u00e1spora Portuguesa\" \/>\n<meta property=\"og:description\" content=\"Fernando Mac\u00e1rio is the Chief Medical Officer (CMO) of M42 in Abu Dhabi, where he is a member of the Executive Leadership Team. He leads clinical governance, medical strategy, and the development of value-based and artificial intelligence\u2013driven care models, with impact across multiple geographies. A nephrologist by training, he began his career at the Coimbra...\" \/>\n<meta property=\"og:url\" content=\"https:\/\/www.diasporaportuguesa.org\/en\/profile\/fernando-macario\/\" \/>\n<meta property=\"og:site_name\" content=\"Conselho da Di\u00e1spora Portuguesa\" \/>\n<meta property=\"article:modified_time\" content=\"2026-01-05T09:34:28+00:00\" \/>\n<meta property=\"og:image\" content=\"https:\/\/www.diasporaportuguesa.org\/wp-content\/uploads\/2025\/12\/C81D217B-8D7C-452F-AFB2-CD698456DC56.jpeg\" \/>\n\t<meta property=\"og:image:width\" content=\"682\" \/>\n\t<meta property=\"og:image:height\" content=\"682\" \/>\n\t<meta property=\"og:image:type\" content=\"image\/jpeg\" \/>\n<meta name=\"twitter:card\" content=\"summary_large_image\" \/>\n<meta name=\"twitter:site\" content=\"@CdDiaspora\" \/>\n<meta name=\"twitter:label1\" content=\"Est. reading time\" \/>\n\t<meta name=\"twitter:data1\" content=\"2 minutes\" \/>\n<script type=\"application\/ld+json\" class=\"yoast-schema-graph\">{\"@context\":\"https:\/\/schema.org\",\"@graph\":[{\"@type\":\"WebPage\",\"@id\":\"https:\/\/www.diasporaportuguesa.org\/en\/profile\/fernando-macario\/\",\"url\":\"https:\/\/www.diasporaportuguesa.org\/en\/profile\/fernando-macario\/\",\"name\":\"Fernando Mac\u00e1rio - Conselho da Di\u00e1spora Portuguesa\",\"isPartOf\":{\"@id\":\"https:\/\/www.diasporaportuguesa.org\/#website\"},\"datePublished\":\"2025-12-15T23:16:18+00:00\",\"dateModified\":\"2026-01-05T09:34:28+00:00\",\"breadcrumb\":{\"@id\":\"https:\/\/www.diasporaportuguesa.org\/en\/profile\/fernando-macario\/#breadcrumb\"},\"inLanguage\":\"en-US\",\"potentialAction\":[{\"@type\":\"ReadAction\",\"target\":[\"https:\/\/www.diasporaportuguesa.org\/en\/profile\/fernando-macario\/\"]}]},{\"@type\":\"BreadcrumbList\",\"@id\":\"https:\/\/www.diasporaportuguesa.org\/en\/profile\/fernando-macario\/#breadcrumb\",\"itemListElement\":[{\"@type\":\"ListItem\",\"position\":1,\"name\":\"In\u00edcio\",\"item\":\"https:\/\/www.diasporaportuguesa.org\/en\/\"},{\"@type\":\"ListItem\",\"position\":2,\"name\":\"Fernando Mac\u00e1rio\"}]},{\"@type\":\"WebSite\",\"@id\":\"https:\/\/www.diasporaportuguesa.org\/#website\",\"url\":\"https:\/\/www.diasporaportuguesa.org\/\",\"name\":\"Conselho da Di\u00e1spora Portuguesa\",\"description\":\"Conselho da Di\u00e1spora Portuguesa\",\"publisher\":{\"@id\":\"https:\/\/www.diasporaportuguesa.org\/#organization\"},\"potentialAction\":[{\"@type\":\"SearchAction\",\"target\":{\"@type\":\"EntryPoint\",\"urlTemplate\":\"https:\/\/www.diasporaportuguesa.org\/?s={search_term_string}\"},\"query-input\":\"required name=search_term_string\"}],\"inLanguage\":\"en-US\"},{\"@type\":\"Organization\",\"@id\":\"https:\/\/www.diasporaportuguesa.org\/#organization\",\"name\":\"Conselho da Di\u00e1spora Portuguesa\",\"url\":\"https:\/\/www.diasporaportuguesa.org\/\",\"logo\":{\"@type\":\"ImageObject\",\"inLanguage\":\"en-US\",\"@id\":\"https:\/\/www.diasporaportuguesa.org\/#\/schema\/logo\/image\/\",\"url\":\"https:\/\/www.diasporaportuguesa.org\/wp-content\/uploads\/2022\/11\/conselho-diaspora-portuguesa.png\",\"contentUrl\":\"https:\/\/www.diasporaportuguesa.org\/wp-content\/uploads\/2022\/11\/conselho-diaspora-portuguesa.png\",\"width\":735,\"height\":216,\"caption\":\"Conselho da Di\u00e1spora Portuguesa\"},\"image\":{\"@id\":\"https:\/\/www.diasporaportuguesa.org\/#\/schema\/logo\/image\/\"},\"sameAs\":[\"https:\/\/twitter.com\/CdDiaspora\",\"https:\/\/www.linkedin.com\/company\/conselho-da-diaspora-portuguesa\/\",\"https:\/\/www.youtube.com\/channel\/UCEI8qERhtqzV1UgdITBo6rw\/videos\"]}]}<\/script>\n<!-- \/ Yoast SEO plugin. -->","yoast_head_json":{"title":"Fernando Mac\u00e1rio - Conselho da Di\u00e1spora Portuguesa","robots":{"index":"index","follow":"follow","max-snippet":"max-snippet:-1","max-image-preview":"max-image-preview:large","max-video-preview":"max-video-preview:-1"},"canonical":"https:\/\/www.diasporaportuguesa.org\/en\/profile\/fernando-macario\/","og_locale":"en_US","og_type":"article","og_title":"Fernando Mac\u00e1rio - Conselho da Di\u00e1spora Portuguesa","og_description":"Fernando Mac\u00e1rio is the Chief Medical Officer (CMO) of M42 in Abu Dhabi, where he is a member of the Executive Leadership Team. He leads clinical governance, medical strategy, and the development of value-based and artificial intelligence\u2013driven care models, with impact across multiple geographies. A nephrologist by training, he began his career at the Coimbra...","og_url":"https:\/\/www.diasporaportuguesa.org\/en\/profile\/fernando-macario\/","og_site_name":"Conselho da Di\u00e1spora Portuguesa","article_modified_time":"2026-01-05T09:34:28+00:00","og_image":[{"width":682,"height":682,"url":"https:\/\/www.diasporaportuguesa.org\/wp-content\/uploads\/2025\/12\/C81D217B-8D7C-452F-AFB2-CD698456DC56.jpeg","type":"image\/jpeg"}],"twitter_card":"summary_large_image","twitter_site":"@CdDiaspora","twitter_misc":{"Est. reading time":"2 minutes"},"schema":{"@context":"https:\/\/schema.org","@graph":[{"@type":"WebPage","@id":"https:\/\/www.diasporaportuguesa.org\/en\/profile\/fernando-macario\/","url":"https:\/\/www.diasporaportuguesa.org\/en\/profile\/fernando-macario\/","name":"Fernando Mac\u00e1rio - Conselho da Di\u00e1spora Portuguesa","isPartOf":{"@id":"https:\/\/www.diasporaportuguesa.org\/#website"},"datePublished":"2025-12-15T23:16:18+00:00","dateModified":"2026-01-05T09:34:28+00:00","breadcrumb":{"@id":"https:\/\/www.diasporaportuguesa.org\/en\/profile\/fernando-macario\/#breadcrumb"},"inLanguage":"en-US","potentialAction":[{"@type":"ReadAction","target":["https:\/\/www.diasporaportuguesa.org\/en\/profile\/fernando-macario\/"]}]},{"@type":"BreadcrumbList","@id":"https:\/\/www.diasporaportuguesa.org\/en\/profile\/fernando-macario\/#breadcrumb","itemListElement":[{"@type":"ListItem","position":1,"name":"In\u00edcio","item":"https:\/\/www.diasporaportuguesa.org\/en\/"},{"@type":"ListItem","position":2,"name":"Fernando Mac\u00e1rio"}]},{"@type":"WebSite","@id":"https:\/\/www.diasporaportuguesa.org\/#website","url":"https:\/\/www.diasporaportuguesa.org\/","name":"Conselho da Di\u00e1spora Portuguesa","description":"Conselho da Di\u00e1spora Portuguesa","publisher":{"@id":"https:\/\/www.diasporaportuguesa.org\/#organization"},"potentialAction":[{"@type":"SearchAction","target":{"@type":"EntryPoint","urlTemplate":"https:\/\/www.diasporaportuguesa.org\/?s={search_term_string}"},"query-input":"required name=search_term_string"}],"inLanguage":"en-US"},{"@type":"Organization","@id":"https:\/\/www.diasporaportuguesa.org\/#organization","name":"Conselho da Di\u00e1spora Portuguesa","url":"https:\/\/www.diasporaportuguesa.org\/","logo":{"@type":"ImageObject","inLanguage":"en-US","@id":"https:\/\/www.diasporaportuguesa.org\/#\/schema\/logo\/image\/","url":"https:\/\/www.diasporaportuguesa.org\/wp-content\/uploads\/2022\/11\/conselho-diaspora-portuguesa.png","contentUrl":"https:\/\/www.diasporaportuguesa.org\/wp-content\/uploads\/2022\/11\/conselho-diaspora-portuguesa.png","width":735,"height":216,"caption":"Conselho da Di\u00e1spora Portuguesa"},"image":{"@id":"https:\/\/www.diasporaportuguesa.org\/#\/schema\/logo\/image\/"},"sameAs":["https:\/\/twitter.com\/CdDiaspora","https:\/\/www.linkedin.com\/company\/conselho-da-diaspora-portuguesa\/","https:\/\/www.youtube.com\/channel\/UCEI8qERhtqzV1UgdITBo6rw\/videos"]}]}},"_links":{"self":[{"href":"https:\/\/www.diasporaportuguesa.org\/en\/wp-json\/wp\/v2\/perfis\/25792"}],"collection":[{"href":"https:\/\/www.diasporaportuguesa.org\/en\/wp-json\/wp\/v2\/perfis"}],"about":[{"href":"https:\/\/www.diasporaportuguesa.org\/en\/wp-json\/wp\/v2\/types\/perfis"}],"author":[{"embeddable":true,"href":"https:\/\/www.diasporaportuguesa.org\/en\/wp-json\/wp\/v2\/users\/17"}],"wp:featuredmedia":[{"embeddable":true,"href":"https:\/\/www.diasporaportuguesa.org\/en\/wp-json\/wp\/v2\/media\/25791"}],"wp:attachment":[{"href":"https:\/\/www.diasporaportuguesa.org\/en\/wp-json\/wp\/v2\/media?parent=25792"}],"wp:term":[{"taxonomy":"grupo","embeddable":true,"href":"https:\/\/www.diasporaportuguesa.org\/en\/wp-json\/wp\/v2\/grupo?post=25792"}],"curies":[{"name":"wp","href":"https:\/\/api.w.org\/{rel}","templated":true}]}}

Fernando Macário

<p>Fernando Macário is the Chief Medical Officer (CMO) of M42 in Abu Dhabi, where he is a member of the Executive Leadership Team. He leads clinical governance, medical strategy, and the development of value-based and artificial intelligence–driven care models, with impact across multiple geographies. A nephrologist by training, he began his career at the Coimbra University Hospital Centre, where he worked for two decades in the Department of Nephrology and the Renal Transplant Unit.</p>



<p>He served as a Senior Consultant in Nephrology at CHUC and clinically coordinated the Renal Transplant Unit for ten years. He held several scientific leadership roles, including President of the Portuguese Society of Transplantation, of which he is an Honorary Member. He was also a member of the Board of the Nephrology College of the Portuguese Medical Association and a consultant to the Directorate-General of Health. After joining Diaverum, he became National Medical Director, Iberian Medical Director, and later Global Chief Medical Officer, assuming responsibility for clinical governance and digital transformation across 24 countries.</p>



<p>He graduated in Medicine from the University of Coimbra and completed the Managing Health Care Delivery program at Harvard Business School. The author of multiple publications and an organizer of international meetings in nephrology and transplantation, he has actively promoted Portuguese medical excellence abroad and strengthened ties between Portugal, the Middle East, and the global scientific community.</p>



<p>Fernando Macário has been Portugal’s World Advisor since December 2025.</p>

<!-- This site is optimized with the Yoast SEO plugin v21.3 - https://yoast.com/wordpress/plugins/seo/ -->
<title>Fernando Macário - Conselho da Diáspora Portuguesa</title>
<meta name="robots" content="index, follow, max-snippet:-1, max-image-preview:large, max-video-preview:-1" />
<link rel="canonical" href="https://www.diasporaportuguesa.org/en/profile/fernando-macario/" />
<meta property="og:locale" content="en_US" />
<meta property="og:type" content="article" />
<meta property="og:title" content="Fernando Macário - Conselho da Diáspora Portuguesa" />
<meta property="og:description" content="Fernando Macário is the Chief Medical Officer (CMO) of M42 in Abu Dhabi, where he is a member of the Executive Leadership Team. He leads clinical governance, medical strategy, and the development of value-based and artificial intelligence–driven care models, with impact across multiple geographies. A nephrologist by training, he began his career at the Coimbra..." />
<meta property="og:url" content="https://www.diasporaportuguesa.org/en/profile/fernando-macario/" />
<meta property="og:site_name" content="Conselho da Diáspora Portuguesa" />
<meta property="article:modified_time" content="2026-01-05T09:34:28+00:00" />
<meta property="og:image" content="https://www.diasporaportuguesa.org/wp-content/uploads/2025/12/C81D217B-8D7C-452F-AFB2-CD698456DC56.jpeg" />
	<meta property="og:image:width" content="682" />
	<meta property="og:image:height" content="682" />
	<meta property="og:image:type" content="image/jpeg" />
<meta name="twitter:card" content="summary_large_image" />
<meta name="twitter:site" content="@CdDiaspora" />
<meta name="twitter:label1" content="Est. reading time" />
	<meta name="twitter:data1" content="2 minutes" />
<script type="application/ld+json" class="yoast-schema-graph">{"@context":"https://schema.org","@graph":[{"@type":"WebPage","@id":"https://www.diasporaportuguesa.org/en/profile/fernando-macario/","url":"https://www.diasporaportuguesa.org/en/profile/fernando-macario/","name":"Fernando Macário - Conselho da Diáspora Portuguesa","isPartOf":{"@id":"https://www.diasporaportuguesa.org/#website"},"datePublished":"2025-12-15T23:16:18+00:00","dateModified":"2026-01-05T09:34:28+00:00","breadcrumb":{"@id":"https://www.diasporaportuguesa.org/en/profile/fernando-macario/#breadcrumb"},"inLanguage":"en-US","potentialAction":[{"@type":"ReadAction","target":["https://www.diasporaportuguesa.org/en/profile/fernando-macario/"]}]},{"@type":"BreadcrumbList","@id":"https://www.diasporaportuguesa.org/en/profile/fernando-macario/#breadcrumb","itemListElement":[{"@type":"ListItem","position":1,"name":"Início","item":"https://www.diasporaportuguesa.org/en/"},{"@type":"ListItem","position":2,"name":"Fernando Macário"}]},{"@type":"WebSite","@id":"https://www.diasporaportuguesa.org/#website","url":"https://www.diasporaportuguesa.org/","name":"Conselho da Diáspora Portuguesa","description":"Conselho da Diáspora Portuguesa","publisher":{"@id":"https://www.diasporaportuguesa.org/#organization"},"potentialAction":[{"@type":"SearchAction","target":{"@type":"EntryPoint","urlTemplate":"https://www.diasporaportuguesa.org/?s={search_term_string}"},"query-input":"required name=search_term_string"}],"inLanguage":"en-US"},{"@type":"Organization","@id":"https://www.diasporaportuguesa.org/#organization","name":"Conselho da Diáspora Portuguesa","url":"https://www.diasporaportuguesa.org/","logo":{"@type":"ImageObject","inLanguage":"en-US","@id":"https://www.diasporaportuguesa.org/#/schema/logo/image/","url":"https://www.diasporaportuguesa.org/wp-content/uploads/2022/11/conselho-diaspora-portuguesa.png","contentUrl":"https://www.diasporaportuguesa.org/wp-content/uploads/2022/11/conselho-diaspora-portuguesa.png","width":735,"height":216,"caption":"Conselho da Diáspora Portuguesa"},"image":{"@id":"https://www.diasporaportuguesa.org/#/schema/logo/image/"},"sameAs":["https://twitter.com/CdDiaspora","https://www.linkedin.com/company/conselho-da-diaspora-portuguesa/","https://www.youtube.com/channel/UCEI8qERhtqzV1UgdITBo6rw/videos"]}]}</script>
<!-- / Yoast SEO plugin. -->

Fernando Macário - Conselho da Diáspora Portuguesa

Fernando Macário is the Chief Medical Officer (CMO) of M42 in Abu Dhabi, where he is a member of the Executive Leadership Team. He leads clinical governance, medical strategy, and the development of value-based and artificial intelligence–driven care models, with impact across multiple geographies. A nephrologist by training, he began his career at the Coimbra...

Conselho da Diáspora Portuguesa

Início
