{"id":25806,"date":"2025-12-15T23:46:09","date_gmt":"2025-12-15T23:46:09","guid":{"rendered":"https:\/\/www.diasporaportuguesa.org\/?post_type=perfis&#038;p=25806"},"modified":"2025-12-15T23:46:11","modified_gmt":"2025-12-15T23:46:11","slug":"jose-lupi","status":"publish","type":"perfis","link":"https:\/\/www.diasporaportuguesa.org\/en\/profile\/jose-lupi\/","title":{"rendered":"Jos\u00e9 Lupi"},"content":{"rendered":"\n<p>Jos\u00e9 Lupi is a partner at Lupi &amp; Associados, with over a decade of experience in mergers and acquisitions across the financial, energy, resources, and infrastructure sectors, operating between China, Latin America, and Africa. He is a licensed lawyer in Macau, Brazil, and Portugal, and is recognized by directories such as Chambers and Partners, Legal 500, IFLR1000, and Asialaw.<\/p>\n\n\n\n<p>He serves as an arbitrator in institutions across China, Macau, and Japan and is a member of several professional organizations, including the Federation of Portuguese-speaking Lawyers. He was previously an international partner at King &amp; Wood Mallesons in Beijing, advising on major transactions between China and Lusophone countries, and has held legal roles in Brazil, Angola, Macau, Hong Kong, Portugal, and Spain.<\/p>\n\n\n\n<p>Jos\u00e9 holds a PhD in International Law from the University of Political Science and Law in China, a Master\u2019s in International Management from Chongqing University, and a Law degree from the University of Lisbon. He is fluent in Mandarin, Portuguese, Spanish, English, and Italian.<\/p>\n\n\n\n<p>Jos\u00e9 Lupi has been Portugal\u2019s World Advisor since December 2025.<\/p>\n","protected":false},"author":17,"featured_media":25810,"template":"","meta":[],"grupo":[281],"acf":[],"yoast_head":"<!-- This site is optimized with the Yoast SEO plugin v21.3 - https:\/\/yoast.com\/wordpress\/plugins\/seo\/ -->\n<title>Jos\u00e9 Lupi - Conselho da Di\u00e1spora Portuguesa<\/title>\n<meta name=\"robots\" content=\"index, follow, max-snippet:-1, max-image-preview:large, max-video-preview:-1\" \/>\n<link rel=\"canonical\" href=\"https:\/\/www.diasporaportuguesa.org\/en\/profile\/jose-lupi\/\" \/>\n<meta property=\"og:locale\" content=\"en_US\" \/>\n<meta property=\"og:type\" content=\"article\" \/>\n<meta property=\"og:title\" content=\"Jos\u00e9 Lupi - Conselho da Di\u00e1spora Portuguesa\" \/>\n<meta property=\"og:description\" content=\"Jos\u00e9 Lupi is a partner at Lupi &amp; Associados, with over a decade of experience in mergers and acquisitions across the financial, energy, resources, and infrastructure sectors, operating between China, Latin America, and Africa. He is a licensed lawyer in Macau, Brazil, and Portugal, and is recognized by directories such as Chambers and Partners, Legal...\" \/>\n<meta property=\"og:url\" content=\"https:\/\/www.diasporaportuguesa.org\/en\/profile\/jose-lupi\/\" \/>\n<meta property=\"og:site_name\" content=\"Conselho da Di\u00e1spora Portuguesa\" \/>\n<meta property=\"article:modified_time\" content=\"2025-12-15T23:46:11+00:00\" \/>\n<meta property=\"og:image\" content=\"https:\/\/www.diasporaportuguesa.org\/wp-content\/uploads\/2025\/12\/Jose_Lupi-1920x1920.jpg\" \/>\n\t<meta property=\"og:image:width\" content=\"1920\" \/>\n\t<meta property=\"og:image:height\" content=\"1920\" \/>\n\t<meta property=\"og:image:type\" content=\"image\/jpeg\" \/>\n<meta name=\"twitter:card\" content=\"summary_large_image\" \/>\n<meta name=\"twitter:site\" content=\"@CdDiaspora\" \/>\n<meta name=\"twitter:label1\" content=\"Est. reading time\" \/>\n\t<meta name=\"twitter:data1\" content=\"1 minute\" \/>\n<script type=\"application\/ld+json\" class=\"yoast-schema-graph\">{\"@context\":\"https:\/\/schema.org\",\"@graph\":[{\"@type\":\"WebPage\",\"@id\":\"https:\/\/www.diasporaportuguesa.org\/en\/profile\/jose-lupi\/\",\"url\":\"https:\/\/www.diasporaportuguesa.org\/en\/profile\/jose-lupi\/\",\"name\":\"Jos\u00e9 Lupi - Conselho da Di\u00e1spora Portuguesa\",\"isPartOf\":{\"@id\":\"https:\/\/www.diasporaportuguesa.org\/#website\"},\"datePublished\":\"2025-12-15T23:46:09+00:00\",\"dateModified\":\"2025-12-15T23:46:11+00:00\",\"breadcrumb\":{\"@id\":\"https:\/\/www.diasporaportuguesa.org\/en\/profile\/jose-lupi\/#breadcrumb\"},\"inLanguage\":\"en-US\",\"potentialAction\":[{\"@type\":\"ReadAction\",\"target\":[\"https:\/\/www.diasporaportuguesa.org\/en\/profile\/jose-lupi\/\"]}]},{\"@type\":\"BreadcrumbList\",\"@id\":\"https:\/\/www.diasporaportuguesa.org\/en\/profile\/jose-lupi\/#breadcrumb\",\"itemListElement\":[{\"@type\":\"ListItem\",\"position\":1,\"name\":\"In\u00edcio\",\"item\":\"https:\/\/www.diasporaportuguesa.org\/en\/\"},{\"@type\":\"ListItem\",\"position\":2,\"name\":\"Jos\u00e9 Lupi\"}]},{\"@type\":\"WebSite\",\"@id\":\"https:\/\/www.diasporaportuguesa.org\/#website\",\"url\":\"https:\/\/www.diasporaportuguesa.org\/\",\"name\":\"Conselho da Di\u00e1spora Portuguesa\",\"description\":\"Conselho da Di\u00e1spora Portuguesa\",\"publisher\":{\"@id\":\"https:\/\/www.diasporaportuguesa.org\/#organization\"},\"potentialAction\":[{\"@type\":\"SearchAction\",\"target\":{\"@type\":\"EntryPoint\",\"urlTemplate\":\"https:\/\/www.diasporaportuguesa.org\/?s={search_term_string}\"},\"query-input\":\"required name=search_term_string\"}],\"inLanguage\":\"en-US\"},{\"@type\":\"Organization\",\"@id\":\"https:\/\/www.diasporaportuguesa.org\/#organization\",\"name\":\"Conselho da Di\u00e1spora Portuguesa\",\"url\":\"https:\/\/www.diasporaportuguesa.org\/\",\"logo\":{\"@type\":\"ImageObject\",\"inLanguage\":\"en-US\",\"@id\":\"https:\/\/www.diasporaportuguesa.org\/#\/schema\/logo\/image\/\",\"url\":\"https:\/\/www.diasporaportuguesa.org\/wp-content\/uploads\/2022\/11\/conselho-diaspora-portuguesa.png\",\"contentUrl\":\"https:\/\/www.diasporaportuguesa.org\/wp-content\/uploads\/2022\/11\/conselho-diaspora-portuguesa.png\",\"width\":735,\"height\":216,\"caption\":\"Conselho da Di\u00e1spora Portuguesa\"},\"image\":{\"@id\":\"https:\/\/www.diasporaportuguesa.org\/#\/schema\/logo\/image\/\"},\"sameAs\":[\"https:\/\/twitter.com\/CdDiaspora\",\"https:\/\/www.linkedin.com\/company\/conselho-da-diaspora-portuguesa\/\",\"https:\/\/www.youtube.com\/channel\/UCEI8qERhtqzV1UgdITBo6rw\/videos\"]}]}<\/script>\n<!-- \/ Yoast SEO plugin. -->","yoast_head_json":{"title":"Jos\u00e9 Lupi - Conselho da Di\u00e1spora Portuguesa","robots":{"index":"index","follow":"follow","max-snippet":"max-snippet:-1","max-image-preview":"max-image-preview:large","max-video-preview":"max-video-preview:-1"},"canonical":"https:\/\/www.diasporaportuguesa.org\/en\/profile\/jose-lupi\/","og_locale":"en_US","og_type":"article","og_title":"Jos\u00e9 Lupi - Conselho da Di\u00e1spora Portuguesa","og_description":"Jos\u00e9 Lupi is a partner at Lupi &amp; Associados, with over a decade of experience in mergers and acquisitions across the financial, energy, resources, and infrastructure sectors, operating between China, Latin America, and Africa. He is a licensed lawyer in Macau, Brazil, and Portugal, and is recognized by directories such as Chambers and Partners, Legal...","og_url":"https:\/\/www.diasporaportuguesa.org\/en\/profile\/jose-lupi\/","og_site_name":"Conselho da Di\u00e1spora Portuguesa","article_modified_time":"2025-12-15T23:46:11+00:00","og_image":[{"width":1920,"height":1920,"url":"https:\/\/www.diasporaportuguesa.org\/wp-content\/uploads\/2025\/12\/Jose_Lupi-1920x1920.jpg","type":"image\/jpeg"}],"twitter_card":"summary_large_image","twitter_site":"@CdDiaspora","twitter_misc":{"Est. reading time":"1 minute"},"schema":{"@context":"https:\/\/schema.org","@graph":[{"@type":"WebPage","@id":"https:\/\/www.diasporaportuguesa.org\/en\/profile\/jose-lupi\/","url":"https:\/\/www.diasporaportuguesa.org\/en\/profile\/jose-lupi\/","name":"Jos\u00e9 Lupi - Conselho da Di\u00e1spora Portuguesa","isPartOf":{"@id":"https:\/\/www.diasporaportuguesa.org\/#website"},"datePublished":"2025-12-15T23:46:09+00:00","dateModified":"2025-12-15T23:46:11+00:00","breadcrumb":{"@id":"https:\/\/www.diasporaportuguesa.org\/en\/profile\/jose-lupi\/#breadcrumb"},"inLanguage":"en-US","potentialAction":[{"@type":"ReadAction","target":["https:\/\/www.diasporaportuguesa.org\/en\/profile\/jose-lupi\/"]}]},{"@type":"BreadcrumbList","@id":"https:\/\/www.diasporaportuguesa.org\/en\/profile\/jose-lupi\/#breadcrumb","itemListElement":[{"@type":"ListItem","position":1,"name":"In\u00edcio","item":"https:\/\/www.diasporaportuguesa.org\/en\/"},{"@type":"ListItem","position":2,"name":"Jos\u00e9 Lupi"}]},{"@type":"WebSite","@id":"https:\/\/www.diasporaportuguesa.org\/#website","url":"https:\/\/www.diasporaportuguesa.org\/","name":"Conselho da Di\u00e1spora Portuguesa","description":"Conselho da Di\u00e1spora Portuguesa","publisher":{"@id":"https:\/\/www.diasporaportuguesa.org\/#organization"},"potentialAction":[{"@type":"SearchAction","target":{"@type":"EntryPoint","urlTemplate":"https:\/\/www.diasporaportuguesa.org\/?s={search_term_string}"},"query-input":"required name=search_term_string"}],"inLanguage":"en-US"},{"@type":"Organization","@id":"https:\/\/www.diasporaportuguesa.org\/#organization","name":"Conselho da Di\u00e1spora Portuguesa","url":"https:\/\/www.diasporaportuguesa.org\/","logo":{"@type":"ImageObject","inLanguage":"en-US","@id":"https:\/\/www.diasporaportuguesa.org\/#\/schema\/logo\/image\/","url":"https:\/\/www.diasporaportuguesa.org\/wp-content\/uploads\/2022\/11\/conselho-diaspora-portuguesa.png","contentUrl":"https:\/\/www.diasporaportuguesa.org\/wp-content\/uploads\/2022\/11\/conselho-diaspora-portuguesa.png","width":735,"height":216,"caption":"Conselho da Di\u00e1spora Portuguesa"},"image":{"@id":"https:\/\/www.diasporaportuguesa.org\/#\/schema\/logo\/image\/"},"sameAs":["https:\/\/twitter.com\/CdDiaspora","https:\/\/www.linkedin.com\/company\/conselho-da-diaspora-portuguesa\/","https:\/\/www.youtube.com\/channel\/UCEI8qERhtqzV1UgdITBo6rw\/videos"]}]}},"_links":{"self":[{"href":"https:\/\/www.diasporaportuguesa.org\/en\/wp-json\/wp\/v2\/perfis\/25806"}],"collection":[{"href":"https:\/\/www.diasporaportuguesa.org\/en\/wp-json\/wp\/v2\/perfis"}],"about":[{"href":"https:\/\/www.diasporaportuguesa.org\/en\/wp-json\/wp\/v2\/types\/perfis"}],"author":[{"embeddable":true,"href":"https:\/\/www.diasporaportuguesa.org\/en\/wp-json\/wp\/v2\/users\/17"}],"wp:featuredmedia":[{"embeddable":true,"href":"https:\/\/www.diasporaportuguesa.org\/en\/wp-json\/wp\/v2\/media\/25810"}],"wp:attachment":[{"href":"https:\/\/www.diasporaportuguesa.org\/en\/wp-json\/wp\/v2\/media?parent=25806"}],"wp:term":[{"taxonomy":"grupo","embeddable":true,"href":"https:\/\/www.diasporaportuguesa.org\/en\/wp-json\/wp\/v2\/grupo?post=25806"}],"curies":[{"name":"wp","href":"https:\/\/api.w.org\/{rel}","templated":true}]}}

José Lupi

<p>José Lupi is a partner at Lupi &amp; Associados, with over a decade of experience in mergers and acquisitions across the financial, energy, resources, and infrastructure sectors, operating between China, Latin America, and Africa. He is a licensed lawyer in Macau, Brazil, and Portugal, and is recognized by directories such as Chambers and Partners, Legal 500, IFLR1000, and Asialaw.</p>



<p>He serves as an arbitrator in institutions across China, Macau, and Japan and is a member of several professional organizations, including the Federation of Portuguese-speaking Lawyers. He was previously an international partner at King &amp; Wood Mallesons in Beijing, advising on major transactions between China and Lusophone countries, and has held legal roles in Brazil, Angola, Macau, Hong Kong, Portugal, and Spain.</p>



<p>José holds a PhD in International Law from the University of Political Science and Law in China, a Master’s in International Management from Chongqing University, and a Law degree from the University of Lisbon. He is fluent in Mandarin, Portuguese, Spanish, English, and Italian.</p>



<p>José Lupi has been Portugal’s World Advisor since December 2025.</p>

<!-- This site is optimized with the Yoast SEO plugin v21.3 - https://yoast.com/wordpress/plugins/seo/ -->
<title>José Lupi - Conselho da Diáspora Portuguesa</title>
<meta name="robots" content="index, follow, max-snippet:-1, max-image-preview:large, max-video-preview:-1" />
<link rel="canonical" href="https://www.diasporaportuguesa.org/en/profile/jose-lupi/" />
<meta property="og:locale" content="en_US" />
<meta property="og:type" content="article" />
<meta property="og:title" content="José Lupi - Conselho da Diáspora Portuguesa" />
<meta property="og:description" content="José Lupi is a partner at Lupi &amp; Associados, with over a decade of experience in mergers and acquisitions across the financial, energy, resources, and infrastructure sectors, operating between China, Latin America, and Africa. He is a licensed lawyer in Macau, Brazil, and Portugal, and is recognized by directories such as Chambers and Partners, Legal..." />
<meta property="og:url" content="https://www.diasporaportuguesa.org/en/profile/jose-lupi/" />
<meta property="og:site_name" content="Conselho da Diáspora Portuguesa" />
<meta property="article:modified_time" content="2025-12-15T23:46:11+00:00" />
<meta property="og:image" content="https://www.diasporaportuguesa.org/wp-content/uploads/2025/12/Jose_Lupi-1920x1920.jpg" />
	<meta property="og:image:width" content="1920" />
	<meta property="og:image:height" content="1920" />
	<meta property="og:image:type" content="image/jpeg" />
<meta name="twitter:card" content="summary_large_image" />
<meta name="twitter:site" content="@CdDiaspora" />
<meta name="twitter:label1" content="Est. reading time" />
	<meta name="twitter:data1" content="1 minute" />
<script type="application/ld+json" class="yoast-schema-graph">{"@context":"https://schema.org","@graph":[{"@type":"WebPage","@id":"https://www.diasporaportuguesa.org/en/profile/jose-lupi/","url":"https://www.diasporaportuguesa.org/en/profile/jose-lupi/","name":"José Lupi - Conselho da Diáspora Portuguesa","isPartOf":{"@id":"https://www.diasporaportuguesa.org/#website"},"datePublished":"2025-12-15T23:46:09+00:00","dateModified":"2025-12-15T23:46:11+00:00","breadcrumb":{"@id":"https://www.diasporaportuguesa.org/en/profile/jose-lupi/#breadcrumb"},"inLanguage":"en-US","potentialAction":[{"@type":"ReadAction","target":["https://www.diasporaportuguesa.org/en/profile/jose-lupi/"]}]},{"@type":"BreadcrumbList","@id":"https://www.diasporaportuguesa.org/en/profile/jose-lupi/#breadcrumb","itemListElement":[{"@type":"ListItem","position":1,"name":"Início","item":"https://www.diasporaportuguesa.org/en/"},{"@type":"ListItem","position":2,"name":"José Lupi"}]},{"@type":"WebSite","@id":"https://www.diasporaportuguesa.org/#website","url":"https://www.diasporaportuguesa.org/","name":"Conselho da Diáspora Portuguesa","description":"Conselho da Diáspora Portuguesa","publisher":{"@id":"https://www.diasporaportuguesa.org/#organization"},"potentialAction":[{"@type":"SearchAction","target":{"@type":"EntryPoint","urlTemplate":"https://www.diasporaportuguesa.org/?s={search_term_string}"},"query-input":"required name=search_term_string"}],"inLanguage":"en-US"},{"@type":"Organization","@id":"https://www.diasporaportuguesa.org/#organization","name":"Conselho da Diáspora Portuguesa","url":"https://www.diasporaportuguesa.org/","logo":{"@type":"ImageObject","inLanguage":"en-US","@id":"https://www.diasporaportuguesa.org/#/schema/logo/image/","url":"https://www.diasporaportuguesa.org/wp-content/uploads/2022/11/conselho-diaspora-portuguesa.png","contentUrl":"https://www.diasporaportuguesa.org/wp-content/uploads/2022/11/conselho-diaspora-portuguesa.png","width":735,"height":216,"caption":"Conselho da Diáspora Portuguesa"},"image":{"@id":"https://www.diasporaportuguesa.org/#/schema/logo/image/"},"sameAs":["https://twitter.com/CdDiaspora","https://www.linkedin.com/company/conselho-da-diaspora-portuguesa/","https://www.youtube.com/channel/UCEI8qERhtqzV1UgdITBo6rw/videos"]}]}</script>
<!-- / Yoast SEO plugin. -->

José Lupi - Conselho da Diáspora Portuguesa

José Lupi is a partner at Lupi &amp; Associados, with over a decade of experience in mergers and acquisitions across the financial, energy, resources, and infrastructure sectors, operating between China, Latin America, and Africa. He is a licensed lawyer in Macau, Brazil, and Portugal, and is recognized by directories such as Chambers and Partners, Legal...

Conselho da Diáspora Portuguesa

Início
