{"id":25831,"date":"2025-12-16T10:20:57","date_gmt":"2025-12-16T10:20:57","guid":{"rendered":"https:\/\/www.diasporaportuguesa.org\/?post_type=perfis&#038;p=25831"},"modified":"2026-04-09T16:32:07","modified_gmt":"2026-04-09T16:32:07","slug":"maria-marta-geraldes","status":"publish","type":"perfis","link":"https:\/\/www.diasporaportuguesa.org\/en\/profile\/maria-marta-geraldes\/","title":{"rendered":"Maria Marta Geraldes"},"content":{"rendered":"\n<p>Maria Marta Geraldes has been the CFO of the EDP Group for South America since February 2024. She also serves as Chair of the Board of Directors of Enerprev (the EDP Group\u2019s pension fund entity) and of the S\u00e3o Manoel Hydroelectric Power Plant (a partnership between EDP, Eletrobras, and CTG).<\/p>\n\n\n\n<p>She began her career in 2005 at Banif Banco de Investimento in Lisbon. Between 2007 and 2013, she worked in the Finance and M&amp;A teams at EDP. In 2013, Maria Marta joined Galp to lead the Capital Markets area, and from October 2017 to February 2022 she served as Global Director of M&amp;A &amp; Corporate Finance at Galp.<\/p>\n\n\n\n<p>Between 2016 and February 2022, she was a Non-Executive Director of Galp G\u00e1s Natural Distribui\u00e7\u00e3o (now Floene, a partnership with Allianz Capital Partners and Marubeni Corporation), which holds the majority of natural gas distribution concessions in Portugal. In February 2024, she returned to the EDP Group, where she led the Group\u2019s Global External Relations and Stakeholders Directorate until February 2024.<\/p>\n\n\n\n<p>Maria Marta holds a degree in Economics from Cat\u00f3lica Lisbon School of Business &amp; Economics, an MBA with distinction from London Business School, and has completed the Advanced Management Program at Harvard Business School.<\/p>\n\n\n\n<p>Maria Marta Geraldes has been Portugal\u2019s World Advisor since December 2025.<\/p>\n","protected":false},"author":17,"featured_media":25829,"template":"","meta":[],"grupo":[281],"acf":[],"yoast_head":"<!-- This site is optimized with the Yoast SEO plugin v21.3 - https:\/\/yoast.com\/wordpress\/plugins\/seo\/ -->\n<title>Maria Marta Geraldes - Conselho da Di\u00e1spora Portuguesa<\/title>\n<meta name=\"robots\" content=\"index, follow, max-snippet:-1, max-image-preview:large, max-video-preview:-1\" \/>\n<link rel=\"canonical\" href=\"https:\/\/www.diasporaportuguesa.org\/en\/profile\/maria-marta-geraldes\/\" \/>\n<meta property=\"og:locale\" content=\"en_US\" \/>\n<meta property=\"og:type\" content=\"article\" \/>\n<meta property=\"og:title\" content=\"Maria Marta Geraldes - Conselho da Di\u00e1spora Portuguesa\" \/>\n<meta property=\"og:description\" content=\"Maria Marta Geraldes has been the CFO of the EDP Group for South America since February 2024. She also serves as Chair of the Board of Directors of Enerprev (the EDP Group\u2019s pension fund entity) and of the S\u00e3o Manoel Hydroelectric Power Plant (a partnership between EDP, Eletrobras, and CTG). She began her career in...\" \/>\n<meta property=\"og:url\" content=\"https:\/\/www.diasporaportuguesa.org\/en\/profile\/maria-marta-geraldes\/\" \/>\n<meta property=\"og:site_name\" content=\"Conselho da Di\u00e1spora Portuguesa\" \/>\n<meta property=\"article:modified_time\" content=\"2026-04-09T16:32:07+00:00\" \/>\n<meta property=\"og:image\" content=\"https:\/\/www.diasporaportuguesa.org\/wp-content\/uploads\/2025\/12\/CHT_0682-scaled.jpg\" \/>\n\t<meta property=\"og:image:width\" content=\"1703\" \/>\n\t<meta property=\"og:image:height\" content=\"2560\" \/>\n\t<meta property=\"og:image:type\" content=\"image\/jpeg\" \/>\n<meta name=\"twitter:card\" content=\"summary_large_image\" \/>\n<meta name=\"twitter:site\" content=\"@CdDiaspora\" \/>\n<meta name=\"twitter:label1\" content=\"Est. reading time\" \/>\n\t<meta name=\"twitter:data1\" content=\"2 minutes\" \/>\n<script type=\"application\/ld+json\" class=\"yoast-schema-graph\">{\"@context\":\"https:\/\/schema.org\",\"@graph\":[{\"@type\":\"WebPage\",\"@id\":\"https:\/\/www.diasporaportuguesa.org\/en\/profile\/maria-marta-geraldes\/\",\"url\":\"https:\/\/www.diasporaportuguesa.org\/en\/profile\/maria-marta-geraldes\/\",\"name\":\"Maria Marta Geraldes - Conselho da Di\u00e1spora Portuguesa\",\"isPartOf\":{\"@id\":\"https:\/\/www.diasporaportuguesa.org\/#website\"},\"datePublished\":\"2025-12-16T10:20:57+00:00\",\"dateModified\":\"2026-04-09T16:32:07+00:00\",\"breadcrumb\":{\"@id\":\"https:\/\/www.diasporaportuguesa.org\/en\/profile\/maria-marta-geraldes\/#breadcrumb\"},\"inLanguage\":\"en-US\",\"potentialAction\":[{\"@type\":\"ReadAction\",\"target\":[\"https:\/\/www.diasporaportuguesa.org\/en\/profile\/maria-marta-geraldes\/\"]}]},{\"@type\":\"BreadcrumbList\",\"@id\":\"https:\/\/www.diasporaportuguesa.org\/en\/profile\/maria-marta-geraldes\/#breadcrumb\",\"itemListElement\":[{\"@type\":\"ListItem\",\"position\":1,\"name\":\"In\u00edcio\",\"item\":\"https:\/\/www.diasporaportuguesa.org\/en\/\"},{\"@type\":\"ListItem\",\"position\":2,\"name\":\"Maria Marta Geraldes\"}]},{\"@type\":\"WebSite\",\"@id\":\"https:\/\/www.diasporaportuguesa.org\/#website\",\"url\":\"https:\/\/www.diasporaportuguesa.org\/\",\"name\":\"Conselho da Di\u00e1spora Portuguesa\",\"description\":\"Conselho da Di\u00e1spora Portuguesa\",\"publisher\":{\"@id\":\"https:\/\/www.diasporaportuguesa.org\/#organization\"},\"potentialAction\":[{\"@type\":\"SearchAction\",\"target\":{\"@type\":\"EntryPoint\",\"urlTemplate\":\"https:\/\/www.diasporaportuguesa.org\/?s={search_term_string}\"},\"query-input\":\"required name=search_term_string\"}],\"inLanguage\":\"en-US\"},{\"@type\":\"Organization\",\"@id\":\"https:\/\/www.diasporaportuguesa.org\/#organization\",\"name\":\"Conselho da Di\u00e1spora Portuguesa\",\"url\":\"https:\/\/www.diasporaportuguesa.org\/\",\"logo\":{\"@type\":\"ImageObject\",\"inLanguage\":\"en-US\",\"@id\":\"https:\/\/www.diasporaportuguesa.org\/#\/schema\/logo\/image\/\",\"url\":\"https:\/\/www.diasporaportuguesa.org\/wp-content\/uploads\/2022\/11\/conselho-diaspora-portuguesa.png\",\"contentUrl\":\"https:\/\/www.diasporaportuguesa.org\/wp-content\/uploads\/2022\/11\/conselho-diaspora-portuguesa.png\",\"width\":735,\"height\":216,\"caption\":\"Conselho da Di\u00e1spora Portuguesa\"},\"image\":{\"@id\":\"https:\/\/www.diasporaportuguesa.org\/#\/schema\/logo\/image\/\"},\"sameAs\":[\"https:\/\/twitter.com\/CdDiaspora\",\"https:\/\/www.linkedin.com\/company\/conselho-da-diaspora-portuguesa\/\",\"https:\/\/www.youtube.com\/channel\/UCEI8qERhtqzV1UgdITBo6rw\/videos\"]}]}<\/script>\n<!-- \/ Yoast SEO plugin. -->","yoast_head_json":{"title":"Maria Marta Geraldes - Conselho da Di\u00e1spora Portuguesa","robots":{"index":"index","follow":"follow","max-snippet":"max-snippet:-1","max-image-preview":"max-image-preview:large","max-video-preview":"max-video-preview:-1"},"canonical":"https:\/\/www.diasporaportuguesa.org\/en\/profile\/maria-marta-geraldes\/","og_locale":"en_US","og_type":"article","og_title":"Maria Marta Geraldes - Conselho da Di\u00e1spora Portuguesa","og_description":"Maria Marta Geraldes has been the CFO of the EDP Group for South America since February 2024. She also serves as Chair of the Board of Directors of Enerprev (the EDP Group\u2019s pension fund entity) and of the S\u00e3o Manoel Hydroelectric Power Plant (a partnership between EDP, Eletrobras, and CTG). She began her career in...","og_url":"https:\/\/www.diasporaportuguesa.org\/en\/profile\/maria-marta-geraldes\/","og_site_name":"Conselho da Di\u00e1spora Portuguesa","article_modified_time":"2026-04-09T16:32:07+00:00","og_image":[{"width":1703,"height":2560,"url":"https:\/\/www.diasporaportuguesa.org\/wp-content\/uploads\/2025\/12\/CHT_0682-scaled.jpg","type":"image\/jpeg"}],"twitter_card":"summary_large_image","twitter_site":"@CdDiaspora","twitter_misc":{"Est. reading time":"2 minutes"},"schema":{"@context":"https:\/\/schema.org","@graph":[{"@type":"WebPage","@id":"https:\/\/www.diasporaportuguesa.org\/en\/profile\/maria-marta-geraldes\/","url":"https:\/\/www.diasporaportuguesa.org\/en\/profile\/maria-marta-geraldes\/","name":"Maria Marta Geraldes - Conselho da Di\u00e1spora Portuguesa","isPartOf":{"@id":"https:\/\/www.diasporaportuguesa.org\/#website"},"datePublished":"2025-12-16T10:20:57+00:00","dateModified":"2026-04-09T16:32:07+00:00","breadcrumb":{"@id":"https:\/\/www.diasporaportuguesa.org\/en\/profile\/maria-marta-geraldes\/#breadcrumb"},"inLanguage":"en-US","potentialAction":[{"@type":"ReadAction","target":["https:\/\/www.diasporaportuguesa.org\/en\/profile\/maria-marta-geraldes\/"]}]},{"@type":"BreadcrumbList","@id":"https:\/\/www.diasporaportuguesa.org\/en\/profile\/maria-marta-geraldes\/#breadcrumb","itemListElement":[{"@type":"ListItem","position":1,"name":"In\u00edcio","item":"https:\/\/www.diasporaportuguesa.org\/en\/"},{"@type":"ListItem","position":2,"name":"Maria Marta Geraldes"}]},{"@type":"WebSite","@id":"https:\/\/www.diasporaportuguesa.org\/#website","url":"https:\/\/www.diasporaportuguesa.org\/","name":"Conselho da Di\u00e1spora Portuguesa","description":"Conselho da Di\u00e1spora Portuguesa","publisher":{"@id":"https:\/\/www.diasporaportuguesa.org\/#organization"},"potentialAction":[{"@type":"SearchAction","target":{"@type":"EntryPoint","urlTemplate":"https:\/\/www.diasporaportuguesa.org\/?s={search_term_string}"},"query-input":"required name=search_term_string"}],"inLanguage":"en-US"},{"@type":"Organization","@id":"https:\/\/www.diasporaportuguesa.org\/#organization","name":"Conselho da Di\u00e1spora Portuguesa","url":"https:\/\/www.diasporaportuguesa.org\/","logo":{"@type":"ImageObject","inLanguage":"en-US","@id":"https:\/\/www.diasporaportuguesa.org\/#\/schema\/logo\/image\/","url":"https:\/\/www.diasporaportuguesa.org\/wp-content\/uploads\/2022\/11\/conselho-diaspora-portuguesa.png","contentUrl":"https:\/\/www.diasporaportuguesa.org\/wp-content\/uploads\/2022\/11\/conselho-diaspora-portuguesa.png","width":735,"height":216,"caption":"Conselho da Di\u00e1spora Portuguesa"},"image":{"@id":"https:\/\/www.diasporaportuguesa.org\/#\/schema\/logo\/image\/"},"sameAs":["https:\/\/twitter.com\/CdDiaspora","https:\/\/www.linkedin.com\/company\/conselho-da-diaspora-portuguesa\/","https:\/\/www.youtube.com\/channel\/UCEI8qERhtqzV1UgdITBo6rw\/videos"]}]}},"_links":{"self":[{"href":"https:\/\/www.diasporaportuguesa.org\/en\/wp-json\/wp\/v2\/perfis\/25831"}],"collection":[{"href":"https:\/\/www.diasporaportuguesa.org\/en\/wp-json\/wp\/v2\/perfis"}],"about":[{"href":"https:\/\/www.diasporaportuguesa.org\/en\/wp-json\/wp\/v2\/types\/perfis"}],"author":[{"embeddable":true,"href":"https:\/\/www.diasporaportuguesa.org\/en\/wp-json\/wp\/v2\/users\/17"}],"wp:featuredmedia":[{"embeddable":true,"href":"https:\/\/www.diasporaportuguesa.org\/en\/wp-json\/wp\/v2\/media\/25829"}],"wp:attachment":[{"href":"https:\/\/www.diasporaportuguesa.org\/en\/wp-json\/wp\/v2\/media?parent=25831"}],"wp:term":[{"taxonomy":"grupo","embeddable":true,"href":"https:\/\/www.diasporaportuguesa.org\/en\/wp-json\/wp\/v2\/grupo?post=25831"}],"curies":[{"name":"wp","href":"https:\/\/api.w.org\/{rel}","templated":true}]}}

<p>Maria Marta Geraldes has been the CFO of the EDP Group for South America since February 2024. She also serves as Chair of the Board of Directors of Enerprev (the EDP Group’s pension fund entity) and of the São Manoel Hydroelectric Power Plant (a partnership between EDP, Eletrobras, and CTG).</p>



<p>She began her career in 2005 at Banif Banco de Investimento in Lisbon. Between 2007 and 2013, she worked in the Finance and M&amp;A teams at EDP. In 2013, Maria Marta joined Galp to lead the Capital Markets area, and from October 2017 to February 2022 she served as Global Director of M&amp;A &amp; Corporate Finance at Galp.</p>



<p>Between 2016 and February 2022, she was a Non-Executive Director of Galp Gás Natural Distribuição (now Floene, a partnership with Allianz Capital Partners and Marubeni Corporation), which holds the majority of natural gas distribution concessions in Portugal. In February 2024, she returned to the EDP Group, where she led the Group’s Global External Relations and Stakeholders Directorate until February 2024.</p>



<p>Maria Marta holds a degree in Economics from Católica Lisbon School of Business &amp; Economics, an MBA with distinction from London Business School, and has completed the Advanced Management Program at Harvard Business School.</p>



<p>Maria Marta Geraldes has been Portugal’s World Advisor since December 2025.</p>

<!-- This site is optimized with the Yoast SEO plugin v21.3 - https://yoast.com/wordpress/plugins/seo/ -->
<title>Maria Marta Geraldes - Conselho da Diáspora Portuguesa</title>
<meta name="robots" content="index, follow, max-snippet:-1, max-image-preview:large, max-video-preview:-1" />
<link rel="canonical" href="https://www.diasporaportuguesa.org/en/profile/maria-marta-geraldes/" />
<meta property="og:locale" content="en_US" />
<meta property="og:type" content="article" />
<meta property="og:title" content="Maria Marta Geraldes - Conselho da Diáspora Portuguesa" />
<meta property="og:description" content="Maria Marta Geraldes has been the CFO of the EDP Group for South America since February 2024. She also serves as Chair of the Board of Directors of Enerprev (the EDP Group’s pension fund entity) and of the São Manoel Hydroelectric Power Plant (a partnership between EDP, Eletrobras, and CTG). She began her career in..." />
<meta property="og:url" content="https://www.diasporaportuguesa.org/en/profile/maria-marta-geraldes/" />
<meta property="og:site_name" content="Conselho da Diáspora Portuguesa" />
<meta property="article:modified_time" content="2026-04-09T16:32:07+00:00" />
<meta property="og:image" content="https://www.diasporaportuguesa.org/wp-content/uploads/2025/12/CHT_0682-scaled.jpg" />
	<meta property="og:image:width" content="1703" />
	<meta property="og:image:height" content="2560" />
	<meta property="og:image:type" content="image/jpeg" />
<meta name="twitter:card" content="summary_large_image" />
<meta name="twitter:site" content="@CdDiaspora" />
<meta name="twitter:label1" content="Est. reading time" />
	<meta name="twitter:data1" content="2 minutes" />
<script type="application/ld+json" class="yoast-schema-graph">{"@context":"https://schema.org","@graph":[{"@type":"WebPage","@id":"https://www.diasporaportuguesa.org/en/profile/maria-marta-geraldes/","url":"https://www.diasporaportuguesa.org/en/profile/maria-marta-geraldes/","name":"Maria Marta Geraldes - Conselho da Diáspora Portuguesa","isPartOf":{"@id":"https://www.diasporaportuguesa.org/#website"},"datePublished":"2025-12-16T10:20:57+00:00","dateModified":"2026-04-09T16:32:07+00:00","breadcrumb":{"@id":"https://www.diasporaportuguesa.org/en/profile/maria-marta-geraldes/#breadcrumb"},"inLanguage":"en-US","potentialAction":[{"@type":"ReadAction","target":["https://www.diasporaportuguesa.org/en/profile/maria-marta-geraldes/"]}]},{"@type":"BreadcrumbList","@id":"https://www.diasporaportuguesa.org/en/profile/maria-marta-geraldes/#breadcrumb","itemListElement":[{"@type":"ListItem","position":1,"name":"Início","item":"https://www.diasporaportuguesa.org/en/"},{"@type":"ListItem","position":2,"name":"Maria Marta Geraldes"}]},{"@type":"WebSite","@id":"https://www.diasporaportuguesa.org/#website","url":"https://www.diasporaportuguesa.org/","name":"Conselho da Diáspora Portuguesa","description":"Conselho da Diáspora Portuguesa","publisher":{"@id":"https://www.diasporaportuguesa.org/#organization"},"potentialAction":[{"@type":"SearchAction","target":{"@type":"EntryPoint","urlTemplate":"https://www.diasporaportuguesa.org/?s={search_term_string}"},"query-input":"required name=search_term_string"}],"inLanguage":"en-US"},{"@type":"Organization","@id":"https://www.diasporaportuguesa.org/#organization","name":"Conselho da Diáspora Portuguesa","url":"https://www.diasporaportuguesa.org/","logo":{"@type":"ImageObject","inLanguage":"en-US","@id":"https://www.diasporaportuguesa.org/#/schema/logo/image/","url":"https://www.diasporaportuguesa.org/wp-content/uploads/2022/11/conselho-diaspora-portuguesa.png","contentUrl":"https://www.diasporaportuguesa.org/wp-content/uploads/2022/11/conselho-diaspora-portuguesa.png","width":735,"height":216,"caption":"Conselho da Diáspora Portuguesa"},"image":{"@id":"https://www.diasporaportuguesa.org/#/schema/logo/image/"},"sameAs":["https://twitter.com/CdDiaspora","https://www.linkedin.com/company/conselho-da-diaspora-portuguesa/","https://www.youtube.com/channel/UCEI8qERhtqzV1UgdITBo6rw/videos"]}]}</script>
<!-- / Yoast SEO plugin. -->

Maria Marta Geraldes - Conselho da Diáspora Portuguesa

Maria Marta Geraldes has been the CFO of the EDP Group for South America since February 2024. She also serves as Chair of the Board of Directors of Enerprev (the EDP Group’s pension fund entity) and of the São Manoel Hydroelectric Power Plant (a partnership between EDP, Eletrobras, and CTG). She began her career in...

Conselho da Diáspora Portuguesa

Início
