{"id":25849,"date":"2025-12-16T12:19:55","date_gmt":"2025-12-16T12:19:55","guid":{"rendered":"https:\/\/www.diasporaportuguesa.org\/?post_type=perfis&#038;p=25849"},"modified":"2026-03-25T12:04:20","modified_gmt":"2026-03-25T12:04:20","slug":"sergio-sousa","status":"publish","type":"perfis","link":"https:\/\/www.diasporaportuguesa.org\/en\/profile\/sergio-sousa\/","title":{"rendered":"S\u00e9rgio Sousa"},"content":{"rendered":"\n<p>S\u00e9rgio Sousa is the Group CEO of Asmara Holdings, with responsibility for several companies across the retail, industrial, and real estate sectors, primarily in Africa. Born in Lisbon in 1971, he holds a degree in Business Management from the Santar\u00e9m School of Management and has extensive international experience in management and business development.<\/p>\n\n\n\n<p>He began his career at the multinational H.J. Heinz, holding leadership roles across Africa, the Middle East, and the Far East, including Chairman &amp; President of Heinz Japan. He returned to Portugal in 2008 as Managing Director of Libbey Portugal (Crisal), before moving into Private Equity at ECS Capital. In 2011, he joined IFFCO in the UAE, where he ultimately became Managing Director \u2013 Oils &amp; Fats and Condiments, overseeing eight companies across multiple countries.<\/p>\n\n\n\n<p>In 2017, he joined Webcor as Chief Commercial Officer, leading industrial projects in Africa, including Angola and Mozambique. In 2022, he moved to Silal, a company owned by the ADQ sovereign wealth fund, responsible for managing the UAE\u2019s strategic reserves.<\/p>\n\n\n\n<p>S\u00e9rgio Sousa is an FMCG specialist with a strong results-driven mindset, deep intercultural experience, and a proven track record in business turnaround and development, focused on leveraging strengths and empowering teams in global contexts.<\/p>\n\n\n\n<p>S\u00e9rgio Sousa has been Portugal\u2019s World Advisor since December 2025.<\/p>\n","protected":false},"author":17,"featured_media":25850,"template":"","meta":[],"grupo":[281],"acf":[],"yoast_head":"<!-- This site is optimized with the Yoast SEO plugin v21.3 - https:\/\/yoast.com\/wordpress\/plugins\/seo\/ -->\n<title>S\u00e9rgio Sousa - Conselho da Di\u00e1spora Portuguesa<\/title>\n<meta name=\"robots\" content=\"index, follow, max-snippet:-1, max-image-preview:large, max-video-preview:-1\" \/>\n<link rel=\"canonical\" href=\"https:\/\/www.diasporaportuguesa.org\/en\/profile\/sergio-sousa\/\" \/>\n<meta property=\"og:locale\" content=\"en_US\" \/>\n<meta property=\"og:type\" content=\"article\" \/>\n<meta property=\"og:title\" content=\"S\u00e9rgio Sousa - Conselho da Di\u00e1spora Portuguesa\" \/>\n<meta property=\"og:description\" content=\"S\u00e9rgio Sousa is the Group CEO of Asmara Holdings, with responsibility for several companies across the retail, industrial, and real estate sectors, primarily in Africa. Born in Lisbon in 1971, he holds a degree in Business Management from the Santar\u00e9m School of Management and has extensive international experience in management and business development. He began...\" \/>\n<meta property=\"og:url\" content=\"https:\/\/www.diasporaportuguesa.org\/en\/profile\/sergio-sousa\/\" \/>\n<meta property=\"og:site_name\" content=\"Conselho da Di\u00e1spora Portuguesa\" \/>\n<meta property=\"article:modified_time\" content=\"2026-03-25T12:04:20+00:00\" \/>\n<meta property=\"og:image\" content=\"https:\/\/www.diasporaportuguesa.org\/wp-content\/uploads\/2025\/12\/69386a34e4d21-bpfull.jpg\" \/>\n\t<meta property=\"og:image:width\" content=\"450\" \/>\n\t<meta property=\"og:image:height\" content=\"450\" \/>\n\t<meta property=\"og:image:type\" content=\"image\/jpeg\" \/>\n<meta name=\"twitter:card\" content=\"summary_large_image\" \/>\n<meta name=\"twitter:site\" content=\"@CdDiaspora\" \/>\n<meta name=\"twitter:label1\" content=\"Est. reading time\" \/>\n\t<meta name=\"twitter:data1\" content=\"2 minutes\" \/>\n<script type=\"application\/ld+json\" class=\"yoast-schema-graph\">{\"@context\":\"https:\/\/schema.org\",\"@graph\":[{\"@type\":\"WebPage\",\"@id\":\"https:\/\/www.diasporaportuguesa.org\/en\/profile\/sergio-sousa\/\",\"url\":\"https:\/\/www.diasporaportuguesa.org\/en\/profile\/sergio-sousa\/\",\"name\":\"S\u00e9rgio Sousa - Conselho da Di\u00e1spora Portuguesa\",\"isPartOf\":{\"@id\":\"https:\/\/www.diasporaportuguesa.org\/#website\"},\"datePublished\":\"2025-12-16T12:19:55+00:00\",\"dateModified\":\"2026-03-25T12:04:20+00:00\",\"breadcrumb\":{\"@id\":\"https:\/\/www.diasporaportuguesa.org\/en\/profile\/sergio-sousa\/#breadcrumb\"},\"inLanguage\":\"en-US\",\"potentialAction\":[{\"@type\":\"ReadAction\",\"target\":[\"https:\/\/www.diasporaportuguesa.org\/en\/profile\/sergio-sousa\/\"]}]},{\"@type\":\"BreadcrumbList\",\"@id\":\"https:\/\/www.diasporaportuguesa.org\/en\/profile\/sergio-sousa\/#breadcrumb\",\"itemListElement\":[{\"@type\":\"ListItem\",\"position\":1,\"name\":\"In\u00edcio\",\"item\":\"https:\/\/www.diasporaportuguesa.org\/en\/\"},{\"@type\":\"ListItem\",\"position\":2,\"name\":\"S\u00e9rgio Sousa\"}]},{\"@type\":\"WebSite\",\"@id\":\"https:\/\/www.diasporaportuguesa.org\/#website\",\"url\":\"https:\/\/www.diasporaportuguesa.org\/\",\"name\":\"Conselho da Di\u00e1spora Portuguesa\",\"description\":\"Conselho da Di\u00e1spora Portuguesa\",\"publisher\":{\"@id\":\"https:\/\/www.diasporaportuguesa.org\/#organization\"},\"potentialAction\":[{\"@type\":\"SearchAction\",\"target\":{\"@type\":\"EntryPoint\",\"urlTemplate\":\"https:\/\/www.diasporaportuguesa.org\/?s={search_term_string}\"},\"query-input\":\"required name=search_term_string\"}],\"inLanguage\":\"en-US\"},{\"@type\":\"Organization\",\"@id\":\"https:\/\/www.diasporaportuguesa.org\/#organization\",\"name\":\"Conselho da Di\u00e1spora Portuguesa\",\"url\":\"https:\/\/www.diasporaportuguesa.org\/\",\"logo\":{\"@type\":\"ImageObject\",\"inLanguage\":\"en-US\",\"@id\":\"https:\/\/www.diasporaportuguesa.org\/#\/schema\/logo\/image\/\",\"url\":\"https:\/\/www.diasporaportuguesa.org\/wp-content\/uploads\/2022\/11\/conselho-diaspora-portuguesa.png\",\"contentUrl\":\"https:\/\/www.diasporaportuguesa.org\/wp-content\/uploads\/2022\/11\/conselho-diaspora-portuguesa.png\",\"width\":735,\"height\":216,\"caption\":\"Conselho da Di\u00e1spora Portuguesa\"},\"image\":{\"@id\":\"https:\/\/www.diasporaportuguesa.org\/#\/schema\/logo\/image\/\"},\"sameAs\":[\"https:\/\/twitter.com\/CdDiaspora\",\"https:\/\/www.linkedin.com\/company\/conselho-da-diaspora-portuguesa\/\",\"https:\/\/www.youtube.com\/channel\/UCEI8qERhtqzV1UgdITBo6rw\/videos\"]}]}<\/script>\n<!-- \/ Yoast SEO plugin. -->","yoast_head_json":{"title":"S\u00e9rgio Sousa - Conselho da Di\u00e1spora Portuguesa","robots":{"index":"index","follow":"follow","max-snippet":"max-snippet:-1","max-image-preview":"max-image-preview:large","max-video-preview":"max-video-preview:-1"},"canonical":"https:\/\/www.diasporaportuguesa.org\/en\/profile\/sergio-sousa\/","og_locale":"en_US","og_type":"article","og_title":"S\u00e9rgio Sousa - Conselho da Di\u00e1spora Portuguesa","og_description":"S\u00e9rgio Sousa is the Group CEO of Asmara Holdings, with responsibility for several companies across the retail, industrial, and real estate sectors, primarily in Africa. Born in Lisbon in 1971, he holds a degree in Business Management from the Santar\u00e9m School of Management and has extensive international experience in management and business development. He began...","og_url":"https:\/\/www.diasporaportuguesa.org\/en\/profile\/sergio-sousa\/","og_site_name":"Conselho da Di\u00e1spora Portuguesa","article_modified_time":"2026-03-25T12:04:20+00:00","og_image":[{"width":450,"height":450,"url":"https:\/\/www.diasporaportuguesa.org\/wp-content\/uploads\/2025\/12\/69386a34e4d21-bpfull.jpg","type":"image\/jpeg"}],"twitter_card":"summary_large_image","twitter_site":"@CdDiaspora","twitter_misc":{"Est. reading time":"2 minutes"},"schema":{"@context":"https:\/\/schema.org","@graph":[{"@type":"WebPage","@id":"https:\/\/www.diasporaportuguesa.org\/en\/profile\/sergio-sousa\/","url":"https:\/\/www.diasporaportuguesa.org\/en\/profile\/sergio-sousa\/","name":"S\u00e9rgio Sousa - Conselho da Di\u00e1spora Portuguesa","isPartOf":{"@id":"https:\/\/www.diasporaportuguesa.org\/#website"},"datePublished":"2025-12-16T12:19:55+00:00","dateModified":"2026-03-25T12:04:20+00:00","breadcrumb":{"@id":"https:\/\/www.diasporaportuguesa.org\/en\/profile\/sergio-sousa\/#breadcrumb"},"inLanguage":"en-US","potentialAction":[{"@type":"ReadAction","target":["https:\/\/www.diasporaportuguesa.org\/en\/profile\/sergio-sousa\/"]}]},{"@type":"BreadcrumbList","@id":"https:\/\/www.diasporaportuguesa.org\/en\/profile\/sergio-sousa\/#breadcrumb","itemListElement":[{"@type":"ListItem","position":1,"name":"In\u00edcio","item":"https:\/\/www.diasporaportuguesa.org\/en\/"},{"@type":"ListItem","position":2,"name":"S\u00e9rgio Sousa"}]},{"@type":"WebSite","@id":"https:\/\/www.diasporaportuguesa.org\/#website","url":"https:\/\/www.diasporaportuguesa.org\/","name":"Conselho da Di\u00e1spora Portuguesa","description":"Conselho da Di\u00e1spora Portuguesa","publisher":{"@id":"https:\/\/www.diasporaportuguesa.org\/#organization"},"potentialAction":[{"@type":"SearchAction","target":{"@type":"EntryPoint","urlTemplate":"https:\/\/www.diasporaportuguesa.org\/?s={search_term_string}"},"query-input":"required name=search_term_string"}],"inLanguage":"en-US"},{"@type":"Organization","@id":"https:\/\/www.diasporaportuguesa.org\/#organization","name":"Conselho da Di\u00e1spora Portuguesa","url":"https:\/\/www.diasporaportuguesa.org\/","logo":{"@type":"ImageObject","inLanguage":"en-US","@id":"https:\/\/www.diasporaportuguesa.org\/#\/schema\/logo\/image\/","url":"https:\/\/www.diasporaportuguesa.org\/wp-content\/uploads\/2022\/11\/conselho-diaspora-portuguesa.png","contentUrl":"https:\/\/www.diasporaportuguesa.org\/wp-content\/uploads\/2022\/11\/conselho-diaspora-portuguesa.png","width":735,"height":216,"caption":"Conselho da Di\u00e1spora Portuguesa"},"image":{"@id":"https:\/\/www.diasporaportuguesa.org\/#\/schema\/logo\/image\/"},"sameAs":["https:\/\/twitter.com\/CdDiaspora","https:\/\/www.linkedin.com\/company\/conselho-da-diaspora-portuguesa\/","https:\/\/www.youtube.com\/channel\/UCEI8qERhtqzV1UgdITBo6rw\/videos"]}]}},"_links":{"self":[{"href":"https:\/\/www.diasporaportuguesa.org\/en\/wp-json\/wp\/v2\/perfis\/25849"}],"collection":[{"href":"https:\/\/www.diasporaportuguesa.org\/en\/wp-json\/wp\/v2\/perfis"}],"about":[{"href":"https:\/\/www.diasporaportuguesa.org\/en\/wp-json\/wp\/v2\/types\/perfis"}],"author":[{"embeddable":true,"href":"https:\/\/www.diasporaportuguesa.org\/en\/wp-json\/wp\/v2\/users\/17"}],"wp:featuredmedia":[{"embeddable":true,"href":"https:\/\/www.diasporaportuguesa.org\/en\/wp-json\/wp\/v2\/media\/25850"}],"wp:attachment":[{"href":"https:\/\/www.diasporaportuguesa.org\/en\/wp-json\/wp\/v2\/media?parent=25849"}],"wp:term":[{"taxonomy":"grupo","embeddable":true,"href":"https:\/\/www.diasporaportuguesa.org\/en\/wp-json\/wp\/v2\/grupo?post=25849"}],"curies":[{"name":"wp","href":"https:\/\/api.w.org\/{rel}","templated":true}]}}

Sérgio Sousa

<p>Sérgio Sousa is the Group CEO of Asmara Holdings, with responsibility for several companies across the retail, industrial, and real estate sectors, primarily in Africa. Born in Lisbon in 1971, he holds a degree in Business Management from the Santarém School of Management and has extensive international experience in management and business development.</p>



<p>He began his career at the multinational H.J. Heinz, holding leadership roles across Africa, the Middle East, and the Far East, including Chairman &amp; President of Heinz Japan. He returned to Portugal in 2008 as Managing Director of Libbey Portugal (Crisal), before moving into Private Equity at ECS Capital. In 2011, he joined IFFCO in the UAE, where he ultimately became Managing Director – Oils &amp; Fats and Condiments, overseeing eight companies across multiple countries.</p>



<p>In 2017, he joined Webcor as Chief Commercial Officer, leading industrial projects in Africa, including Angola and Mozambique. In 2022, he moved to Silal, a company owned by the ADQ sovereign wealth fund, responsible for managing the UAE’s strategic reserves.</p>



<p>Sérgio Sousa is an FMCG specialist with a strong results-driven mindset, deep intercultural experience, and a proven track record in business turnaround and development, focused on leveraging strengths and empowering teams in global contexts.</p>



<p>Sérgio Sousa has been Portugal’s World Advisor since December 2025.</p>

<!-- This site is optimized with the Yoast SEO plugin v21.3 - https://yoast.com/wordpress/plugins/seo/ -->
<title>Sérgio Sousa - Conselho da Diáspora Portuguesa</title>
<meta name="robots" content="index, follow, max-snippet:-1, max-image-preview:large, max-video-preview:-1" />
<link rel="canonical" href="https://www.diasporaportuguesa.org/en/profile/sergio-sousa/" />
<meta property="og:locale" content="en_US" />
<meta property="og:type" content="article" />
<meta property="og:title" content="Sérgio Sousa - Conselho da Diáspora Portuguesa" />
<meta property="og:description" content="Sérgio Sousa is the Group CEO of Asmara Holdings, with responsibility for several companies across the retail, industrial, and real estate sectors, primarily in Africa. Born in Lisbon in 1971, he holds a degree in Business Management from the Santarém School of Management and has extensive international experience in management and business development. He began..." />
<meta property="og:url" content="https://www.diasporaportuguesa.org/en/profile/sergio-sousa/" />
<meta property="og:site_name" content="Conselho da Diáspora Portuguesa" />
<meta property="article:modified_time" content="2026-03-25T12:04:20+00:00" />
<meta property="og:image" content="https://www.diasporaportuguesa.org/wp-content/uploads/2025/12/69386a34e4d21-bpfull.jpg" />
	<meta property="og:image:width" content="450" />
	<meta property="og:image:height" content="450" />
	<meta property="og:image:type" content="image/jpeg" />
<meta name="twitter:card" content="summary_large_image" />
<meta name="twitter:site" content="@CdDiaspora" />
<meta name="twitter:label1" content="Est. reading time" />
	<meta name="twitter:data1" content="2 minutes" />
<script type="application/ld+json" class="yoast-schema-graph">{"@context":"https://schema.org","@graph":[{"@type":"WebPage","@id":"https://www.diasporaportuguesa.org/en/profile/sergio-sousa/","url":"https://www.diasporaportuguesa.org/en/profile/sergio-sousa/","name":"Sérgio Sousa - Conselho da Diáspora Portuguesa","isPartOf":{"@id":"https://www.diasporaportuguesa.org/#website"},"datePublished":"2025-12-16T12:19:55+00:00","dateModified":"2026-03-25T12:04:20+00:00","breadcrumb":{"@id":"https://www.diasporaportuguesa.org/en/profile/sergio-sousa/#breadcrumb"},"inLanguage":"en-US","potentialAction":[{"@type":"ReadAction","target":["https://www.diasporaportuguesa.org/en/profile/sergio-sousa/"]}]},{"@type":"BreadcrumbList","@id":"https://www.diasporaportuguesa.org/en/profile/sergio-sousa/#breadcrumb","itemListElement":[{"@type":"ListItem","position":1,"name":"Início","item":"https://www.diasporaportuguesa.org/en/"},{"@type":"ListItem","position":2,"name":"Sérgio Sousa"}]},{"@type":"WebSite","@id":"https://www.diasporaportuguesa.org/#website","url":"https://www.diasporaportuguesa.org/","name":"Conselho da Diáspora Portuguesa","description":"Conselho da Diáspora Portuguesa","publisher":{"@id":"https://www.diasporaportuguesa.org/#organization"},"potentialAction":[{"@type":"SearchAction","target":{"@type":"EntryPoint","urlTemplate":"https://www.diasporaportuguesa.org/?s={search_term_string}"},"query-input":"required name=search_term_string"}],"inLanguage":"en-US"},{"@type":"Organization","@id":"https://www.diasporaportuguesa.org/#organization","name":"Conselho da Diáspora Portuguesa","url":"https://www.diasporaportuguesa.org/","logo":{"@type":"ImageObject","inLanguage":"en-US","@id":"https://www.diasporaportuguesa.org/#/schema/logo/image/","url":"https://www.diasporaportuguesa.org/wp-content/uploads/2022/11/conselho-diaspora-portuguesa.png","contentUrl":"https://www.diasporaportuguesa.org/wp-content/uploads/2022/11/conselho-diaspora-portuguesa.png","width":735,"height":216,"caption":"Conselho da Diáspora Portuguesa"},"image":{"@id":"https://www.diasporaportuguesa.org/#/schema/logo/image/"},"sameAs":["https://twitter.com/CdDiaspora","https://www.linkedin.com/company/conselho-da-diaspora-portuguesa/","https://www.youtube.com/channel/UCEI8qERhtqzV1UgdITBo6rw/videos"]}]}</script>
<!-- / Yoast SEO plugin. -->

Sérgio Sousa - Conselho da Diáspora Portuguesa

Sérgio Sousa is the Group CEO of Asmara Holdings, with responsibility for several companies across the retail, industrial, and real estate sectors, primarily in Africa. Born in Lisbon in 1971, he holds a degree in Business Management from the Santarém School of Management and has extensive international experience in management and business development. He began...

Conselho da Diáspora Portuguesa

Início
