{"id":27237,"date":"2026-04-30T16:36:43","date_gmt":"2026-04-30T16:36:43","guid":{"rendered":"https:\/\/www.diasporaportuguesa.org\/?post_type=perfis&#038;p=27237"},"modified":"2026-04-30T17:17:21","modified_gmt":"2026-04-30T17:17:21","slug":"manuel-magalhaes","status":"publish","type":"perfis","link":"https:\/\/www.diasporaportuguesa.org\/en\/profile\/manuel-magalhaes\/","title":{"rendered":"Manuel Magalh\u00e3es"},"content":{"rendered":"\n<p>Manuel Magalh\u00e3es develops financial structures and risk-reduction interventions that institutional markets have not yet built. He is the Founder and Chief Executive Officer of Materra Systemic Labs. Materra\u2019s practice spans sovereign advisory, corporate strategy, and financial structuring across the water\u2013food\u2013energy nexus. He has directed over $4.5 billion in institutional capital toward agribusiness transformation and the energy transition, converting unpriced systemic risk into portfolio positioning and lower-cost capital. He works with Mitsui &amp; Co. on adaptation-linked investment strategies, with Kilara Capital on resilience as infrastructure, and with the EBRD and other multilateral banks to mobilize capital for adaptation at scale.<\/p>\n\n\n\n<p>He spent nearly two decades at the intersection of national security, defense technology, and transaction advisory. As Vice President for National Security Programs in Asia at a London-listed company, he co-architected an acquisition-led growth strategy and led a UK\u2013Korea initiative producing cutting-edge surveillance and intelligence capabilities. He has advised heads of state, ministries of defense, and allied intelligence services on geoeconomic fragmentation and the convergence of climate risk and security.<\/p>\n\n\n\n<p>Previously, he led aerospace and defense advisory engagements for Lockheed Martin, Boeing, Airbus, BAE Systems, Thales, and Leonardo. He began his career in equity research covering the sector at Credit Suisse First Boston.<\/p>\n\n\n\n<p>Manuel Magalh\u00e3es has been Portugal&#8217;s World Advisor since April 2026.<\/p>\n","protected":false},"author":20,"featured_media":27234,"template":"","meta":[],"grupo":[],"acf":[],"yoast_head":"<!-- This site is optimized with the Yoast SEO plugin v21.3 - https:\/\/yoast.com\/wordpress\/plugins\/seo\/ -->\n<title>Manuel Magalh\u00e3es - Conselho da Di\u00e1spora Portuguesa<\/title>\n<meta name=\"robots\" content=\"index, follow, max-snippet:-1, max-image-preview:large, max-video-preview:-1\" \/>\n<link rel=\"canonical\" href=\"https:\/\/www.diasporaportuguesa.org\/en\/profile\/manuel-magalhaes\/\" \/>\n<meta property=\"og:locale\" content=\"en_US\" \/>\n<meta property=\"og:type\" content=\"article\" \/>\n<meta property=\"og:title\" content=\"Manuel Magalh\u00e3es - Conselho da Di\u00e1spora Portuguesa\" \/>\n<meta property=\"og:description\" content=\"Manuel Magalh\u00e3es develops financial structures and risk-reduction interventions that institutional markets have not yet built. He is the Founder and Chief Executive Officer of Materra Systemic Labs. Materra\u2019s practice spans sovereign advisory, corporate strategy, and financial structuring across the water\u2013food\u2013energy nexus. He has directed over $4.5 billion in institutional capital toward agribusiness transformation and the...\" \/>\n<meta property=\"og:url\" content=\"https:\/\/www.diasporaportuguesa.org\/en\/profile\/manuel-magalhaes\/\" \/>\n<meta property=\"og:site_name\" content=\"Conselho da Di\u00e1spora Portuguesa\" \/>\n<meta property=\"article:modified_time\" content=\"2026-04-30T17:17:21+00:00\" \/>\n<meta property=\"og:image\" content=\"https:\/\/www.diasporaportuguesa.org\/wp-content\/uploads\/2026\/04\/1630945579302.jpg\" \/>\n\t<meta property=\"og:image:width\" content=\"676\" \/>\n\t<meta property=\"og:image:height\" content=\"676\" \/>\n\t<meta property=\"og:image:type\" content=\"image\/jpeg\" \/>\n<meta name=\"twitter:card\" content=\"summary_large_image\" \/>\n<meta name=\"twitter:site\" content=\"@CdDiaspora\" \/>\n<meta name=\"twitter:label1\" content=\"Est. reading time\" \/>\n\t<meta name=\"twitter:data1\" content=\"2 minutes\" \/>\n<script type=\"application\/ld+json\" class=\"yoast-schema-graph\">{\"@context\":\"https:\/\/schema.org\",\"@graph\":[{\"@type\":\"WebPage\",\"@id\":\"https:\/\/www.diasporaportuguesa.org\/en\/profile\/manuel-magalhaes\/\",\"url\":\"https:\/\/www.diasporaportuguesa.org\/en\/profile\/manuel-magalhaes\/\",\"name\":\"Manuel Magalh\u00e3es - Conselho da Di\u00e1spora Portuguesa\",\"isPartOf\":{\"@id\":\"https:\/\/www.diasporaportuguesa.org\/#website\"},\"datePublished\":\"2026-04-30T16:36:43+00:00\",\"dateModified\":\"2026-04-30T17:17:21+00:00\",\"breadcrumb\":{\"@id\":\"https:\/\/www.diasporaportuguesa.org\/en\/profile\/manuel-magalhaes\/#breadcrumb\"},\"inLanguage\":\"en-US\",\"potentialAction\":[{\"@type\":\"ReadAction\",\"target\":[\"https:\/\/www.diasporaportuguesa.org\/en\/profile\/manuel-magalhaes\/\"]}]},{\"@type\":\"BreadcrumbList\",\"@id\":\"https:\/\/www.diasporaportuguesa.org\/en\/profile\/manuel-magalhaes\/#breadcrumb\",\"itemListElement\":[{\"@type\":\"ListItem\",\"position\":1,\"name\":\"In\u00edcio\",\"item\":\"https:\/\/www.diasporaportuguesa.org\/en\/\"},{\"@type\":\"ListItem\",\"position\":2,\"name\":\"Manuel Magalh\u00e3es\"}]},{\"@type\":\"WebSite\",\"@id\":\"https:\/\/www.diasporaportuguesa.org\/#website\",\"url\":\"https:\/\/www.diasporaportuguesa.org\/\",\"name\":\"Conselho da Di\u00e1spora Portuguesa\",\"description\":\"Conselho da Di\u00e1spora Portuguesa\",\"publisher\":{\"@id\":\"https:\/\/www.diasporaportuguesa.org\/#organization\"},\"potentialAction\":[{\"@type\":\"SearchAction\",\"target\":{\"@type\":\"EntryPoint\",\"urlTemplate\":\"https:\/\/www.diasporaportuguesa.org\/?s={search_term_string}\"},\"query-input\":\"required name=search_term_string\"}],\"inLanguage\":\"en-US\"},{\"@type\":\"Organization\",\"@id\":\"https:\/\/www.diasporaportuguesa.org\/#organization\",\"name\":\"Conselho da Di\u00e1spora Portuguesa\",\"url\":\"https:\/\/www.diasporaportuguesa.org\/\",\"logo\":{\"@type\":\"ImageObject\",\"inLanguage\":\"en-US\",\"@id\":\"https:\/\/www.diasporaportuguesa.org\/#\/schema\/logo\/image\/\",\"url\":\"https:\/\/www.diasporaportuguesa.org\/wp-content\/uploads\/2022\/11\/conselho-diaspora-portuguesa.png\",\"contentUrl\":\"https:\/\/www.diasporaportuguesa.org\/wp-content\/uploads\/2022\/11\/conselho-diaspora-portuguesa.png\",\"width\":735,\"height\":216,\"caption\":\"Conselho da Di\u00e1spora Portuguesa\"},\"image\":{\"@id\":\"https:\/\/www.diasporaportuguesa.org\/#\/schema\/logo\/image\/\"},\"sameAs\":[\"https:\/\/twitter.com\/CdDiaspora\",\"https:\/\/www.linkedin.com\/company\/conselho-da-diaspora-portuguesa\/\",\"https:\/\/www.youtube.com\/channel\/UCEI8qERhtqzV1UgdITBo6rw\/videos\"]}]}<\/script>\n<!-- \/ Yoast SEO plugin. -->","yoast_head_json":{"title":"Manuel Magalh\u00e3es - Conselho da Di\u00e1spora Portuguesa","robots":{"index":"index","follow":"follow","max-snippet":"max-snippet:-1","max-image-preview":"max-image-preview:large","max-video-preview":"max-video-preview:-1"},"canonical":"https:\/\/www.diasporaportuguesa.org\/en\/profile\/manuel-magalhaes\/","og_locale":"en_US","og_type":"article","og_title":"Manuel Magalh\u00e3es - Conselho da Di\u00e1spora Portuguesa","og_description":"Manuel Magalh\u00e3es develops financial structures and risk-reduction interventions that institutional markets have not yet built. He is the Founder and Chief Executive Officer of Materra Systemic Labs. Materra\u2019s practice spans sovereign advisory, corporate strategy, and financial structuring across the water\u2013food\u2013energy nexus. He has directed over $4.5 billion in institutional capital toward agribusiness transformation and the...","og_url":"https:\/\/www.diasporaportuguesa.org\/en\/profile\/manuel-magalhaes\/","og_site_name":"Conselho da Di\u00e1spora Portuguesa","article_modified_time":"2026-04-30T17:17:21+00:00","og_image":[{"width":676,"height":676,"url":"https:\/\/www.diasporaportuguesa.org\/wp-content\/uploads\/2026\/04\/1630945579302.jpg","type":"image\/jpeg"}],"twitter_card":"summary_large_image","twitter_site":"@CdDiaspora","twitter_misc":{"Est. reading time":"2 minutes"},"schema":{"@context":"https:\/\/schema.org","@graph":[{"@type":"WebPage","@id":"https:\/\/www.diasporaportuguesa.org\/en\/profile\/manuel-magalhaes\/","url":"https:\/\/www.diasporaportuguesa.org\/en\/profile\/manuel-magalhaes\/","name":"Manuel Magalh\u00e3es - Conselho da Di\u00e1spora Portuguesa","isPartOf":{"@id":"https:\/\/www.diasporaportuguesa.org\/#website"},"datePublished":"2026-04-30T16:36:43+00:00","dateModified":"2026-04-30T17:17:21+00:00","breadcrumb":{"@id":"https:\/\/www.diasporaportuguesa.org\/en\/profile\/manuel-magalhaes\/#breadcrumb"},"inLanguage":"en-US","potentialAction":[{"@type":"ReadAction","target":["https:\/\/www.diasporaportuguesa.org\/en\/profile\/manuel-magalhaes\/"]}]},{"@type":"BreadcrumbList","@id":"https:\/\/www.diasporaportuguesa.org\/en\/profile\/manuel-magalhaes\/#breadcrumb","itemListElement":[{"@type":"ListItem","position":1,"name":"In\u00edcio","item":"https:\/\/www.diasporaportuguesa.org\/en\/"},{"@type":"ListItem","position":2,"name":"Manuel Magalh\u00e3es"}]},{"@type":"WebSite","@id":"https:\/\/www.diasporaportuguesa.org\/#website","url":"https:\/\/www.diasporaportuguesa.org\/","name":"Conselho da Di\u00e1spora Portuguesa","description":"Conselho da Di\u00e1spora Portuguesa","publisher":{"@id":"https:\/\/www.diasporaportuguesa.org\/#organization"},"potentialAction":[{"@type":"SearchAction","target":{"@type":"EntryPoint","urlTemplate":"https:\/\/www.diasporaportuguesa.org\/?s={search_term_string}"},"query-input":"required name=search_term_string"}],"inLanguage":"en-US"},{"@type":"Organization","@id":"https:\/\/www.diasporaportuguesa.org\/#organization","name":"Conselho da Di\u00e1spora Portuguesa","url":"https:\/\/www.diasporaportuguesa.org\/","logo":{"@type":"ImageObject","inLanguage":"en-US","@id":"https:\/\/www.diasporaportuguesa.org\/#\/schema\/logo\/image\/","url":"https:\/\/www.diasporaportuguesa.org\/wp-content\/uploads\/2022\/11\/conselho-diaspora-portuguesa.png","contentUrl":"https:\/\/www.diasporaportuguesa.org\/wp-content\/uploads\/2022\/11\/conselho-diaspora-portuguesa.png","width":735,"height":216,"caption":"Conselho da Di\u00e1spora Portuguesa"},"image":{"@id":"https:\/\/www.diasporaportuguesa.org\/#\/schema\/logo\/image\/"},"sameAs":["https:\/\/twitter.com\/CdDiaspora","https:\/\/www.linkedin.com\/company\/conselho-da-diaspora-portuguesa\/","https:\/\/www.youtube.com\/channel\/UCEI8qERhtqzV1UgdITBo6rw\/videos"]}]}},"_links":{"self":[{"href":"https:\/\/www.diasporaportuguesa.org\/en\/wp-json\/wp\/v2\/perfis\/27237"}],"collection":[{"href":"https:\/\/www.diasporaportuguesa.org\/en\/wp-json\/wp\/v2\/perfis"}],"about":[{"href":"https:\/\/www.diasporaportuguesa.org\/en\/wp-json\/wp\/v2\/types\/perfis"}],"author":[{"embeddable":true,"href":"https:\/\/www.diasporaportuguesa.org\/en\/wp-json\/wp\/v2\/users\/20"}],"wp:featuredmedia":[{"embeddable":true,"href":"https:\/\/www.diasporaportuguesa.org\/en\/wp-json\/wp\/v2\/media\/27234"}],"wp:attachment":[{"href":"https:\/\/www.diasporaportuguesa.org\/en\/wp-json\/wp\/v2\/media?parent=27237"}],"wp:term":[{"taxonomy":"grupo","embeddable":true,"href":"https:\/\/www.diasporaportuguesa.org\/en\/wp-json\/wp\/v2\/grupo?post=27237"}],"curies":[{"name":"wp","href":"https:\/\/api.w.org\/{rel}","templated":true}]}}

Manuel Magalhães

<p>Manuel Magalhães develops financial structures and risk-reduction interventions that institutional markets have not yet built. He is the Founder and Chief Executive Officer of Materra Systemic Labs. Materra’s practice spans sovereign advisory, corporate strategy, and financial structuring across the water–food–energy nexus. He has directed over $4.5 billion in institutional capital toward agribusiness transformation and the energy transition, converting unpriced systemic risk into portfolio positioning and lower-cost capital. He works with Mitsui &amp; Co. on adaptation-linked investment strategies, with Kilara Capital on resilience as infrastructure, and with the EBRD and other multilateral banks to mobilize capital for adaptation at scale.</p>



<p>He spent nearly two decades at the intersection of national security, defense technology, and transaction advisory. As Vice President for National Security Programs in Asia at a London-listed company, he co-architected an acquisition-led growth strategy and led a UK–Korea initiative producing cutting-edge surveillance and intelligence capabilities. He has advised heads of state, ministries of defense, and allied intelligence services on geoeconomic fragmentation and the convergence of climate risk and security.</p>



<p>Previously, he led aerospace and defense advisory engagements for Lockheed Martin, Boeing, Airbus, BAE Systems, Thales, and Leonardo. He began his career in equity research covering the sector at Credit Suisse First Boston.</p>



<p>Manuel Magalhães has been Portugal&#8217;s World Advisor since April 2026.</p>

<!-- This site is optimized with the Yoast SEO plugin v21.3 - https://yoast.com/wordpress/plugins/seo/ -->
<title>Manuel Magalhães - Conselho da Diáspora Portuguesa</title>
<meta name="robots" content="index, follow, max-snippet:-1, max-image-preview:large, max-video-preview:-1" />
<link rel="canonical" href="https://www.diasporaportuguesa.org/en/profile/manuel-magalhaes/" />
<meta property="og:locale" content="en_US" />
<meta property="og:type" content="article" />
<meta property="og:title" content="Manuel Magalhães - Conselho da Diáspora Portuguesa" />
<meta property="og:description" content="Manuel Magalhães develops financial structures and risk-reduction interventions that institutional markets have not yet built. He is the Founder and Chief Executive Officer of Materra Systemic Labs. Materra’s practice spans sovereign advisory, corporate strategy, and financial structuring across the water–food–energy nexus. He has directed over $4.5 billion in institutional capital toward agribusiness transformation and the..." />
<meta property="og:url" content="https://www.diasporaportuguesa.org/en/profile/manuel-magalhaes/" />
<meta property="og:site_name" content="Conselho da Diáspora Portuguesa" />
<meta property="article:modified_time" content="2026-04-30T17:17:21+00:00" />
<meta property="og:image" content="https://www.diasporaportuguesa.org/wp-content/uploads/2026/04/1630945579302.jpg" />
	<meta property="og:image:width" content="676" />
	<meta property="og:image:height" content="676" />
	<meta property="og:image:type" content="image/jpeg" />
<meta name="twitter:card" content="summary_large_image" />
<meta name="twitter:site" content="@CdDiaspora" />
<meta name="twitter:label1" content="Est. reading time" />
	<meta name="twitter:data1" content="2 minutes" />
<script type="application/ld+json" class="yoast-schema-graph">{"@context":"https://schema.org","@graph":[{"@type":"WebPage","@id":"https://www.diasporaportuguesa.org/en/profile/manuel-magalhaes/","url":"https://www.diasporaportuguesa.org/en/profile/manuel-magalhaes/","name":"Manuel Magalhães - Conselho da Diáspora Portuguesa","isPartOf":{"@id":"https://www.diasporaportuguesa.org/#website"},"datePublished":"2026-04-30T16:36:43+00:00","dateModified":"2026-04-30T17:17:21+00:00","breadcrumb":{"@id":"https://www.diasporaportuguesa.org/en/profile/manuel-magalhaes/#breadcrumb"},"inLanguage":"en-US","potentialAction":[{"@type":"ReadAction","target":["https://www.diasporaportuguesa.org/en/profile/manuel-magalhaes/"]}]},{"@type":"BreadcrumbList","@id":"https://www.diasporaportuguesa.org/en/profile/manuel-magalhaes/#breadcrumb","itemListElement":[{"@type":"ListItem","position":1,"name":"Início","item":"https://www.diasporaportuguesa.org/en/"},{"@type":"ListItem","position":2,"name":"Manuel Magalhães"}]},{"@type":"WebSite","@id":"https://www.diasporaportuguesa.org/#website","url":"https://www.diasporaportuguesa.org/","name":"Conselho da Diáspora Portuguesa","description":"Conselho da Diáspora Portuguesa","publisher":{"@id":"https://www.diasporaportuguesa.org/#organization"},"potentialAction":[{"@type":"SearchAction","target":{"@type":"EntryPoint","urlTemplate":"https://www.diasporaportuguesa.org/?s={search_term_string}"},"query-input":"required name=search_term_string"}],"inLanguage":"en-US"},{"@type":"Organization","@id":"https://www.diasporaportuguesa.org/#organization","name":"Conselho da Diáspora Portuguesa","url":"https://www.diasporaportuguesa.org/","logo":{"@type":"ImageObject","inLanguage":"en-US","@id":"https://www.diasporaportuguesa.org/#/schema/logo/image/","url":"https://www.diasporaportuguesa.org/wp-content/uploads/2022/11/conselho-diaspora-portuguesa.png","contentUrl":"https://www.diasporaportuguesa.org/wp-content/uploads/2022/11/conselho-diaspora-portuguesa.png","width":735,"height":216,"caption":"Conselho da Diáspora Portuguesa"},"image":{"@id":"https://www.diasporaportuguesa.org/#/schema/logo/image/"},"sameAs":["https://twitter.com/CdDiaspora","https://www.linkedin.com/company/conselho-da-diaspora-portuguesa/","https://www.youtube.com/channel/UCEI8qERhtqzV1UgdITBo6rw/videos"]}]}</script>
<!-- / Yoast SEO plugin. -->

Manuel Magalhães - Conselho da Diáspora Portuguesa

Manuel Magalhães develops financial structures and risk-reduction interventions that institutional markets have not yet built. He is the Founder and Chief Executive Officer of Materra Systemic Labs. Materra’s practice spans sovereign advisory, corporate strategy, and financial structuring across the water–food–energy nexus. He has directed over $4.5 billion in institutional capital toward agribusiness transformation and the...

Conselho da Diáspora Portuguesa

Início
