{"id":27242,"date":"2026-04-30T16:56:32","date_gmt":"2026-04-30T16:56:32","guid":{"rendered":"https:\/\/www.diasporaportuguesa.org\/?post_type=perfis&#038;p=27242"},"modified":"2026-04-30T17:17:46","modified_gmt":"2026-04-30T17:17:46","slug":"monica-pinto","status":"publish","type":"perfis","link":"https:\/\/www.diasporaportuguesa.org\/en\/profile\/monica-pinto\/","title":{"rendered":"M\u00f3nica Pinto"},"content":{"rendered":"\n<p>M\u00f3nica Pinto is a professional with over 30 years of experience, including more than a decade in senior leadership roles (Chief Financial Officer, Chief Operating Officer, and Chief of Staff), and has been working outside Portugal since 1998.<\/p>\n\n\n\n<p>She has professional experience across sectors such as Private Equity (in London), Banking (Portugal), Strategy Consulting (London), Consumer Goods (Portugal, Germany, Mexico, and Asia), and most recently the Pharmaceutical Industry (in Abu Dhabi). Throughout her career, she has worked in Finance, Business Development, Operations, Technology, and IT, across organizations of varying scale and maturity, including start-ups, multinational corporations, and smaller firms, in Europe, Asia, Latin America, and the Middle East.<\/p>\n\n\n\n<p>She holds an MBA from INSEAD (France) and a degree in Computer and Informatics Engineering from Instituto Superior T\u00e9cnico (Lisbon).<\/p>\n\n\n\n<p>M\u00f3nica Pinto has been a Portugal&#8217;s World Advisor since April 2026.<\/p>\n","protected":false},"author":20,"featured_media":27240,"template":"","meta":[],"grupo":[],"acf":[],"yoast_head":"<!-- This site is optimized with the Yoast SEO plugin v21.3 - https:\/\/yoast.com\/wordpress\/plugins\/seo\/ -->\n<title>M\u00f3nica Pinto - Conselho da Di\u00e1spora Portuguesa<\/title>\n<meta name=\"robots\" content=\"index, follow, max-snippet:-1, max-image-preview:large, max-video-preview:-1\" \/>\n<link rel=\"canonical\" href=\"https:\/\/www.diasporaportuguesa.org\/en\/profile\/monica-pinto\/\" \/>\n<meta property=\"og:locale\" content=\"en_US\" \/>\n<meta property=\"og:type\" content=\"article\" \/>\n<meta property=\"og:title\" content=\"M\u00f3nica Pinto - Conselho da Di\u00e1spora Portuguesa\" \/>\n<meta property=\"og:description\" content=\"M\u00f3nica Pinto is a professional with over 30 years of experience, including more than a decade in senior leadership roles (Chief Financial Officer, Chief Operating Officer, and Chief of Staff), and has been working outside Portugal since 1998. She has professional experience across sectors such as Private Equity (in London), Banking (Portugal), Strategy Consulting (London),...\" \/>\n<meta property=\"og:url\" content=\"https:\/\/www.diasporaportuguesa.org\/en\/profile\/monica-pinto\/\" \/>\n<meta property=\"og:site_name\" content=\"Conselho da Di\u00e1spora Portuguesa\" \/>\n<meta property=\"article:modified_time\" content=\"2026-04-30T17:17:46+00:00\" \/>\n<meta property=\"og:image\" content=\"https:\/\/www.diasporaportuguesa.org\/wp-content\/uploads\/2026\/04\/1516230012169.jpg\" \/>\n\t<meta property=\"og:image:width\" content=\"367\" \/>\n\t<meta property=\"og:image:height\" content=\"367\" \/>\n\t<meta property=\"og:image:type\" content=\"image\/jpeg\" \/>\n<meta name=\"twitter:card\" content=\"summary_large_image\" \/>\n<meta name=\"twitter:site\" content=\"@CdDiaspora\" \/>\n<meta name=\"twitter:label1\" content=\"Est. reading time\" \/>\n\t<meta name=\"twitter:data1\" content=\"1 minute\" \/>\n<script type=\"application\/ld+json\" class=\"yoast-schema-graph\">{\"@context\":\"https:\/\/schema.org\",\"@graph\":[{\"@type\":\"WebPage\",\"@id\":\"https:\/\/www.diasporaportuguesa.org\/en\/profile\/monica-pinto\/\",\"url\":\"https:\/\/www.diasporaportuguesa.org\/en\/profile\/monica-pinto\/\",\"name\":\"M\u00f3nica Pinto - Conselho da Di\u00e1spora Portuguesa\",\"isPartOf\":{\"@id\":\"https:\/\/www.diasporaportuguesa.org\/#website\"},\"datePublished\":\"2026-04-30T16:56:32+00:00\",\"dateModified\":\"2026-04-30T17:17:46+00:00\",\"breadcrumb\":{\"@id\":\"https:\/\/www.diasporaportuguesa.org\/en\/profile\/monica-pinto\/#breadcrumb\"},\"inLanguage\":\"en-US\",\"potentialAction\":[{\"@type\":\"ReadAction\",\"target\":[\"https:\/\/www.diasporaportuguesa.org\/en\/profile\/monica-pinto\/\"]}]},{\"@type\":\"BreadcrumbList\",\"@id\":\"https:\/\/www.diasporaportuguesa.org\/en\/profile\/monica-pinto\/#breadcrumb\",\"itemListElement\":[{\"@type\":\"ListItem\",\"position\":1,\"name\":\"In\u00edcio\",\"item\":\"https:\/\/www.diasporaportuguesa.org\/en\/\"},{\"@type\":\"ListItem\",\"position\":2,\"name\":\"M\u00f3nica Pinto\"}]},{\"@type\":\"WebSite\",\"@id\":\"https:\/\/www.diasporaportuguesa.org\/#website\",\"url\":\"https:\/\/www.diasporaportuguesa.org\/\",\"name\":\"Conselho da Di\u00e1spora Portuguesa\",\"description\":\"Conselho da Di\u00e1spora Portuguesa\",\"publisher\":{\"@id\":\"https:\/\/www.diasporaportuguesa.org\/#organization\"},\"potentialAction\":[{\"@type\":\"SearchAction\",\"target\":{\"@type\":\"EntryPoint\",\"urlTemplate\":\"https:\/\/www.diasporaportuguesa.org\/?s={search_term_string}\"},\"query-input\":\"required name=search_term_string\"}],\"inLanguage\":\"en-US\"},{\"@type\":\"Organization\",\"@id\":\"https:\/\/www.diasporaportuguesa.org\/#organization\",\"name\":\"Conselho da Di\u00e1spora Portuguesa\",\"url\":\"https:\/\/www.diasporaportuguesa.org\/\",\"logo\":{\"@type\":\"ImageObject\",\"inLanguage\":\"en-US\",\"@id\":\"https:\/\/www.diasporaportuguesa.org\/#\/schema\/logo\/image\/\",\"url\":\"https:\/\/www.diasporaportuguesa.org\/wp-content\/uploads\/2022\/11\/conselho-diaspora-portuguesa.png\",\"contentUrl\":\"https:\/\/www.diasporaportuguesa.org\/wp-content\/uploads\/2022\/11\/conselho-diaspora-portuguesa.png\",\"width\":735,\"height\":216,\"caption\":\"Conselho da Di\u00e1spora Portuguesa\"},\"image\":{\"@id\":\"https:\/\/www.diasporaportuguesa.org\/#\/schema\/logo\/image\/\"},\"sameAs\":[\"https:\/\/twitter.com\/CdDiaspora\",\"https:\/\/www.linkedin.com\/company\/conselho-da-diaspora-portuguesa\/\",\"https:\/\/www.youtube.com\/channel\/UCEI8qERhtqzV1UgdITBo6rw\/videos\"]}]}<\/script>\n<!-- \/ Yoast SEO plugin. -->","yoast_head_json":{"title":"M\u00f3nica Pinto - Conselho da Di\u00e1spora Portuguesa","robots":{"index":"index","follow":"follow","max-snippet":"max-snippet:-1","max-image-preview":"max-image-preview:large","max-video-preview":"max-video-preview:-1"},"canonical":"https:\/\/www.diasporaportuguesa.org\/en\/profile\/monica-pinto\/","og_locale":"en_US","og_type":"article","og_title":"M\u00f3nica Pinto - Conselho da Di\u00e1spora Portuguesa","og_description":"M\u00f3nica Pinto is a professional with over 30 years of experience, including more than a decade in senior leadership roles (Chief Financial Officer, Chief Operating Officer, and Chief of Staff), and has been working outside Portugal since 1998. She has professional experience across sectors such as Private Equity (in London), Banking (Portugal), Strategy Consulting (London),...","og_url":"https:\/\/www.diasporaportuguesa.org\/en\/profile\/monica-pinto\/","og_site_name":"Conselho da Di\u00e1spora Portuguesa","article_modified_time":"2026-04-30T17:17:46+00:00","og_image":[{"width":367,"height":367,"url":"https:\/\/www.diasporaportuguesa.org\/wp-content\/uploads\/2026\/04\/1516230012169.jpg","type":"image\/jpeg"}],"twitter_card":"summary_large_image","twitter_site":"@CdDiaspora","twitter_misc":{"Est. reading time":"1 minute"},"schema":{"@context":"https:\/\/schema.org","@graph":[{"@type":"WebPage","@id":"https:\/\/www.diasporaportuguesa.org\/en\/profile\/monica-pinto\/","url":"https:\/\/www.diasporaportuguesa.org\/en\/profile\/monica-pinto\/","name":"M\u00f3nica Pinto - Conselho da Di\u00e1spora Portuguesa","isPartOf":{"@id":"https:\/\/www.diasporaportuguesa.org\/#website"},"datePublished":"2026-04-30T16:56:32+00:00","dateModified":"2026-04-30T17:17:46+00:00","breadcrumb":{"@id":"https:\/\/www.diasporaportuguesa.org\/en\/profile\/monica-pinto\/#breadcrumb"},"inLanguage":"en-US","potentialAction":[{"@type":"ReadAction","target":["https:\/\/www.diasporaportuguesa.org\/en\/profile\/monica-pinto\/"]}]},{"@type":"BreadcrumbList","@id":"https:\/\/www.diasporaportuguesa.org\/en\/profile\/monica-pinto\/#breadcrumb","itemListElement":[{"@type":"ListItem","position":1,"name":"In\u00edcio","item":"https:\/\/www.diasporaportuguesa.org\/en\/"},{"@type":"ListItem","position":2,"name":"M\u00f3nica Pinto"}]},{"@type":"WebSite","@id":"https:\/\/www.diasporaportuguesa.org\/#website","url":"https:\/\/www.diasporaportuguesa.org\/","name":"Conselho da Di\u00e1spora Portuguesa","description":"Conselho da Di\u00e1spora Portuguesa","publisher":{"@id":"https:\/\/www.diasporaportuguesa.org\/#organization"},"potentialAction":[{"@type":"SearchAction","target":{"@type":"EntryPoint","urlTemplate":"https:\/\/www.diasporaportuguesa.org\/?s={search_term_string}"},"query-input":"required name=search_term_string"}],"inLanguage":"en-US"},{"@type":"Organization","@id":"https:\/\/www.diasporaportuguesa.org\/#organization","name":"Conselho da Di\u00e1spora Portuguesa","url":"https:\/\/www.diasporaportuguesa.org\/","logo":{"@type":"ImageObject","inLanguage":"en-US","@id":"https:\/\/www.diasporaportuguesa.org\/#\/schema\/logo\/image\/","url":"https:\/\/www.diasporaportuguesa.org\/wp-content\/uploads\/2022\/11\/conselho-diaspora-portuguesa.png","contentUrl":"https:\/\/www.diasporaportuguesa.org\/wp-content\/uploads\/2022\/11\/conselho-diaspora-portuguesa.png","width":735,"height":216,"caption":"Conselho da Di\u00e1spora Portuguesa"},"image":{"@id":"https:\/\/www.diasporaportuguesa.org\/#\/schema\/logo\/image\/"},"sameAs":["https:\/\/twitter.com\/CdDiaspora","https:\/\/www.linkedin.com\/company\/conselho-da-diaspora-portuguesa\/","https:\/\/www.youtube.com\/channel\/UCEI8qERhtqzV1UgdITBo6rw\/videos"]}]}},"_links":{"self":[{"href":"https:\/\/www.diasporaportuguesa.org\/en\/wp-json\/wp\/v2\/perfis\/27242"}],"collection":[{"href":"https:\/\/www.diasporaportuguesa.org\/en\/wp-json\/wp\/v2\/perfis"}],"about":[{"href":"https:\/\/www.diasporaportuguesa.org\/en\/wp-json\/wp\/v2\/types\/perfis"}],"author":[{"embeddable":true,"href":"https:\/\/www.diasporaportuguesa.org\/en\/wp-json\/wp\/v2\/users\/20"}],"wp:featuredmedia":[{"embeddable":true,"href":"https:\/\/www.diasporaportuguesa.org\/en\/wp-json\/wp\/v2\/media\/27240"}],"wp:attachment":[{"href":"https:\/\/www.diasporaportuguesa.org\/en\/wp-json\/wp\/v2\/media?parent=27242"}],"wp:term":[{"taxonomy":"grupo","embeddable":true,"href":"https:\/\/www.diasporaportuguesa.org\/en\/wp-json\/wp\/v2\/grupo?post=27242"}],"curies":[{"name":"wp","href":"https:\/\/api.w.org\/{rel}","templated":true}]}}

Mónica Pinto

<p>Mónica Pinto is a professional with over 30 years of experience, including more than a decade in senior leadership roles (Chief Financial Officer, Chief Operating Officer, and Chief of Staff), and has been working outside Portugal since 1998.</p>



<p>She has professional experience across sectors such as Private Equity (in London), Banking (Portugal), Strategy Consulting (London), Consumer Goods (Portugal, Germany, Mexico, and Asia), and most recently the Pharmaceutical Industry (in Abu Dhabi). Throughout her career, she has worked in Finance, Business Development, Operations, Technology, and IT, across organizations of varying scale and maturity, including start-ups, multinational corporations, and smaller firms, in Europe, Asia, Latin America, and the Middle East.</p>



<p>She holds an MBA from INSEAD (France) and a degree in Computer and Informatics Engineering from Instituto Superior Técnico (Lisbon).</p>



<p>Mónica Pinto has been a Portugal&#8217;s World Advisor since April 2026.</p>

<!-- This site is optimized with the Yoast SEO plugin v21.3 - https://yoast.com/wordpress/plugins/seo/ -->
<title>Mónica Pinto - Conselho da Diáspora Portuguesa</title>
<meta name="robots" content="index, follow, max-snippet:-1, max-image-preview:large, max-video-preview:-1" />
<link rel="canonical" href="https://www.diasporaportuguesa.org/en/profile/monica-pinto/" />
<meta property="og:locale" content="en_US" />
<meta property="og:type" content="article" />
<meta property="og:title" content="Mónica Pinto - Conselho da Diáspora Portuguesa" />
<meta property="og:description" content="Mónica Pinto is a professional with over 30 years of experience, including more than a decade in senior leadership roles (Chief Financial Officer, Chief Operating Officer, and Chief of Staff), and has been working outside Portugal since 1998. She has professional experience across sectors such as Private Equity (in London), Banking (Portugal), Strategy Consulting (London),..." />
<meta property="og:url" content="https://www.diasporaportuguesa.org/en/profile/monica-pinto/" />
<meta property="og:site_name" content="Conselho da Diáspora Portuguesa" />
<meta property="article:modified_time" content="2026-04-30T17:17:46+00:00" />
<meta property="og:image" content="https://www.diasporaportuguesa.org/wp-content/uploads/2026/04/1516230012169.jpg" />
	<meta property="og:image:width" content="367" />
	<meta property="og:image:height" content="367" />
	<meta property="og:image:type" content="image/jpeg" />
<meta name="twitter:card" content="summary_large_image" />
<meta name="twitter:site" content="@CdDiaspora" />
<meta name="twitter:label1" content="Est. reading time" />
	<meta name="twitter:data1" content="1 minute" />
<script type="application/ld+json" class="yoast-schema-graph">{"@context":"https://schema.org","@graph":[{"@type":"WebPage","@id":"https://www.diasporaportuguesa.org/en/profile/monica-pinto/","url":"https://www.diasporaportuguesa.org/en/profile/monica-pinto/","name":"Mónica Pinto - Conselho da Diáspora Portuguesa","isPartOf":{"@id":"https://www.diasporaportuguesa.org/#website"},"datePublished":"2026-04-30T16:56:32+00:00","dateModified":"2026-04-30T17:17:46+00:00","breadcrumb":{"@id":"https://www.diasporaportuguesa.org/en/profile/monica-pinto/#breadcrumb"},"inLanguage":"en-US","potentialAction":[{"@type":"ReadAction","target":["https://www.diasporaportuguesa.org/en/profile/monica-pinto/"]}]},{"@type":"BreadcrumbList","@id":"https://www.diasporaportuguesa.org/en/profile/monica-pinto/#breadcrumb","itemListElement":[{"@type":"ListItem","position":1,"name":"Início","item":"https://www.diasporaportuguesa.org/en/"},{"@type":"ListItem","position":2,"name":"Mónica Pinto"}]},{"@type":"WebSite","@id":"https://www.diasporaportuguesa.org/#website","url":"https://www.diasporaportuguesa.org/","name":"Conselho da Diáspora Portuguesa","description":"Conselho da Diáspora Portuguesa","publisher":{"@id":"https://www.diasporaportuguesa.org/#organization"},"potentialAction":[{"@type":"SearchAction","target":{"@type":"EntryPoint","urlTemplate":"https://www.diasporaportuguesa.org/?s={search_term_string}"},"query-input":"required name=search_term_string"}],"inLanguage":"en-US"},{"@type":"Organization","@id":"https://www.diasporaportuguesa.org/#organization","name":"Conselho da Diáspora Portuguesa","url":"https://www.diasporaportuguesa.org/","logo":{"@type":"ImageObject","inLanguage":"en-US","@id":"https://www.diasporaportuguesa.org/#/schema/logo/image/","url":"https://www.diasporaportuguesa.org/wp-content/uploads/2022/11/conselho-diaspora-portuguesa.png","contentUrl":"https://www.diasporaportuguesa.org/wp-content/uploads/2022/11/conselho-diaspora-portuguesa.png","width":735,"height":216,"caption":"Conselho da Diáspora Portuguesa"},"image":{"@id":"https://www.diasporaportuguesa.org/#/schema/logo/image/"},"sameAs":["https://twitter.com/CdDiaspora","https://www.linkedin.com/company/conselho-da-diaspora-portuguesa/","https://www.youtube.com/channel/UCEI8qERhtqzV1UgdITBo6rw/videos"]}]}</script>
<!-- / Yoast SEO plugin. -->

Mónica Pinto - Conselho da Diáspora Portuguesa

Mónica Pinto is a professional with over 30 years of experience, including more than a decade in senior leadership roles (Chief Financial Officer, Chief Operating Officer, and Chief of Staff), and has been working outside Portugal since 1998. She has professional experience across sectors such as Private Equity (in London), Banking (Portugal), Strategy Consulting (London),...

Conselho da Diáspora Portuguesa

Início
